000
CXUS55 KCAE 281400
CF6DNL
PRELIMINARY LOCAL CLIMATOLOGICAL DATA (WS FORM: F-6)

                                          STATION:   AUGUSTA DANIEL FIELD GA
                                          MONTH:     MAY
                                          YEAR:      2016
                                          LATITUDE:   33 28 N
                                          LONGITUDE:  82  2 W

  TEMPERATURE IN F:       :PCPN:    SNOW:  WIND      :SUNSHINE: SKY     :PK WND
================================================================================
1   2   3   4   5  6A  6B    7    8   9   10  11  12  13   14  15   16   17  18
                                     12Z  AVG MX 2MIN
DY MAX MIN AVG DEP HDD CDD  WTR  SNW DPTH SPD SPD DIR MIN PSBL S-S WX    SPD DR
================================================================================

 1  90  71  81  13   0  16    T    M    M  7.4 15 200   M    M   7        19 170
 2  89  67  78   9   0  13 0.92    M    M  6.4 18 170   M    M   4 18     23 190
 3  82  68  75   6   0  10 0.83    M    M  4.1 15 190   M    M   5 1      19 180
 4  76  62  69   0   0   4 0.00    M    M  7.6 17 300   M    M   2        26 310
 5  69  53  61  -9   4   0    T    M    M 10.6 24 320   M    M   2        36 280
 6  74  49  62  -8   3   0    T    M    0  6.8 14 300   M    M   2 8      20 330
 7  82  56  69  -1   0   4 0.00    M    M  7.5 15 290   M    M   0        22 300
 8  90  67  79   8   0  14 0.00    M    M  6.1 14 310   M    M   0        20 310
 9  90  65  78   7   0  13 0.00    M    M  4.3 17 190   M    M   0        24 210
10  81  67  74   3   0   9 0.00    M    M  5.5 10 180   M    M   0        14 180
11  90  67  79   7   0  14 0.00    M    M  3.9  9 250   M    M   1        14 300
12  91  70  81   9   0  16 0.00    M    M  4.2 15 200   M    M   1        18 210
13  88  69  79   7   0  14 0.02    M    M  6.1 15 300   M    M   2        22 310
14  87  62  75   3   0  10 0.00    M    M  8.1 18 310   M    M   0        25 300
15  80  58  69  -4   0   4 0.00    M    M  6.1 16 310   M    M   0        23 300
16  82  59  71  -2   0   6 0.00    M    M  8.3 17  60   M    M   0 8      23  60
17  73  67  70  -3   0   5 0.67    M    M  6.7 17  20   M    M   9 1      23  30
18  83  67  75   1   0  10 0.00    M    M  5.3 12  20   M    M   8        14  30
19  79  66  73  -1   0   8 0.15    M    M  6.0 14  30   M    M   9 1      17  50
20  69  64  67  -7   0   2 0.39    M    M  7.0 15  70   M    M   9 1      19  60
21  82  64  73  -1   0   8 0.05    M    M  5.5 12 290   M    M   6 1      20 310
22  80  62  71  -4   0   6 0.00    M    M  6.8 16 310   M    M   1        24 320
23  83  57  70  -5   0   5 0.00    M    M  5.7 12 360   M    M   1        19  10
24  87  63  75   0   0  10 0.00    M    M  3.9  9 290   M    M   1        14 320
25  89  68  79   3   0  14 0.00    M    M  3.3 10 200   M    M   1        14 160
26  91  67  79   3   0  14 0.00    M    M  7.1 14 150   M    M   3        19 160
27  88  67  78   2   0  13 0.00    M    M  5.5 14 110   M    M   2        17 140
================================================================================
SM 2245 1722         7 242  3.03    M    165.8          M       76
================================================================================
AV 83.1 63.8                               6.1 FASTST   M    M   3    MAX(MPH)
                                 MISC ---->  # 24 320               # 36  280
================================================================================
NOTES:
# LAST OF SEVERAL OCCURRENCES

COLUMN 17 PEAK WIND IN M.P.H.

PRELIMINARY LOCAL CLIMATOLOGICAL DATA (WS FORM: F-6) , PAGE 2

                                          STATION:  AUGUSTA DANIEL FIELD GA
                                          MONTH:    MAY
                                          YEAR:     2016
                                          LATITUDE:   33 28 N
                                          LONGITUDE:  82  2 W

[TEMPERATURE DATA]      [PRECIPITATION DATA]       SYMBOLS USED IN COLUMN 16

AVERAGE MONTHLY: 73.5   TOTAL FOR MONTH:   3.03    1 = FOG OR MIST
DPTR FM NORMAL:   1.1   DPTR FM NORMAL:    0.42    2 = FOG REDUCING VISIBILITY
HIGHEST:    91 ON 26,12 GRTST 24HR  1.57 ON  2- 3      TO 1/4 MILE OR LESS
LOWEST:     49 ON  6                               3 = THUNDER
                        SNOW, ICE PELLETS, HAIL    4 = ICE PELLETS
                        TOTAL MONTH:    M          5 = HAIL
                        GRTST 24HR    M  ON   M    6 = FREEZING RAIN OR DRIZZLE
                        GRTST DEPTH:   0           7 = DUSTSTORM OR SANDSTORM:
                                                       VSBY 1/2 MILE OR LESS
                                                   8 = SMOKE OR HAZE
[NO. OF DAYS WITH]      [WEATHER - DAYS WITH]      9 = BLOWING SNOW
                                                   X = TORNADO
MAX 32 OR BELOW:   0    0.01 INCH OR MORE:   7
MAX 90 OR ABOVE:   6    0.10 INCH OR MORE:   5
MIN 32 OR BELOW:   0    0.50 INCH OR MORE:   3
MIN  0 OR BELOW:   0    1.00 INCH OR MORE:   0

[HDD (BASE 65) ]
TOTAL THIS MO.     7    CLEAR  (SCALE 0-3)  19
DPTR FM NORMAL    -1    PTCLDY (SCALE 4-7)   5
TOTAL FM JUL 1  1463    CLOUDY (SCALE 8-10)  3
DPTR FM NORMAL  -704

[CDD (BASE 65) ]
TOTAL THIS MO.   242
DPTR FM NORMAL    32    [PRESSURE DATA]
TOTAL FM JAN 1   475    HIGHEST SLP M ON M
DPTR FM NORMAL   164    LOWEST  SLP 29.62 ON  4

[REMARKS]
