000
CXUS55 KGJT 261000
CF6DRO
PRELIMINARY LOCAL CLIMATOLOGICAL DATA (WS FORM: F-6)

                                          STATION:   DURANGO AIRPORT CO
                                          MONTH:     FEBRUARY
                                          YEAR:      2017
                                          LATITUDE:   37  9 N
                                          LONGITUDE: 107 45 W

  TEMPERATURE IN F:       :PCPN:    SNOW:  WIND      :SUNSHINE: SKY     :PK WND
================================================================================
1   2   3   4   5  6A  6B    7    8   9   10  11  12  13   14  15   16   17  18
                                     12Z  AVG MX 2MIN
DY MAX MIN AVG DEP HDD CDD  WTR  SNW DPTH SPD SPD DIR MIN PSBL S-S WX    SPD DR
================================================================================

 1  42   5  24  -1  41   0 0.00    M    M  5.5 13  10   M    M   0        15 350
 2  43  11  27   2  38   0 0.00    M    M  3.9  8  20   M    M   1         9  90
 3  44  10  27   1  38   0 0.00    M    M  4.1 12 360   M    M   1        13 360
 4  46  17  32   6  33   0 0.00    M    M  4.1  9  10   M    M   1        10  10
 5  48  15  32   6  33   0 0.00    M    M  3.6 12 250   M    M   0        14 250
 6  40  23  32   6  33   0 0.02    M    M  4.1 15 300   M    M   8 1      20 240
 7  40  31  36  10  29   0 0.03    M    M  4.7 14 230   M    M  10 1      17 220
 8  53  31  42  15  23   0 0.00    M    M 10.4 20 250   M    M   2        26 250
 9  57  28  43  16  22   0 0.00    M    M  3.3 12  10   M    M   0        13  10
10  61  30  46  19  19   0 0.00    M    M  3.8 13 250   M    M   1        16 220
11  56  36  46  19  19   0    T    M    M  4.7 22 320   M    M   3        26 310
12  48  34  41  13  24   0 0.10    M    M  4.2 14 170   M    M   7 1      17 170
13  36  30  33   5  32   0 0.24    M    M  2.3  9 250   M    M   9 12     12 150
14  45  28  37   9  28   0 0.00    M    M  3.0 13 240   M    M   8 12     18 260
15  50  26  38  10  27   0 0.00    M    M  3.7 12 230   M    M   0        16 220
16  52  23  38   9  27   0 0.00    M    M  2.6 12 230   M    M   0        13 230
17  52  26  39  10  26   0 0.01    M    M  5.1 21 220   M    M   5        24 220
18  53  28  41  12  24   0    T    M    M  5.1 14  80   M    M   3 1      19  80
19  43  32  38   8  27   0 0.26    M    M  6.9 21 300   M    M   9 18     26 300
20  51  26  39   9  26   0 0.00    M    M  5.7 15 260   M    M   2        19 230
21  56  31  44  14  21   0    T    M    M  5.0 23 260   M    M   4        28 260
22  54  33  44  13  21   0 0.00    M    M  7.7 23 260   M    M   2        29 260
23  38  20  29  -2  36   0 0.01    M    M 14.5 29 250   M    M   4 1      38 260
24  33  18  26  -5  39   0    T    M    M  9.8 26 310   M    M   5 8      33 310
25  36  11  24  -8  41   0 0.00    M    M  7.0 22 250   M    M   3        29 250
================================================================================
SM 1177  603       727   0  0.67    M    134.8          M       88
================================================================================
AV 47.1 24.1                               5.4 FASTST   M    M   4    MAX(MPH)
                                 MISC ---->  # 29 250               # 38  260
================================================================================
NOTES:
# LAST OF SEVERAL OCCURRENCES

COLUMN 17 PEAK WIND IN M.P.H.

PRELIMINARY LOCAL CLIMATOLOGICAL DATA (WS FORM: F-6) , PAGE 2

                                          STATION:  DURANGO AIRPORT CO
                                          MONTH:    FEBRUARY
                                          YEAR:     2017
                                          LATITUDE:   37  9 N
                                          LONGITUDE: 107 45 W

[TEMPERATURE DATA]      [PRECIPITATION DATA]       SYMBOLS USED IN COLUMN 16

AVERAGE MONTHLY: 35.6   TOTAL FOR MONTH:   0.67    1 = FOG OR MIST
DPTR FM NORMAL:   7.5   DPTR FM NORMAL:   -0.38    2 = FOG REDUCING VISIBILITY
HIGHEST:    61 ON 10    GRTST 24HR  0.34 ON 12-13      TO 1/4 MILE OR LESS
LOWEST:      5 ON  1                               3 = THUNDER
                        SNOW, ICE PELLETS, HAIL    4 = ICE PELLETS
                        TOTAL MONTH:    M          5 = HAIL
                        GRTST 24HR    M  ON   M    6 = FREEZING RAIN OR DRIZZLE
                        GRTST DEPTH:  M  ON   M    7 = DUSTSTORM OR SANDSTORM:
                                                       VSBY 1/2 MILE OR LESS
                                                   8 = SMOKE OR HAZE
[NO. OF DAYS WITH]      [WEATHER - DAYS WITH]      9 = BLOWING SNOW
                                                   X = TORNADO
MAX 32 OR BELOW:   0    0.01 INCH OR MORE:   7
MAX 90 OR ABOVE:   0    0.10 INCH OR MORE:   3
MIN 32 OR BELOW:  22    0.50 INCH OR MORE:   0
MIN  0 OR BELOW:   0    1.00 INCH OR MORE:   0

[HDD (BASE 65) ]
TOTAL THIS MO.   727    CLEAR  (SCALE 0-3)  14
DPTR FM NORMAL  -196    PTCLDY (SCALE 4-7)   8
TOTAL FM JUL 1  4515    CLOUDY (SCALE 8-10)  3
DPTR FM NORMAL  -562

[CDD (BASE 65) ]
TOTAL THIS MO.     0
DPTR FM NORMAL     0    [PRESSURE DATA]
TOTAL FM JAN 1     0    HIGHEST SLP M ON M
DPTR FM NORMAL     0    LOWEST  SLP 29.27 ON 23

[REMARKS]
