000
CXUS55 KGJT 011000
CF6DRO
PRELIMINARY LOCAL CLIMATOLOGICAL DATA (WS FORM: F-6)

                                          STATION:   DURANGO AIRPORT CO
                                          MONTH:     AUGUST
                                          YEAR:      2014
                                          LATITUDE:   37  9 N
                                          LONGITUDE: 107 45 W

  TEMPERATURE IN F:       :PCPN:    SNOW:  WIND      :SUNSHINE: SKY     :PK WND
================================================================================
1   2   3   4   5  6A  6B    7    8   9   10  11  12  13   14  15   16   17  18
                                     12Z  AVG MX 2MIN
DY MAX MIN AVG DEP HDD CDD  WTR  SNW DPTH SPD SPD DIR MIN PSBL S-S WX    SPD DR
================================================================================

 1  78  56  67  -2   0   2 0.18    M    M  5.3 31 310   M    M   4 3      39 320
 2  81  50  66  -3   0   1 0.71    M    M  5.1 23  30   M    M   5 3      29 310
 3  81  57  69   0   0   4 0.02    M    M  5.1 21 220   M    M   6        28 220
 4  80  57  69   0   0   4 0.01    M    M  4.8 20  90   M    M   4 3      25  90
 5  82  56  69   0   0   4 0.01    M    M  5.2 17 260   M    M   3 3      21 220
 6  86  48  67  -2   0   2 0.00    M    M  5.2 17 260   M    M   0        23 260
 7  86  53  70   1   0   5 0.00    M    M  7.8 22 250   M    M   1        27 260
 8  85  50  68  -1   0   3 0.00    M    M  6.3 18 290   M    M   0        26 280
 9  87  47  67  -2   0   2 0.00    M    M  5.8 21 290   M    M   0        26 290
10  86  50  68   0   0   3    T    M    M  5.6 31 330   M    M   1 3      40 330
11  86  51  69   1   0   4 0.00    M    M  6.7 23  20   M    M   2 3      29 360
12  82  57  70   2   0   5    T    M    M  4.9 24  60   M    M   3 3      31  60
13  79  58  69   1   0   4 0.21    M    M  5.5 23 250   M    M   8 13     27 250
14  79  57  68   0   0   3 0.06    M    M  8.8 22 280   M    M   5 1      27 270
15  84  52  68   0   0   3 0.29    M    M  4.1 25 330   M    M   0 3      36 320
16  86  47  67   0   0   2 0.00    M    M  5.0 22 260   M    M   0 3      26 260
17  89  51  70   3   0   5 0.00    M    M  4.5 17 120   M    M   1        26 130
18  88  50  69   2   0   4    T    M    M  6.9 33 220   M    M   1 3      47 230
19  81  58  70   3   0   5 0.01    M    M  6.3 21 210   M    M   5 3      28 210
20  80  56  68   1   0   3    T    M    M  7.6 22 250   M    M   3        31 270
21  82  46  64  -2   1   0 0.00    M    M  6.5 20 320   M    M   2        24 300
22  69  52  61  -5   4   0 0.24    M    M  8.4 28 260   M    M   8 13     35 260
23  75  48  62  -4   3   0 0.00    M    M  4.4 16 280   M    M   5        22 280
24  80  46  63  -3   2   0 0.00    M    M  4.9 16 200   M    M   1        23 250
25  80  48  64  -2   1   0 0.00    M    M  3.8 16 260   M    M   2        24 250
26  75  51  63  -2   2   0 0.19    M    M  6.7 30 200   M    M   7 18     41 200
27  72  48  60  -5   5   0 0.00    M    M  6.6 29 250   M    M   5 12     38 340
28  77  42  60  -5   5   0 0.00    M    M  6.3 22 330   M    M   0        26 320
29  80  41  61  -3   4   0 0.00    M    M  4.8 15 260   M    M   0        19 250
30  84  45  65   1   0   0 0.00    M    M  4.9 18 260   M    M   0        24 260
31  85  45  65   1   0   0 0.00    M    M  9.3 30 270   M    M   1        38 270
================================================================================
SM 2525 1573        27  68  1.93    M    183.1          M       83
================================================================================
AV 81.5 50.7                               5.9 FASTST   M    M   3    MAX(MPH)
                                 MISC ---->  # 33 220               # 47  230
================================================================================
NOTES:
# LAST OF SEVERAL OCCURRENCES

COLUMN 17 PEAK WIND IN M.P.H.

PRELIMINARY LOCAL CLIMATOLOGICAL DATA (WS FORM: F-6) , PAGE 2

                                          STATION:  DURANGO AIRPORT CO
                                          MONTH:    AUGUST
                                          YEAR:     2014
                                          LATITUDE:   37  9 N
                                          LONGITUDE: 107 45 W

[TEMPERATURE DATA]      [PRECIPITATION DATA]       SYMBOLS USED IN COLUMN 16

AVERAGE MONTHLY: 66.1   TOTAL FOR MONTH:   1.93    1 = FOG OR MIST
DPTR FM NORMAL:  -1.1   DPTR FM NORMAL:   -0.25    2 = FOG REDUCING VISIBILITY
HIGHEST:    89 ON 17    GRTST 24HR  0.71 ON  2- 2      TO 1/4 MILE OR LESS
LOWEST:     41 ON 29                               3 = THUNDER
                        SNOW, ICE PELLETS, HAIL    4 = ICE PELLETS
                        TOTAL MONTH:    M          5 = HAIL
                        GRTST 24HR    M  ON   M    6 = FREEZING RAIN OR DRIZZLE
                        GRTST DEPTH:  M  ON   M    7 = DUSTSTORM OR SANDSTORM:
                                                       VSBY 1/2 MILE OR LESS
                                                   8 = SMOKE OR HAZE
[NO. OF DAYS WITH]      [WEATHER - DAYS WITH]      9 = BLOWING SNOW
                                                   X = TORNADO
MAX 32 OR BELOW:   0    0.01 INCH OR MORE:  11
MAX 90 OR ABOVE:   0    0.10 INCH OR MORE:   6
MIN 32 OR BELOW:   0    0.50 INCH OR MORE:   1
MIN  0 OR BELOW:   0    1.00 INCH OR MORE:   0

[HDD (BASE 65) ]
TOTAL THIS MO.    27    CLEAR  (SCALE 0-3)  18
DPTR FM NORMAL     8    PTCLDY (SCALE 4-7)  13
TOTAL FM JUL 1    27    CLOUDY (SCALE 8-10)  0
DPTR FM NORMAL    -2

[CDD (BASE 65) ]
TOTAL THIS MO.    68
DPTR FM NORMAL   -18    [PRESSURE DATA]
TOTAL FM JAN 1   292    HIGHEST SLP 30.25 ON 12
DPTR FM NORMAL    55    LOWEST  SLP 29.76 ON 19

[REMARKS]
#FINAL-08-14#
