000
CXUS53 KDMX 300920
CF6DSM
PRELIMINARY LOCAL CLIMATOLOGICAL DATA (WS FORM: F-6)

                                          STATION:   DES MOINES IA
                                          MONTH:     MAY
                                          YEAR:      2015
                                          LATITUDE:   41 31 N
                                          LONGITUDE:  93 39 W

  TEMPERATURE IN F:       :PCPN:    SNOW:  WIND      :SUNSHINE: SKY     :PK WND
================================================================================
1   2   3   4   5  6A  6B    7    8   9   10  11  12  13   14  15   16   17  18
                                     12Z  AVG MX 2MIN
DY MAX MIN AVG DEP HDD CDD  WTR  SNW DPTH SPD SPD DIR MIN PSBL S-S WX    SPD DR
================================================================================

 1  71  47  59   1   6   0 0.03  0.0    0  7.2 14 170   M    M   7        18 220
 2  68  56  62   4   3   0    T  0.0    0 12.7 24 200   M    M   7        32 200
 3  85  60  73  15   0   8 0.02  0.0    0 11.0 21 180   M    M   9        25 180
 4  71  61  66   8   0   1 0.08  0.0    0 10.2 17  60   M    M  10 1      21  50
 5  80  62  71  12   0   6 0.05  0.0    0  7.5 20 170   M    M   9 128    24 170
 6  79  65  72  13   0   7    T  0.0    0 15.4 29 170   M    M   8 18     35 170
 7  80  67  74  14   0   9    T  0.0    0 13.9 24 210   M    M   9 3      30 190
 8  70  56  63   3   2   0 0.00  0.0    0  7.6 16 330   M    M   8        21  30
 9  75  53  64   4   1   0 0.00  0.0    0  7.2 14 140   M    M   8        19 120
10  73  59  66   6   0   1 0.49  0.0    0 12.0 22  80   M    M  10 138    27 160
11  59  47  53  -8  12   0 0.00  0.0    0 17.7 29 260   M    M   9        37 260
12  69  43  56  -5   9   0 0.00  0.0    0 12.9 28 290   M    M   4        35 290
13  73  49  61   0   4   0    T  0.0    0 13.8 24 140   M    M   7        31 140
14  62  54  58  -4   7   0 0.52  0.0    0 12.5 23 170   M    M  10 12     32 160
15  76  57  67   5   0   2 0.10  0.0    0  7.0 15 140   M    M  10 12     18 150
16  82  62  72  10   0   7 0.14  0.0    0 12.9 24 170   M    M   8 13     30 160
17  78  63  71   8   0   6 0.37  0.0    0 16.9 36 240   M    M   5 13     46 240
18  63  43  53 -10  12   0 0.00  0.0    0 18.0 30 310   M    M   4        38 300
19  59  39  49 -14  16   0 0.00  0.0    0  9.2 22 340   M    M  10        31 340
20  53  44  49 -15  16   0 0.14    M    0  6.8 14  60   M    M  10 18     18  70
21  77  41  59  -5   6   0 0.00  0.0    0 10.0 24 310   M    M   2 1      28 310
22  78  50  64   0   1   0    T  0.0    0  5.3 16 240   M    M   7        21 230
23  76  57  67   3   0   2 0.01  0.0    0  8.8 21 150   M    M   9 8      26 180
24  72  60  66   1   0   1 0.71  0.0    0  9.9 20 140   M    M  10 1      26 110
25  81  63  72   7   0   7 0.21  0.0    0 13.0 24 230   M    M   8 13     32 230
26  71  62  67   2   0   2 1.25  0.0    0  7.4 22 210   M    M   9 13     27 200
27  82  57  70   4   0   5 0.00  0.0    0  6.2 13 220   M    M   4        17 220
28  78  62  70   4   0   5    T  0.0    0 10.6 22 150   M    M   8        30 150
29  76  61  69   3   0   4 0.19  0.0    0 10.6 22 230   M    M   8 1      27 220
================================================================================
SM 2117 1600        95  73  4.31     0.0 314.2          M      227
================================================================================
AV 73.0 55.2                              10.8 FASTST   M    M   8    MAX(MPH)
                                 MISC ---->  # 36 240               # 46  240
================================================================================
NOTES:
# LAST OF SEVERAL OCCURRENCES

COLUMN 17 PEAK WIND IN M.P.H.

PRELIMINARY LOCAL CLIMATOLOGICAL DATA (WS FORM: F-6) , PAGE 2

                                          STATION:  DES MOINES IA
                                          MONTH:    MAY
                                          YEAR:     2015
                                          LATITUDE:   41 31 N
                                          LONGITUDE:  93 39 W

[TEMPERATURE DATA]      [PRECIPITATION DATA]       SYMBOLS USED IN COLUMN 16

AVERAGE MONTHLY: 64.1   TOTAL FOR MONTH:   4.31    1 = FOG OR MIST
DPTR FM NORMAL:   2.1   DPTR FM NORMAL:   -0.12    2 = FOG REDUCING VISIBILITY
HIGHEST:    85 ON  3    GRTST 24HR  1.35 ON 25-26      TO 1/4 MILE OR LESS
LOWEST:     39 ON 19                               3 = THUNDER
                        SNOW, ICE PELLETS, HAIL    4 = ICE PELLETS
                        TOTAL MONTH:   0.0 INCH    5 = HAIL
                        GRTST 24HR     0.0         6 = FREEZING RAIN OR DRIZZLE
                        GRTST DEPTH:   0           7 = DUSTSTORM OR SANDSTORM:
                                                       VSBY 1/2 MILE OR LESS
                                                   8 = SMOKE OR HAZE
[NO. OF DAYS WITH]      [WEATHER - DAYS WITH]      9 = BLOWING SNOW
                                                   X = TORNADO
MAX 32 OR BELOW:   0    0.01 INCH OR MORE:  15
MAX 90 OR ABOVE:   0    0.10 INCH OR MORE:  10
MIN 32 OR BELOW:   0    0.50 INCH OR MORE:   3
MIN  0 OR BELOW:   0    1.00 INCH OR MORE:   1

[HDD (BASE 65) ]
TOTAL THIS MO.    95    CLEAR  (SCALE 0-3)   1
DPTR FM NORMAL   -47    PTCLDY (SCALE 4-7)  13
TOTAL FM JUL 1  5903    CLOUDY (SCALE 8-10) 15
DPTR FM NORMAL  -278

[CDD (BASE 65) ]
TOTAL THIS MO.    73
DPTR FM NORMAL    18    [PRESSURE DATA]
TOTAL FM JAN 1    80    HIGHEST SLP M ON M
DPTR FM NORMAL    11    LOWEST  SLP 29.62 ON 17

[REMARKS]
