000
CXUS54 KFWD 280730
CF6DTO
PRELIMINARY LOCAL CLIMATOLOGICAL DATA (WS FORM: F-6)

                                          STATION:   DENTON
                                          MONTH:     JULY
                                          YEAR:      2016
                                          LATITUDE:   33 12 N
                                          LONGITUDE:  97 12 W

  TEMPERATURE IN F:       :PCPN:    SNOW:  WIND      :SUNSHINE: SKY     :PK WND
================================================================================
1   2   3   4   5  6A  6B    7    8   9   10  11  12  13   14  15   16   17  18
                                     12Z  AVG MX 2MIN
DY MAX MIN AVG DEP HDD CDD  WTR  SNW DPTH SPD SPD DIR MIN PSBL S-S WX    SPD DR
================================================================================

 1  96  69  83   0   0  18 0.00  0.0    0  5.4 14 160   M    M   0        17 160
 2  96  73  85   2   0  20 0.00  0.0    0 11.6 21 150   M    M   0        26 170
 3  97  73  85   2   0  20 0.03  0.0    0 15.5 31 250   M    M   1 3      38 250
 4  91  71  81  -2   0  16 0.62  0.0    0 12.7 35 210   M    M   3 13     44 210
 5  94  73  84   1   0  19 0.04  0.0    0 12.0 35 200   M    M   1 3      41 200
 6  96  77  87   4   0  22 0.00  0.0    0 16.1 25 190   M    M   0        31 200
 7  96  77  87   4   0  22 0.00  0.0    0 16.5 26 180   M    M   0        34 180
 8  96  77  87   4   0  22 0.00  0.0    0 12.2 21 180   M    M   1        28 190
 9  93  69  81  -3   0  16 0.44  0.0    0 10.4 48  40   M    M   2 13     57  40
10  93  70  82  -2   0  17 0.00  0.0    0  9.2 18 150   M    M   1        22 130
11  96  77  87   3   0  22 0.00  0.0    0 16.4 28 170   M    M   2 8      34 160
12  96  76  86   2   0  21 0.00  0.0    0 18.5 28 160   M    M   0 8      35 160
13  99  76  88   4   0  23 0.00  0.0    0 16.7 25 180   M    M   0        36 180
14  97  75  86   2   0  21 0.00  0.0    0 12.3 22 160   M    M   0        28 170
15  91  68  80  -4   0  15 1.69  0.0    0 10.2 40 280   M    M   4 13     50 270
16  96  72  84   0   0  19 0.00  0.0    0  7.3 22 320   M    M   1        28 320
17  95  75  85   1   0  20 0.00  0.0    0 10.9 20 150   M    M   0        26 160
18  95  75  85   1   0  20 0.00  0.0    0  7.9 16 160   M    M   0        20 170
19  95  76  86   2   0  21 0.00  0.0    0  6.9 16 170   M    M   0        19 170
20  96  77  87   3   0  22 0.00  0.0    0  7.7 17 150   M    M   0        23 160
21  97  75  86   1   0  21 0.00  0.0    0  7.1 16 170   M    M   0        21 160
22  98  72  85   0   0  20 0.00  0.0    0  6.1 14 170   M    M   0        18 200
23  99  75  87   2   0  22 0.00  0.0    0  7.2 17 160   M    M   0        23 160
24  98  76  87   2   0  22 0.00  0.0    0  6.5 13 180   M    M   0        17 170
25  98  77  88   3   0  23 0.00  0.0    0  5.8 25 110   M    M   0 3      33 110
26  96  73  85   0   0  20 0.00  0.0    0  4.8 18  40   M    M   0 3      23  50
27  94  73  84  -1   0  19 1.52  0.0    0  3.3 38  10   M    M   4 123    49  10
================================================================================
SM 2584 1997         0 543  4.34     0.0 277.2          M       20
================================================================================
AV 95.7 74.0                              10.3 FASTST   M    M   1    MAX(MPH)
                                 MISC ---->  # 48  40               # 57   40
================================================================================
NOTES:
# LAST OF SEVERAL OCCURRENCES

COLUMN 17 PEAK WIND IN M.P.H.

PRELIMINARY LOCAL CLIMATOLOGICAL DATA (WS FORM: F-6) , PAGE 2

                                          STATION:  DENTON
                                          MONTH:    JULY
                                          YEAR:     2016
                                          LATITUDE:   33 12 N
                                          LONGITUDE:  97 12 W

[TEMPERATURE DATA]      [PRECIPITATION DATA]       SYMBOLS USED IN COLUMN 16

AVERAGE MONTHLY: 84.8   TOTAL FOR MONTH:   4.34    1 = FOG OR MIST
DPTR FM NORMAL:   0.9   DPTR FM NORMAL:    2.03    2 = FOG REDUCING VISIBILITY
HIGHEST:    99 ON 23,13 GRTST 24HR  1.69 ON 15-15      TO 1/4 MILE OR LESS
LOWEST:     68 ON 15                               3 = THUNDER
                        SNOW, ICE PELLETS, HAIL    4 = ICE PELLETS
                        TOTAL MONTH:   0.0 INCH    5 = HAIL
                        GRTST 24HR     0.0         6 = FREEZING RAIN OR DRIZZLE
                        GRTST DEPTH:   0           7 = DUSTSTORM OR SANDSTORM:
                                                       VSBY 1/2 MILE OR LESS
                                                   8 = SMOKE OR HAZE
[NO. OF DAYS WITH]      [WEATHER - DAYS WITH]      9 = BLOWING SNOW
                                                   X = TORNADO
MAX 32 OR BELOW:   0    0.01 INCH OR MORE:   6
MAX 90 OR ABOVE:  27    0.10 INCH OR MORE:   4
MIN 32 OR BELOW:   0    0.50 INCH OR MORE:   3
MIN  0 OR BELOW:   0    1.00 INCH OR MORE:   2

[HDD (BASE 65) ]
TOTAL THIS MO.     0    CLEAR  (SCALE 0-3)  25
DPTR FM NORMAL     0    PTCLDY (SCALE 4-7)   2
TOTAL FM JUL 1     0    CLOUDY (SCALE 8-10)  0
DPTR FM NORMAL     0

[CDD (BASE 65) ]
TOTAL THIS MO.   543
DPTR FM NORMAL    30    [PRESSURE DATA]
TOTAL FM JAN 1  1305    HIGHEST SLP M ON M
DPTR FM NORMAL     7    LOWEST  SLP 29.72 ON  4

[REMARKS]
