000
CXUS53 KFGF 260915
CF6DVL
PRELIMINARY LOCAL CLIMATOLOGICAL DATA (WS FORM: F-6)

                                          STATION:   DEVIL`S LAKE
                                          MONTH:     FEBRUARY
                                          YEAR:      2017
                                          LATITUDE:   48  7 N
                                          LONGITUDE:  98 54 W

  TEMPERATURE IN F:       :PCPN:    SNOW:  WIND      :SUNSHINE: SKY     :PK WND
================================================================================
1   2   3   4   5  6A  6B    7    8   9   10  11  12  13   14  15   16   17  18
                                     12Z  AVG MX 2MIN
DY MAX MIN AVG DEP HDD CDD  WTR  SNW DPTH SPD SPD DIR MIN PSBL S-S WX    SPD DR
================================================================================

 1   6  -8  -1   M  66   0    T    M    0 15.7 24 300   M    M   2 18     35 300
 2   4  -6  -1   M  66   0 0.00  0.0    0 16.8 22 270   M    M   0         M  M
 3  12  -4   4   M  61   0    T    M    0 10.1 15 260   M    M   1         M  M
 4   M   M   M   M   M   M    T    M    0 10.9 21 360   M    M   7 1       M  M
 5   9  -8   1   M  64   0    T    M    0  7.3 14 140   M    M   9 1       M  M
 6   9   1   5   M  60   0    T    M    0 15.2 22  50   M    M  10 18     27  50
 7   1 -18  -8   M  73   0    T    M    0 14.5 24  20   M    M   4 1      30 360
 8  -3 -22 -12   M  77   0    T    M    M 16.1 22 270   M    M   0 18     31 270
 9  19 -13   3   M  62   0    T    M    0 13.8 23 150   M    M   3 1       M  M
10  41  18  30   M  35   0 0.00  0.0    0 13.1 21 280   M    M   5        30 280
11  38  18  28   M  37   0    T    M    0 13.7 27 300   M    M   5 12     39 300
12  31  18  25   M  40   0 0.00  0.0    0 13.6 23 290   M    M   1        30 280
13  35  20  28   M  37   0    T    M    0 16.6 27 290   M    M   0        32 290
14  30  10  20   M  45   0 0.00  0.0    0 12.1 20 290   M    M   0         M  M
15  40   9  25   M  40   0 0.00  0.0    0  6.6 13 180   M    M   0         M  M
16  41  21  31   M  34   0 0.00  0.0    0  7.8 13 240   M    M   0         M  M
17  42  29  36   M  29   0 0.00  0.0    0 12.6 22 270   M    M   0         M  M
18  36  29  33   M  32   0 0.00  0.0    0  8.5 18 250   M    M   3         M  M
19  41  34  38   M  27   0 0.00  0.0    0 13.3 22 110   M    M   5 12     25 100
20  37  30  34   M  31   0 0.12    M    0  9.5 17 290   M    M   7 12      M  M
21  39  27  33   M  32   0    T    M    0  3.9  8 130   M    M   4 1       M  M
22  35  29  32   M  33   0 0.01    M    0 13.0 21  30   M    M   8 1      24  50
23  28  16  22   M  43   0    T    M    0  7.8 13  40   M    M   6         M  M
24  21  14  18   M  47   0    T    M    0  8.7 17  10   M    M   5         M  M
25  24  14  19   M  46   0    T    M    0 10.5 17 300   M    M   7 1       M  M
================================================================================
SM  616  258      1117   0  0.13     0.0 291.7          M       92
================================================================================
AV 25.7 10.8                              11.7 FASTST   M    M   4    MAX(MPH)
                                 MISC ---->  # 27 300                 39    M
================================================================================
NOTES:
# LAST OF SEVERAL OCCURRENCES

COLUMN 17 PEAK WIND IN M.P.H.

PRELIMINARY LOCAL CLIMATOLOGICAL DATA (WS FORM: F-6) , PAGE 2

                                          STATION:  DEVIL`S LAKE
                                          MONTH:    FEBRUARY
                                          YEAR:     2017
                                          LATITUDE:   48  7 N
                                          LONGITUDE:  98 54 W

[TEMPERATURE DATA]      [PRECIPITATION DATA]       SYMBOLS USED IN COLUMN 16

AVERAGE MONTHLY: 18.2   TOTAL FOR MONTH:   0.13    1 = FOG OR MIST
DPTR FM NORMAL:     M   DPTR FM NORMAL:       M    2 = FOG REDUCING VISIBILITY
HIGHEST:    42 ON 17    GRTST 24HR  0.12 ON 20-20      TO 1/4 MILE OR LESS
LOWEST:    -22 ON  8                               3 = THUNDER
                        SNOW, ICE PELLETS, HAIL    4 = ICE PELLETS
                        TOTAL MONTH:   0.0 INCH    5 = HAIL
                        GRTST 24HR     0.0         6 = FREEZING RAIN OR DRIZZLE
                        GRTST DEPTH:   0           7 = DUSTSTORM OR SANDSTORM:
                                                       VSBY 1/2 MILE OR LESS
                                                   8 = SMOKE OR HAZE
[NO. OF DAYS WITH]      [WEATHER - DAYS WITH]      9 = BLOWING SNOW
                                                   X = TORNADO
MAX 32 OR BELOW:  13    0.01 INCH OR MORE:   2
MAX 90 OR ABOVE:   0    0.10 INCH OR MORE:   1
MIN 32 OR BELOW:  23    0.50 INCH OR MORE:   0
MIN  0 OR BELOW:   7    1.00 INCH OR MORE:   0

[HDD (BASE 65) ]
TOTAL THIS MO.  1117    CLEAR  (SCALE 0-3)  11
DPTR FM NORMAL     M    PTCLDY (SCALE 4-7)  12
TOTAL FM JUL 1  5919    CLOUDY (SCALE 8-10)  2
DPTR FM NORMAL     M

[CDD (BASE 65) ]
TOTAL THIS MO.     0
DPTR FM NORMAL     M    [PRESSURE DATA]
TOTAL FM JAN 1     0    HIGHEST SLP M ON M
DPTR FM NORMAL     M    LOWEST  SLP M ON M

[REMARKS]
