000
CXUS55 KDVN 241100
CF6DVN
PRELIMINARY LOCAL CLIMATOLOGICAL DATA (WS FORM: F-6)

                                          STATION:   DAVENPORT IA
                                          MONTH:     SEPTEMBER
                                          YEAR:      2017
                                          LATITUDE:   41 37 N
                                          LONGITUDE:  90 35 W

  TEMPERATURE IN F:       :PCPN:    SNOW:  WIND      :SUNSHINE: SKY     :PK WND
================================================================================
1   2   3   4   5  6A  6B    7    8   9   10  11  12  13   14  15   16   17  18
                                     12Z  AVG MX 2MIN
DY MAX MIN AVG DEP HDD CDD  WTR  SNW DPTH SPD SPD DIR MIN PSBL S-S WX    SPD DR
================================================================================

 1  73  48  61  -7   4   0 0.00  0.0    0  8.7 17  90   M    M   0        22  90
 2  75  44  60  -8   5   0 0.00  0.0    0  4.8 13 190   M    M   3        22 170
 3  83  56  70   2   0   5 0.00  0.0    0  7.4 14 190   M    M   0 1      19 180
 4  79  57  68   0   0   3 0.00  0.0    0 10.4 22 270   M    M   2        29 280
 5  69  49  59  -8   6   0 0.00  0.0    0  9.8 21 310   M    M   4        33 310
 6  66  44  55 -12  10   0 0.00  0.0    0  6.1 16 360   M    M   4        21  10
 7  71  45  58  -9   7   0 0.00  0.0    0  6.2 15 280   M    M   2        20 300
 8  80  50  65  -1   0   0 0.00  0.0    0  6.7 17  90   M    M   2        22  90
 9  78  50  64  -2   1   0 0.00  0.0    0 10.2 16 110   M    M   0        23 110
10  75  49  62  -4   3   0 0.00  0.0    0  8.1 15 100   M    M   0        19 110
11  77  43  60  -5   5   0 0.00  0.0    0  4.6  9  40   M    M   0        12  90
12  80  47  64  -1   1   0 0.00  0.0    0  5.7 13  40   M    M   0 1      18  70
13  82  44  63  -1   2   0 0.00  0.0    0  3.7 10  40   M    M   0 1      15  50
14  85  51  68   4   0   3 0.00  0.0    0  5.8 13 190   M    M   0 12     16 180
15  89  61  75  11   0  10 0.00  0.0    0  8.3 16 200   M    M   1        21 190
16  88  68  78  15   0  13 0.00  0.0    0  9.8 16 190   M    M   0        23 190
17  74  52  63   0   2   0    T  0.0    0  6.8 16 300   M    M   2 1      22 280
18  80  49  65   3   0   0 0.01  0.0    0  6.2 14 110   M    M   3 1      17 100
19  79  60  70   8   0   5 0.00  0.0    0  7.6 13 120   M    M   3 18     16 120
20  93  66  80  18   0  15 3.40    T    0 13.1 40 170   M    M   3 135    54 170
21  84  68  76  15   0  11 0.43  0.0    0 12.0 37 180   M    M   2 13     45 180
22  91  70  81  20   0  16 0.00  0.0    0  8.8 16 200   M    M   0        22 190
23  92  63  78  18   0  13 0.00  0.0    0  6.1 12 130   M    M   0 1      15 160
================================================================================
SM 1843 1234        46  94  3.84    T    176.9          M       31
================================================================================
AV 80.1 53.7                               7.7 FASTST   M    M   1    MAX(MPH)
                                 MISC ---->  # 40 170               # 54  170
================================================================================
NOTES:
# LAST OF SEVERAL OCCURRENCES

COLUMN 17 PEAK WIND IN M.P.H.

PRELIMINARY LOCAL CLIMATOLOGICAL DATA (WS FORM: F-6) , PAGE 2

                                          STATION:  DAVENPORT IA
                                          MONTH:    SEPTEMBER
                                          YEAR:     2017
                                          LATITUDE:   41 37 N
                                          LONGITUDE:  90 35 W

[TEMPERATURE DATA]      [PRECIPITATION DATA]       SYMBOLS USED IN COLUMN 16

AVERAGE MONTHLY: 66.9   TOTAL FOR MONTH:   3.84    1 = FOG OR MIST
DPTR FM NORMAL:   2.2   DPTR FM NORMAL:    1.52    2 = FOG REDUCING VISIBILITY
HIGHEST:    93 ON 20    GRTST 24HR  3.40 ON 20-20      TO 1/4 MILE OR LESS
LOWEST:     43 ON 11                               3 = THUNDER
                        SNOW, ICE PELLETS, HAIL    4 = ICE PELLETS
                        TOTAL MONTH:    T          5 = HAIL
                        GRTST 24HR    T  ON 20-20  6 = FREEZING RAIN OR DRIZZLE
                        GRTST DEPTH:   0           7 = DUSTSTORM OR SANDSTORM:
                                                       VSBY 1/2 MILE OR LESS
                                                   8 = SMOKE OR HAZE
[NO. OF DAYS WITH]      [WEATHER - DAYS WITH]      9 = BLOWING SNOW
                                                   X = TORNADO
MAX 32 OR BELOW:   0    0.01 INCH OR MORE:   3
MAX 90 OR ABOVE:   3    0.10 INCH OR MORE:   2
MIN 32 OR BELOW:   0    0.50 INCH OR MORE:   1
MIN  0 OR BELOW:   0    1.00 INCH OR MORE:   1

[HDD (BASE 65) ]
TOTAL THIS MO.    46    CLEAR  (SCALE 0-3)  20
DPTR FM NORMAL   -23    PTCLDY (SCALE 4-7)   3
TOTAL FM JUL 1    58    CLOUDY (SCALE 8-10)  0
DPTR FM NORMAL   -25

[CDD (BASE 65) ]
TOTAL THIS MO.    94
DPTR FM NORMAL    33    [PRESSURE DATA]
TOTAL FM JAN 1   715    HIGHEST SLP M ON M
DPTR FM NORMAL   -50    LOWEST  SLP 29.71 ON 13

[REMARKS]
