000
CXUS55 KPSR 311005
CF6DVT
PRELIMINARY LOCAL CLIMATOLOGICAL DATA (WS FORM: F-6)

                                          STATION:   DEER VLY/PHOENIX AZ
                                          MONTH:     AUGUST
                                          YEAR:      2014
                                          LATITUDE:   33 41 N
                                          LONGITUDE: 112  4 W

  TEMPERATURE IN F:       :PCPN:    SNOW:  WIND      :SUNSHINE: SKY     :PK WND
================================================================================
1   2   3   4   5  6A  6B    7    8   9   10  11  12  13   14  15   16   17  18
                                     12Z  AVG MX 2MIN
DY MAX MIN AVG DEP HDD CDD  WTR  SNW DPTH SPD SPD DIR MIN PSBL S-S WX    SPD DR
================================================================================

 1  96  75  86  -6   0  21 0.33  0.0    0  8.3 23 280   M    M   2 3      32 280
 2  95  74  85  -7   0  20 0.55  0.0    0  6.8 29  60   M    M   2 1      37  60
 3  96  77  87  -5   0  22 0.04  0.0    0  4.4 20 120   M    M   3        30 110
 4  99  75  87  -5   0  22 0.00  0.0    0  4.9 14 240   M    M   1        18 270
 5 101  76  89  -3   0  24 0.00  0.0    0  4.8 14 230   M    M   0        20 230
 6 104  78  91  -1   0  26 0.00  0.0    0  5.3 17 210   M    M   0        23 260
 7 101  75  88  -4   0  23 0.00  0.0    0  3.5 15 270   M    M   0        18 260
 8 102  79  91   0   0  26 0.00  0.0    0  6.9 22 250   M    M   0 8      26 250
 9 102  81  92   1   0  27 0.00  0.0    0  7.4 16 220   M    M   0        22 250
10 102  80  91   0   0  26 0.00  0.0    0  7.2 17  50   M    M   0        22  50
11 105  85  95   4   0  30    T  0.0    0  5.4 22  80   M    M   0        37  90
12  97  73  85  -6   0  20 0.64  0.0    0  8.7 29 170   M    M   3 13     37 170
13  93  73  83  -8   0  18 0.12  0.0    0  2.3 10 170   M    M   3 1      13 310
14 100  79  90  -1   0  25 0.00  0.0    0  4.1 14 140   M    M   0        18 140
15 103  81  92   1   0  27 0.00  0.0    0  6.0 18 260   M    M   0        24 270
16 105  82  94   3   0  29 0.00  0.0    0  5.8 18 280   M    M   0        22 260
17 107  84  96   5   0  31    T  0.0    0  8.2 33  30   M    M   1 38     46 360
18  94  75  85  -6   0  20 0.15  0.0    0  5.8 16 250   M    M   1 13     21 220
19  87  70  79 -12   0  14 0.65  0.0    0  7.4 28 200   M    M   7 18     46 200
20  95  73  84  -7   0  19 0.00  0.0    0  4.9 16 330   M    M   0        21 320
21  88  70  79 -12   0  14 0.09  0.0    0  6.4 28 230   M    M   2 18     38 220
22  90  69  80 -11   0  15 0.00  0.0    0  3.0 14 240   M    M   2        18 240
23  95  72  84  -7   0  19 0.00  0.0    0  3.7 14 230   M    M   0        26 240
24  99  77  88  -2   0  23 0.00  0.0    0  6.3 14 230   M    M   0        18 160
25  98  80  89  -1   0  24 0.00  0.0    0  4.9 26 220   M    M   1        31 220
26  97  77  87  -3   0  22 0.00  0.0    0  6.2 18 310   M    M   1        25 320
27  99  80  90   0   0  25 0.00  0.0    0  5.1 14 250   M    M   2        17 230
28 106  79  93   3   0  28 0.00  0.0    0  4.4 15 310   M    M   0        21 320
29 106  79  93   3   0  28 0.00  0.0    0  5.8 14 290   M    M   0        20 280
30 107  77  92   2   0  27 0.00  0.0    0  4.2 17 250   M    M   0        24 240
================================================================================
SM 2969 2305         0 695  2.57     0.0 168.1          M       31
================================================================================
AV 99.0 76.8                               5.6 FASTST   M    M   1    MAX(MPH)
                                 MISC ---->  # 33  30               # 46  360
================================================================================
NOTES:
# LAST OF SEVERAL OCCURRENCES

COLUMN 17 PEAK WIND IN M.P.H.

PRELIMINARY LOCAL CLIMATOLOGICAL DATA (WS FORM: F-6) , PAGE 2

                                          STATION:  DEER VLY/PHOENIX AZ
                                          MONTH:    AUGUST
                                          YEAR:     2014
                                          LATITUDE:   33 41 N
                                          LONGITUDE: 112  4 W

[TEMPERATURE DATA]      [PRECIPITATION DATA]       SYMBOLS USED IN COLUMN 16

AVERAGE MONTHLY: 87.9   TOTAL FOR MONTH:   2.57    1 = FOG OR MIST
DPTR FM NORMAL:  -3.1   DPTR FM NORMAL:    1.31    2 = FOG REDUCING VISIBILITY
HIGHEST:   107 ON 30,17 GRTST 24HR  0.87 ON  1- 2      TO 1/4 MILE OR LESS
LOWEST:     69 ON 22                               3 = THUNDER
                        SNOW, ICE PELLETS, HAIL    4 = ICE PELLETS
                        TOTAL MONTH:   0.0 INCH    5 = HAIL
                        GRTST 24HR     0.0         6 = FREEZING RAIN OR DRIZZLE
                        GRTST DEPTH:   0           7 = DUSTSTORM OR SANDSTORM:
                                                       VSBY 1/2 MILE OR LESS
                                                   8 = SMOKE OR HAZE
[NO. OF DAYS WITH]      [WEATHER - DAYS WITH]      9 = BLOWING SNOW
                                                   X = TORNADO
MAX 32 OR BELOW:   0    0.01 INCH OR MORE:   8
MAX 90 OR ABOVE:  28    0.10 INCH OR MORE:   6
MIN 32 OR BELOW:   0    0.50 INCH OR MORE:   3
MIN  0 OR BELOW:   0    1.00 INCH OR MORE:   0

[HDD (BASE 65) ]
TOTAL THIS MO.     0    CLEAR  (SCALE 0-3)  28
DPTR FM NORMAL     0    PTCLDY (SCALE 4-7)   2
TOTAL FM JUL 1     0    CLOUDY (SCALE 8-10)  0
DPTR FM NORMAL     0

[CDD (BASE 65) ]
TOTAL THIS MO.   695
DPTR FM NORMAL   -85    [PRESSURE DATA]
TOTAL FM JAN 1  2956    HIGHEST SLP M ON M
DPTR FM NORMAL    53    LOWEST  SLP 29.62 ON 30

[REMARKS]
