000
CXUS55 KPSR 241005
CF6DVT
PRELIMINARY LOCAL CLIMATOLOGICAL DATA (WS FORM: F-6)

                                          STATION:   DEER VLY/PHOENIX AZ
                                          MONTH:     APRIL
                                          YEAR:      2014
                                          LATITUDE:   33 41 N
                                          LONGITUDE: 112  4 W

  TEMPERATURE IN F:       :PCPN:    SNOW:  WIND      :SUNSHINE: SKY     :PK WND
================================================================================
1   2   3   4   5  6A  6B    7    8   9   10  11  12  13   14  15   16   17  18
                                     12Z  AVG MX 2MIN
DY MAX MIN AVG DEP HDD CDD  WTR  SNW DPTH SPD SPD DIR MIN PSBL S-S WX    SPD DR
================================================================================

 1  74  53  64  -2   1   0 0.00  0.0    0  8.6 24 220   M    M   0        30 220
 2  66  50  58  -8   7   0    T  0.0    0  8.0 26 200   M    M   3        33 250
 3  71  44  58  -8   7   0 0.00  0.0    0  4.2 10 270   M    M   0        14 290
 4  75  49  62  -4   3   0 0.00  0.0    0  4.0 13 240   M    M   0        21 280
 5  74  52  63  -3   2   0 0.00  0.0    0  4.8 17 250   M    M   1        22 250
 6  81  52  67   0   0   2 0.00  0.0    0  7.2 18 280   M    M   0        24 270
 7  87  58  73   6   0   8 0.00  0.0    0  5.5 16 220   M    M   0        21 240
 8  91  58  75   8   0  10 0.00  0.0    0  4.5 15  30   M    M   0        17  30
 9  92  59  76   8   0  11 0.00  0.0    0  4.0 13 220   M    M   0        15 220
10  94  60  77   9   0  12 0.00  0.0    0  3.9 17 240   M    M   0        21 250
11  93  64  79  11   0  14 0.00  0.0    0  4.8 15 220   M    M   0        22 130
12  85  64  75   7   0  10 0.00  0.0    0  7.5 20 200   M    M   0        25 260
13  84  54  69   1   0   4 0.00  0.0    0  9.7 23 220   M    M   0        30 220
14  84  62  73   4   0   8 0.00  0.0    0  6.9 21  30   M    M   0        26  30
15  86  55  71   2   0   6 0.00  0.0    0  4.7 13  40   M    M   0        15  40
16  89  54  72   3   0   7 0.00  0.0    0  5.3 17 200   M    M   0        23 240
17  89  58  74   4   0   9 0.00  0.0    0  3.7 13 220   M    M   0        17 220
18  79  65  72   2   0   7    T  0.0    0  6.1 28 170   M    M   4        33 170
19  84  59  72   2   0   7 0.00  0.0    0  4.3 14 230   M    M   2 8      24 300
20  88  65  77   7   0  12 0.00  0.0    0  4.5 13 200   M    M   0        20 210
21  93  65  79   8   0  14 0.00  0.0    0  3.7 13 200   M    M   0        18 220
22  92  67  80   9   0  15 0.00  0.0    0  9.3 25 250   M    M   0        30 260
23  85  62  74   3   0   9 0.00  0.0    0  7.2 20 240   M    M   0        30 230
================================================================================
SM 1936 1329        20 165    T      0.0 132.4          M       10
================================================================================
AV 84.2 57.8                               5.8 FASTST   M    M   0    MAX(MPH)
                                 MISC ---->  # 28 170               # 33  250
================================================================================
NOTES:
# LAST OF SEVERAL OCCURRENCES

COLUMN 17 PEAK WIND IN M.P.H.

PRELIMINARY LOCAL CLIMATOLOGICAL DATA (WS FORM: F-6) , PAGE 2

                                          STATION:  DEER VLY/PHOENIX AZ
                                          MONTH:    APRIL
                                          YEAR:     2014
                                          LATITUDE:   33 41 N
                                          LONGITUDE: 112  4 W

[TEMPERATURE DATA]      [PRECIPITATION DATA]       SYMBOLS USED IN COLUMN 16

AVERAGE MONTHLY: 71.0   TOTAL FOR MONTH:      T    1 = FOG OR MIST
DPTR FM NORMAL:   2.7   DPTR FM NORMAL:   -0.39    2 = FOG REDUCING VISIBILITY
HIGHEST:    94 ON 10    GRTST 24HR    T  ON 18-18      TO 1/4 MILE OR LESS
LOWEST:     44 ON  3                               3 = THUNDER
                        SNOW, ICE PELLETS, HAIL    4 = ICE PELLETS
                        TOTAL MONTH:   0.0 INCH    5 = HAIL
                        GRTST 24HR     0.0         6 = FREEZING RAIN OR DRIZZLE
                        GRTST DEPTH:   0           7 = DUSTSTORM OR SANDSTORM:
                                                       VSBY 1/2 MILE OR LESS
                                                   8 = SMOKE OR HAZE
[NO. OF DAYS WITH]      [WEATHER - DAYS WITH]      9 = BLOWING SNOW
                                                   X = TORNADO
MAX 32 OR BELOW:   0    0.01 INCH OR MORE:   0
MAX 90 OR ABOVE:   6    0.10 INCH OR MORE:   0
MIN 32 OR BELOW:   0    0.50 INCH OR MORE:   0
MIN  0 OR BELOW:   0    1.00 INCH OR MORE:   0

[HDD (BASE 65) ]
TOTAL THIS MO.    20    CLEAR  (SCALE 0-3)  21
DPTR FM NORMAL   -12    PTCLDY (SCALE 4-7)   2
TOTAL FM JUL 1   915    CLOUDY (SCALE 8-10)  0
DPTR FM NORMAL  -371

[CDD (BASE 65) ]
TOTAL THIS MO.   165
DPTR FM NORMAL    57    [PRESSURE DATA]
TOTAL FM JAN 1   223    HIGHEST SLP M ON M
DPTR FM NORMAL    62    LOWEST  SLP 29.60 ON 22

[REMARKS]
