000
CXUS54 KEWX 010910
CF6DZB
PRELIMINARY LOCAL CLIMATOLOGICAL DATA (WS FORM: F-6)

                                          STATION:   Horseshoe Bay
                                          MONTH:     JANUARY
                                          YEAR:      2015
                                          LATITUDE:   30 31 N
                                          LONGITUDE:  98 22 W

  TEMPERATURE IN F:       :PCPN:    SNOW:  WIND      :SUNSHINE: SKY     :PK WND
================================================================================
1   2   3   4   5  6A  6B    7    8   9   10  11  12  13   14  15   16   17  18
                                     12Z  AVG MX 2MIN
DY MAX MIN AVG DEP HDD CDD  WTR  SNW DPTH SPD SPD DIR MIN PSBL S-S WX    SPD DR
================================================================================

 1  38  32  35   M  30   0 0.10    M    M  2.1  6 320   M    M  10 13      M  M
 2  37  36  37   M  28   0 0.39    M    M  3.7  8 310   M    M  10 138     M  M
 3  65  38  52   M  13   0 0.07    M    M  3.8  8 270   M    M   4         M  M
 4  48  28  38   M  27   0 0.00    M    M  5.5 12 350   M    M   1        18 340
 5  55  21  38   M  27   0 0.00    M    M  2.6  9 180   M    M   0         M  M
 6  69  32  51   M  14   0 0.00    M    M  1.2  5  30   M    M   0         M  M
 7  50  29  40   M  25   0 0.00    M    M  6.9 16 350   M    M   1        24 350
 8  38  21  30   M  35   0 0.00    M    M  3.9 12 360   M    M   3        17 360
 9  39  34  37   M  28   0 0.00    M    M  4.6 10  30   M    M  10         M  M
10  35  31  33   M  32   0 0.03    M    M  1.3  4  80   M    M  10 13      M  M
11  54  33  44   M  21   0 0.05    M    M  0.8  5 160   M    M   8 13      M  M
12  45  35  40   M  25   0 0.00    M    M  4.5 10 360   M    M  10 128    16 360
13  38  33  36   M  29   0 0.00    M    M  5.4 10 360   M    M  10 1      16 360
14  38  36  37   M  28   0 0.00    M    M  1.5  6 340   M    M  10 18      M  M
15  58  35  47   M  18   0 0.00    M    M  3.4  8 330   M    M   1         M  M
16  65  34  50   M  15   0 0.00    M    M  2.0  7 170   M    M   1         M  M
17  69  35  52   M  13   0 0.00    M    M  4.1 13 240   M    M   0        20 240
18  72  32  52   M  13   0 0.00    M    M  3.9 10 190   M    M   0        16 180
19  77  34  56   M   9   0 0.00    M    M  3.3  8 230   M    M   0         M  M
20  82  35  59   M   6   0 0.00    M    M  2.1  7  70   M    M   0         M  M
21  54  41  48   M  17   0 0.07    M    M  2.1  8  50   M    M   7 1       M  M
22   M  40   M   M   M   M 1.11    M    M  6.8 10  10   M    M   8        20  20
23  48  38  43   M  22   0 0.16    M    M  7.3 13 330   M    M   6        17  20
24  64  33  49   M  16   0 0.00    M    M  3.1  8 310   M    M   0         M  M
25  70  35  53   M  12   0 0.00    M    M  5.0 12 330   M    M   0        16 350
26  72  37  55   M  10   0 0.00    M    M  3.3 10 330   M    M   0         M  M
27  79  40  60   M   5   0 0.00    M    M  1.9  6 160   M    M   0         M  M
28  82  38  60   M   5   0 0.00    M    M  4.1 13 180   M    M   0        18 200
29  76  46  61   M   4   0 0.00    M    M  3.3  9  20   M    M   2        17  20
30  56  46  51   M  14   0 0.00    M    M  4.3  8  20   M    M   7         M  M
31  50  46  48   M  17   0 0.13    M    M  3.8 10 180   M    M  10 1      24 250
================================================================================
SM 1723 1084       558   0  2.11    M    111.6          M      129
================================================================================
AV 57.4 35.0                               3.6 FASTST   M    M   4    MAX(MPH)
                                 MISC ---->    16   M                 24    M
================================================================================
NOTES:
# LAST OF SEVERAL OCCURRENCES

COLUMN 17 PEAK WIND IN M.P.H.

PRELIMINARY LOCAL CLIMATOLOGICAL DATA (WS FORM: F-6) , PAGE 2

                                          STATION:  Horseshoe Bay
                                          MONTH:    JANUARY
                                          YEAR:     2015
                                          LATITUDE:   30 31 N
                                          LONGITUDE:  98 22 W

[TEMPERATURE DATA]      [PRECIPITATION DATA]       SYMBOLS USED IN COLUMN 16

AVERAGE MONTHLY: 46.2   TOTAL FOR MONTH:   2.11    1 = FOG OR MIST
DPTR FM NORMAL:     M   DPTR FM NORMAL:       M    2 = FOG REDUCING VISIBILITY
HIGHEST:    82 ON 28,20 GRTST 24HR  1.11 ON 22-22      TO 1/4 MILE OR LESS
LOWEST:     21 ON  8, 5                            3 = THUNDER
                        SNOW, ICE PELLETS, HAIL    4 = ICE PELLETS
                        TOTAL MONTH:    M          5 = HAIL
                        GRTST 24HR    M  ON   M    6 = FREEZING RAIN OR DRIZZLE
                        GRTST DEPTH:  M  ON   M    7 = DUSTSTORM OR SANDSTORM:
                                                       VSBY 1/2 MILE OR LESS
                                                   8 = SMOKE OR HAZE
[NO. OF DAYS WITH]      [WEATHER - DAYS WITH]      9 = BLOWING SNOW
                                                   X = TORNADO
MAX 32 OR BELOW:   0    0.01 INCH OR MORE:   9
MAX 90 OR ABOVE:   0    0.10 INCH OR MORE:   5
MIN 32 OR BELOW:   8    0.50 INCH OR MORE:   1
MIN  0 OR BELOW:   0    1.00 INCH OR MORE:   1

[HDD (BASE 65) ]
TOTAL THIS MO.   558    CLEAR  (SCALE 0-3)  17
DPTR FM NORMAL     M    PTCLDY (SCALE 4-7)   5
TOTAL FM JUL 1  1261    CLOUDY (SCALE 8-10)  9
DPTR FM NORMAL     M

[CDD (BASE 65) ]
TOTAL THIS MO.     0
DPTR FM NORMAL     M    [PRESSURE DATA]
TOTAL FM JAN 1     0    HIGHEST SLP M ON M
DPTR FM NORMAL     M    LOWEST  SLP M ON M

[REMARKS]
#FINAL-01-15#
