000
CXUS53 KGID 210730
CF6EAR
PRELIMINARY LOCAL CLIMATOLOGICAL DATA (WS FORM: F-6)

                                          STATION:   KEARNEY
                                          MONTH:     AUGUST
                                          YEAR:      2017
                                          LATITUDE:   40 43 N
                                          LONGITUDE:  99  0 W

  TEMPERATURE IN F:       :PCPN:    SNOW:  WIND      :SUNSHINE: SKY     :PK WND
================================================================================
1   2   3   4   5  6A  6B    7    8   9   10  11  12  13   14  15   16   17  18
                                     12Z  AVG MX 2MIN
DY MAX MIN AVG DEP HDD CDD  WTR  SNW DPTH SPD SPD DIR MIN PSBL S-S WX    SPD DR
================================================================================

 1  83  62  73  -1   0   8 0.00    M    M  5.4 10  30   M    M   2 13      M  M
 2  82  61  72  -2   0   7 0.00    M    M  4.4  8 120   M    M   1 3       M  M
 3  77  53  65  -9   0   0 0.00    M    M 13.2 21  10   M    M   2        25  10
 4  76  49  63 -11   2   0 0.00    M    M  8.0 14 140   M    M   3         M  M
 5  78  59  69  -5   0   4    T    M    M 11.4 22 160   M    M   7 13      M  M
 6  71  59  65  -9   0   0 0.01    M    M  5.6 10  90   M    M   8 1       M  M
 7  78  58  68  -6   0   3 0.00    M    M  7.2 15  50   M    M   4 1       M  M
 8  80  53  67  -7   0   2 0.00    M    M  6.1 14 120   M    M   4 12      M  M
 9  80  61  71  -3   0   6 0.30    M    M  9.3 18 180   M    M   7 13      M  M
10  74  59  67  -7   0   2 0.08    M    M  6.0 14  40   M    M   5 12      M  M
11  78  55  67  -7   0   2 0.00    M    M  5.2  9  10   M    M   2         M  M
12  81  56  69  -4   0   4 0.90    M    M  9.9 16 180   M    M   4 13      M  M
13  83  61  72  -1   0   7 0.00    M    M  9.4 18 180   M    M   7 1       M  M
14  84  64  74   1   0   9 0.10    M    M  9.6 16  90   M    M   1 3       M  M
15  89  64  77   4   0  12 0.22    M    M 11.0 20  60   M    M   6 13     30  60
16  80  62  71  -2   0   6 0.73    M    M 12.2 31 340   M    M   5 13     39 340
17  84  54  69  -4   0   4 0.00    M    M  7.8 12 170   M    M   0        20 240
18  87  63  75   2   0  10 0.00    M    M  7.1 14 360   M    M   0        25 320
19  90  59  75   3   0  10 0.51    M    M  8.2 20 160   M    M   0 38     41 160
20  90  64  77   5   0  12 0.00    M    M  9.5 17 130   M    M   0 3       M  M
================================================================================
SM 1625 1176         2 108  2.85    M    166.5          M       68
================================================================================
AV 81.3 58.8                               8.3 FASTST   M    M   3    MAX(MPH)
                                 MISC ---->  # 31 340               # 41  160
================================================================================
NOTES:
# LAST OF SEVERAL OCCURRENCES

COLUMN 17 PEAK WIND IN M.P.H.

PRELIMINARY LOCAL CLIMATOLOGICAL DATA (WS FORM: F-6) , PAGE 2

                                          STATION:  KEARNEY
                                          MONTH:    AUGUST
                                          YEAR:     2017
                                          LATITUDE:   40 43 N
                                          LONGITUDE:  99  0 W

[TEMPERATURE DATA]      [PRECIPITATION DATA]       SYMBOLS USED IN COLUMN 16

AVERAGE MONTHLY: 70.0   TOTAL FOR MONTH:   2.85    1 = FOG OR MIST
DPTR FM NORMAL:  -3.4   DPTR FM NORMAL:    0.69    2 = FOG REDUCING VISIBILITY
HIGHEST:    90 ON 20,19 GRTST 24HR  0.90 ON 12-12      TO 1/4 MILE OR LESS
LOWEST:     49 ON  4                               3 = THUNDER
                        SNOW, ICE PELLETS, HAIL    4 = ICE PELLETS
                        TOTAL MONTH:    M          5 = HAIL
                        GRTST 24HR    M  ON   M    6 = FREEZING RAIN OR DRIZZLE
                        GRTST DEPTH:  M  ON   M    7 = DUSTSTORM OR SANDSTORM:
                                                       VSBY 1/2 MILE OR LESS
                                                   8 = SMOKE OR HAZE
[NO. OF DAYS WITH]      [WEATHER - DAYS WITH]      9 = BLOWING SNOW
                                                   X = TORNADO
MAX 32 OR BELOW:   0    0.01 INCH OR MORE:   8
MAX 90 OR ABOVE:   2    0.10 INCH OR MORE:   6
MIN 32 OR BELOW:   0    0.50 INCH OR MORE:   3
MIN  0 OR BELOW:   0    1.00 INCH OR MORE:   0

[HDD (BASE 65) ]
TOTAL THIS MO.     2    CLEAR  (SCALE 0-3)  10
DPTR FM NORMAL     2    PTCLDY (SCALE 4-7)  10
TOTAL FM JUL 1     2    CLOUDY (SCALE 8-10)  0
DPTR FM NORMAL    -3

[CDD (BASE 65) ]
TOTAL THIS MO.   108
DPTR FM NORMAL   -66    [PRESSURE DATA]
TOTAL FM JAN 1   830    HIGHEST SLP M ON M
DPTR FM NORMAL   126    LOWEST  SLP M ON M

[REMARKS]
