000
CXUS51 KAKQ 271010
CF6ECG
PRELIMINARY LOCAL CLIMATOLOGICAL DATA (WS FORM: F-6)

                                          STATION:   ELIZABETH CITY NC
                                          MONTH:     FEBRUARY
                                          YEAR:      2015
                                          LATITUDE:   36 16 N
                                          LONGITUDE:  76 11 W

  TEMPERATURE IN F:       :PCPN:    SNOW:  WIND      :SUNSHINE: SKY     :PK WND
================================================================================
1   2   3   4   5  6A  6B    7    8   9   10  11  12  13   14  15   16   17  18
                                     12Z  AVG MX 2MIN
DY MAX MIN AVG DEP HDD CDD  WTR  SNW DPTH SPD SPD DIR MIN PSBL S-S WX    SPD DR
================================================================================

 1  50  27  39  -3  26   0    T  0.0    0  4.5 12 170   M    M   2        15 180
 2  60  32  46   3  19   0 0.45  0.0    0 17.5 30 310   M    M   6 1      39 310
 3  39  24  32 -11  33   0 0.00  0.0    0  7.7 21 320   M    M   0        27 320
 4  52  26  39  -4  26   0 0.00  0.0    0  5.2 16 200   M    M   1        21 210
 5  46  26  36  -7  29   0 0.28  0.0    0 14.9 32 340   M    M   5 1      39 350
 6  36  19  28 -15  37   0 0.00  0.0    0  8.2 20 330   M    M   0        23 340
 7  55  27  41  -2  24   0 0.00  0.0    0  9.7 18 200   M    M   0        24 200
 8  68  41  55  12  10   0 0.00  0.0    0 15.0 25 220   M    M   0        32 220
 9  65  41  53  10  12   0 0.00  0.0    0 10.5 21  30   M    M   3 1      26  30
10  41  34  38  -6  27   0 0.20  0.0    0 23.0 33 360   M    M  10 1      45  10
11  38  28  33 -11  32   0    T    T    0 12.6 30  10   M    M   8 1      39 360
12  51  27  39  -5  26   0 0.01    M    0 10.7 30 330   M    M   4 1      36 340
13  31  21  26 -18  39   0 0.00  0.0    0 10.2 25 340   M    M   0        30 320
14  49  18  34 -10  31   0    T  0.0    0 12.4 43 320   M    M   1        59 310
15  32  16  24 -20  41   0 0.00  0.0    0 20.2 37 310   M    M   1        49 300
16  27  16  22 -22  43   0 0.22    M    0 10.0 20 330   M    M   7 1      26 320
17  33  26  30 -14  35   0 0.63    M    M 12.1 25 340   M    M   7 1      30 340
18  35  24  30 -14  35   0    T    M    M  7.7 18 290   M    M   2 1      25 340
19  30  14  22 -23  43   0 0.00  0.0    M 15.4 25 290   M    M   2        32 290
20  23   8  16 -29  49   0 0.00    M    M  8.0 17 290   M    M   0        23 290
21  41  13  27 -18  38   0 0.00  0.0    M  6.8 14 170   M    M   2        20 170
22  64  39  52   7  13   0    T    M    M  7.9 17 250   M    M   M 12     24 250
23  39  27  33 -12  32   0 0.07  0.0    M 13.2 24  20   M    M   M 18     31  20
24  31  24  28 -17  37   0 0.06    M    M  9.9 18  20   M    M  10 1      24  10
25  42  17  30 -16  35   0    M    M    M   M  13 270   M    M   M        25 320
26  35  31  33 -13  32   0 0.72    M    M 17.1 31  10   M    M   M        38  10
================================================================================
SM 1113  646       804   0  2.64    T    290.4          M       71
================================================================================
AV 42.8 24.8                              11.6 FASTST   M    M   3    MAX(MPH)
                                 MISC ---->  # 43 320               # 59  310
================================================================================
NOTES:
# LAST OF SEVERAL OCCURRENCES

COLUMN 17 PEAK WIND IN M.P.H.

PRELIMINARY LOCAL CLIMATOLOGICAL DATA (WS FORM: F-6) , PAGE 2

                                          STATION:  ELIZABETH CITY NC
                                          MONTH:    FEBRUARY
                                          YEAR:     2015
                                          LATITUDE:   36 16 N
                                          LONGITUDE:  76 11 W

[TEMPERATURE DATA]      [PRECIPITATION DATA]       SYMBOLS USED IN COLUMN 16

AVERAGE MONTHLY: 33.8   TOTAL FOR MONTH:   2.64    1 = FOG OR MIST
DPTR FM NORMAL: -10.2   DPTR FM NORMAL:   -0.32    2 = FOG REDUCING VISIBILITY
HIGHEST:    68 ON  8    GRTST 24HR  0.85 ON 16-17      TO 1/4 MILE OR LESS
LOWEST:      8 ON 20                               3 = THUNDER
                        SNOW, ICE PELLETS, HAIL    4 = ICE PELLETS
                        TOTAL MONTH:    T          5 = HAIL
                        GRTST 24HR    T  ON 11-11  6 = FREEZING RAIN OR DRIZZLE
                        GRTST DEPTH:   0           7 = DUSTSTORM OR SANDSTORM:
                                                       VSBY 1/2 MILE OR LESS
                                                   8 = SMOKE OR HAZE
[NO. OF DAYS WITH]      [WEATHER - DAYS WITH]      9 = BLOWING SNOW
                                                   X = TORNADO
MAX 32 OR BELOW:   6    0.01 INCH OR MORE:   9
MAX 90 OR ABOVE:   0    0.10 INCH OR MORE:   6
MIN 32 OR BELOW:  22    0.50 INCH OR MORE:   2
MIN  0 OR BELOW:   0    1.00 INCH OR MORE:   0

[HDD (BASE 65) ]
TOTAL THIS MO.   804    CLEAR  (SCALE 0-3)  14
DPTR FM NORMAL   258    PTCLDY (SCALE 4-7)   5
TOTAL FM JUL 1  2471    CLOUDY (SCALE 8-10)  3
DPTR FM NORMAL    38

[CDD (BASE 65) ]
TOTAL THIS MO.     0
DPTR FM NORMAL     0    [PRESSURE DATA]
TOTAL FM JAN 1     2    HIGHEST SLP 30.28 ON 24
DPTR FM NORMAL     1    LOWEST  SLP 29.36 ON  2

[REMARKS]
