000
CXUS52 KTAE 310800
CF6ECP
PRELIMINARY LOCAL CLIMATOLOGICAL DATA (WS FORM: F-6)

                                          STATION:   PANAMA CITY NW
                                          MONTH:     JULY
                                          YEAR:      2015
                                          LATITUDE:   30 21 N
                                          LONGITUDE:  85 48 W

  TEMPERATURE IN F:       :PCPN:    SNOW:  WIND      :SUNSHINE: SKY     :PK WND
================================================================================
1   2   3   4   5  6A  6B    7    8   9   10  11  12  13   14  15   16   17  18
                                     12Z  AVG MX 2MIN
DY MAX MIN AVG DEP HDD CDD  WTR  SNW DPTH SPD SPD DIR MIN PSBL S-S WX    SPD DR
================================================================================

 1  89  70  80   M   0  15 0.00  0.0    0  6.9 22 230   M    M   1 13     27 210
 2  87  74  81   M   0  16 0.01  0.0    0  6.6 21 230   M    M   2        27 210
 3  92  78  85   M   0  20 0.00  0.0    0  7.6 15 190   M    M   2        23 220
 4  92  72  82   M   0  17 0.00  0.0    0  7.5 17 310   M    M   3 1      22 200
 5  87  70  79   M   0  14 0.49  0.0    0  3.5 30 290   M    M   3 13     37 290
 6  88  71  80   M   0  15 0.00  0.0    0  3.3 13 230   M    M   2        19 240
 7  91  71  81   M   0  16 0.00  0.0    0  3.8 15 220   M    M   1 13     21 200
 8  93  72  83   M   0  18 0.50  0.0    0  2.9 25 130   M    M   3 13     34 120
 9  90  71  81   M   0  16 0.00  0.0    0  3.6 15 180   M    M   1        22 190
10  91  73  82   M   0  17 0.00  0.0    0  3.5 14 180   M    M   1        17 180
11  97  75  86   M   0  21 0.00  0.0    0  6.6 16 240   M    M   1        23 200
12  98  76  87   M   0  22 0.00  0.0    0  6.4 17 260   M    M   1        23 200
13  96  73  85   M   0  20 0.02  0.0    0  4.0 20 260   M    M   2 13     24 260
14  92  77  85   M   0  20 0.00  0.0    0  6.6 17 210   M    M   2 12     22 190
15  95  82  89   M   0  24 0.00  0.0    0  9.8 20 210   M    M   3 3      27 310
16  96  80  88   M   0  23 0.04  0.0    0  8.4 20 350   M    M   3 38     25 340
17  97  77  87   M   0  22 0.00  0.0    0  6.3 18 180   M    M   2        24 300
18  96  73  85   M   0  20    T  0.0    0  3.9 18 250   M    M   2 138    21 240
19  92  76  84   M   0  19 0.04  0.0    0  4.1 17 260   M    M   1 138    21 250
20  93  73  83   M   0  18 0.00  0.0    0  5.6 18 210   M    M   2        30 180
21  95  75  85   M   0  20 0.02  0.0    0  6.3 21 300   M    M   2 1      26 300
22  96  76  86   M   0  21    T  0.0    0  6.4 20 200   M    M   2 13     24 220
23  95  75  85   M   0  20 0.04  0.0    0  5.7 25 280   M    M   4 13     32 280
24  97  75  86   M   0  21 1.02  0.0    0  6.5 24 290   M    M   3 138    30 290
25  96  75  86   M   0  21 0.81  0.0    0  7.4 23 210   M    M   3 13     31 120
26  94  74  84   M   0  19 0.00  0.0    0  4.7 14  40   M    M   2        27  40
27  96  72  84   M   0  19 0.00  0.0    0  5.1 16 360   M    M   1        20 350
28  98  76  87   M   0  22 0.00  0.0    0  5.5 14 220   M    M   1 13     19 340
29  98  77  88   M   0  23 1.11  0.0    0  5.4 26 270   M    M   2 138    37 360
30  92  77  85   M   0  20 0.20  0.0    0  3.6 24 150   M    M   2 13     30 150
================================================================================
SM 2809 2236         0 579  4.30     0.0 167.5          M       60
================================================================================
AV 93.6 74.5                               5.6 FASTST   M    M   2    MAX(MPH)
                                 MISC ---->  # 30 290               # 37  290
================================================================================
NOTES:
# LAST OF SEVERAL OCCURRENCES

COLUMN 17 PEAK WIND IN M.P.H.

PRELIMINARY LOCAL CLIMATOLOGICAL DATA (WS FORM: F-6) , PAGE 2

                                          STATION:  PANAMA CITY NW
                                          MONTH:    JULY
                                          YEAR:     2015
                                          LATITUDE:   30 21 N
                                          LONGITUDE:  85 48 W

[TEMPERATURE DATA]      [PRECIPITATION DATA]       SYMBOLS USED IN COLUMN 16

AVERAGE MONTHLY: 84.1   TOTAL FOR MONTH:   4.30    1 = FOG OR MIST
DPTR FM NORMAL:     M   DPTR FM NORMAL:       M    2 = FOG REDUCING VISIBILITY
HIGHEST:    98 ON 29,28 GRTST 24HR  1.11 ON 29-29      TO 1/4 MILE OR LESS
LOWEST:     70 ON  5, 1                            3 = THUNDER
                        SNOW, ICE PELLETS, HAIL    4 = ICE PELLETS
                        TOTAL MONTH:   0.0 INCH    5 = HAIL
                        GRTST 24HR     0.0         6 = FREEZING RAIN OR DRIZZLE
                        GRTST DEPTH:   0           7 = DUSTSTORM OR SANDSTORM:
                                                       VSBY 1/2 MILE OR LESS
                                                   8 = SMOKE OR HAZE
[NO. OF DAYS WITH]      [WEATHER - DAYS WITH]      9 = BLOWING SNOW
                                                   X = TORNADO
MAX 32 OR BELOW:   0    0.01 INCH OR MORE:  12
MAX 90 OR ABOVE:  26    0.10 INCH OR MORE:   6
MIN 32 OR BELOW:   0    0.50 INCH OR MORE:   4
MIN  0 OR BELOW:   0    1.00 INCH OR MORE:   2

[HDD (BASE 65) ]
TOTAL THIS MO.     0    CLEAR  (SCALE 0-3)  29
DPTR FM NORMAL     M    PTCLDY (SCALE 4-7)   1
TOTAL FM JUL 1     0    CLOUDY (SCALE 8-10)  0
DPTR FM NORMAL     M

[CDD (BASE 65) ]
TOTAL THIS MO.   579
DPTR FM NORMAL     M    [PRESSURE DATA]
TOTAL FM JAN 1  1703    HIGHEST SLP M ON M
DPTR FM NORMAL     M    LOWEST  SLP 29.84 ON 14

[REMARKS]
