000
CXUS51 KRLX 261400
CF6EKN
PRELIMINARY LOCAL CLIMATOLOGICAL DATA (WS FORM: F-6)

                                          STATION:   ELKINS WV
                                          MONTH:     MARCH
                                          YEAR:      2015
                                          LATITUDE:   38 52 N
                                          LONGITUDE:  79 51 W

  TEMPERATURE IN F:       :PCPN:    SNOW:  WIND      :SUNSHINE: SKY     :PK WND
================================================================================
1   2   3   4   5  6A  6B    7    8   9   10  11  12  13   14  15   16   17  18
                                     12Z  AVG MX 2MIN
DY MAX MIN AVG DEP HDD CDD  WTR  SNW DPTH SPD SPD DIR MIN PSBL S-S WX    SPD DR
================================================================================

 1  44  20  32  -3  33   0 0.77  0.0    8  4.9 16 240   M    M  10 1      23 240
 2  41  18  30  -6  35   0 0.17    T    6  8.9 23 300   M    M   5 18     29 310
 3  58  18  38   2  27   0 0.07    M    0  6.9 25 220   M    M   9 1      40 220
 4  57  32  45   9  20   0 1.73  0.8    0  5.9 21 320   M    M  10 18     29 190
 5  32   9  21 -15  44   0 0.65  8.3    3  6.3 13 340   M    M  10 12     16 340
 6  26 -10   8 -29  57   0    T    T    6  1.1 10 330   M    M   2 1      13 330
 7  47   3  25 -12  40   0 0.00  0.0    6  8.3 23 240   M    M   3        37 250
 8  50  30  40   3  25   0 0.00  0.0    2  8.7 21 300   M    M   2        29 250
 9  56  28  42   4  23   0 0.00  0.0    0  2.6 15 250   M    M   0        22 240
10  59  27  43   5  22   0 1.28  0.0    0  2.0 15 170   M    M   8 1      19 180
11  60  36  48  10  17   0 0.17  0.0    0  5.2 15 280   M    M   6 1      23 300
12  59  26  43   5  22   0 0.00  0.0    0  2.7 14 310   M    M   2 12     19 320
13  58  31  45   6  20   0 0.42  0.0    0  8.7 20 150   M    M   4 1      27 140
14  58  44  51  12  14   0 0.85  0.0    0 10.1 21 300   M    M  10 1      30 300
15  54  30  42   3  23   0 0.00  0.0    0 11.3 24 290   M    M   4        34 320
16  69  28  49   9  16   0 0.00  0.0    0  6.9 22 310   M    M   0        31 280
17  62  29  46   6  19   0 0.00  0.0    0 14.1 22 300   M    M   3        33 270
18  44  22  33  -7  32   0 0.00  0.0    0  5.2 15 320   M    M   0        20 350
19  53  24  39  -2  26   0 0.03  0.0    0  3.3 12 170   M    M   4        15 180
20  46  39  43   2  22   0 0.56  0.0    0  5.7 12 280   M    M  10 1      16 250
21  56  39  48   7  17   0 0.01  0.0    0  7.3 17 280   M    M   6 1      25 240
22  50  31  41  -1  24   0 0.00  0.0    0  5.1 14 320   M    M   5 18     19 300
23  53  30  42   0  23   0 0.01    T    0  5.4 16 330   M    M   6        20 330
24  53  33  43   1  22   0 0.00  0.0    0  2.2 13 320   M    M   6        19 260
25  66  34  50   7  15   0 0.06  0.0    0  7.2 20 200   M    M   7 1      29 210
================================================================================
SM 1311  651       638   0  6.78     9.1 156.0          M      132
================================================================================
AV 52.4 26.0                               6.2 FASTST   M    M   5    MAX(MPH)
                                 MISC ---->  # 25 220               # 40  220
================================================================================
NOTES:
# LAST OF SEVERAL OCCURRENCES

COLUMN 17 PEAK WIND IN M.P.H.

PRELIMINARY LOCAL CLIMATOLOGICAL DATA (WS FORM: F-6) , PAGE 2

                                          STATION:  ELKINS WV
                                          MONTH:    MARCH
                                          YEAR:     2015
                                          LATITUDE:   38 52 N
                                          LONGITUDE:  79 51 W

[TEMPERATURE DATA]      [PRECIPITATION DATA]       SYMBOLS USED IN COLUMN 16

AVERAGE MONTHLY: 39.2   TOTAL FOR MONTH:   6.78    1 = FOG OR MIST
DPTR FM NORMAL:   0.4   DPTR FM NORMAL:    3.62    2 = FOG REDUCING VISIBILITY
HIGHEST:    69 ON 16    GRTST 24HR  1.73 ON  4- 4      TO 1/4 MILE OR LESS
LOWEST:    -10 ON  6                               3 = THUNDER
                        SNOW, ICE PELLETS, HAIL    4 = ICE PELLETS
                        TOTAL MONTH:   9.1 INCHES  5 = HAIL
                        GRTST 24HR   8.3 ON   M    6 = FREEZING RAIN OR DRIZZLE
                        GRTST DEPTH:   8 ON  1     7 = DUSTSTORM OR SANDSTORM:
                                                       VSBY 1/2 MILE OR LESS
                                                   8 = SMOKE OR HAZE
[NO. OF DAYS WITH]      [WEATHER - DAYS WITH]      9 = BLOWING SNOW
                                                   X = TORNADO
MAX 32 OR BELOW:   2    0.01 INCH OR MORE:  14
MAX 90 OR ABOVE:   0    0.10 INCH OR MORE:   9
MIN 32 OR BELOW:  19    0.50 INCH OR MORE:   6
MIN  0 OR BELOW:   1    1.00 INCH OR MORE:   2

[HDD (BASE 65) ]
TOTAL THIS MO.   638    CLEAR  (SCALE 0-3)   7
DPTR FM NORMAL   -16    PTCLDY (SCALE 4-7)  12
TOTAL FM JUL 1  5269    CLOUDY (SCALE 8-10)  6
DPTR FM NORMAL   294

[CDD (BASE 65) ]
TOTAL THIS MO.     0
DPTR FM NORMAL     0    [PRESSURE DATA]
TOTAL FM JAN 1     0    HIGHEST SLP M ON M
DPTR FM NORMAL     0    LOWEST  SLP 29.79 ON  4

[REMARKS]
