000
CXUS51 KRLX 191219
CF6EKN
PRELIMINARY LOCAL CLIMATOLOGICAL DATA (WS FORM: F-6)

                                          STATION:   ELKINS WV
                                          MONTH:     JANUARY
                                          YEAR:      2017
                                          LATITUDE:   38 52 N
                                          LONGITUDE:  79 51 W

  TEMPERATURE IN F:       :PCPN:    SNOW:  WIND      :SUNSHINE: SKY     :PK WND
================================================================================
1   2   3   4   5  6A  6B    7    8   9   10  11  12  13   14  15   16   17  18
                                     12Z  AVG MX 2MIN
DY MAX MIN AVG DEP HDD CDD  WTR  SNW DPTH SPD SPD DIR MIN PSBL S-S WX    SPD DR
================================================================================

 1  47  33  40  11  25   0 0.10  0.0    0  1.7 12 230   M    M   8 1      18 230
 2  55  39  47  18  18   0 0.55  0.0    0  3.2 13 170   M    M   8 1      17 190
 3  55  47  51  22  14   0 0.95  0.0    0  6.4 17 250   M    M   9 1      23 260
 4  53  23  38   9  27   0 0.09  0.0    0 12.7 24 270   M    M   5 18     37 290
 5  27  19  23  -6  42   0 0.16  3.5    0  4.2 13 240   M    M   7 1      21 230
 6  21  13  17 -12  48   0 0.01  1.1    5  4.8 12 320   M    M  10 18     15 310
 7  13   7  10 -19  55   0 0.01    T    3  7.4 17 290   M    M  10 8      23 290
 8  13  -2   6 -23  59   0    T  0.1    3  8.0 20 270   M    M   9 89     27 250
 9  33  -4  15 -14  50   0 0.00  0.0    3  1.8 14 280   M    M   4        19 290
10  47  13  30   1  35   0 0.01  0.0    2  5.8 18 200   M    M   8        31 210
11  56  32  44  15  21   0 0.44  0.0    0  7.4 22 230   M    M   4 1      33 260
12  66  53  60  31   5   0 0.18  0.0    0 13.8 25 210   M    M   9 1      35 220
13  53  36  45  16  20   0 0.03  0.0    0  4.1 14 290   M    M  10 1      20 280
14  47  36  42  13  23   0 1.08  0.0    0  2.4 13 330   M    M  10 1      15 320
15  42  35  39  10  26   0 0.01  0.0    0  2.3  9 290   M    M  10 1      12 330
16  58  36  47  18  18   0 0.01  0.0    0  0.1  6 290   M    M   9 12      7 290
17  61  43  52  23  13   0 0.35  0.0    0  8.3 22 230   M    M   8 12     33 250
18  56  38  47  18  18   0 0.06  0.0    0  7.9 23 280   M    M  10 18     35 280
================================================================================
SM  803  497       517   0  4.04     4.7 102.3          M      148
================================================================================
AV 44.6 27.6                               5.7 FASTST   M    M   8    MAX(MPH)
                                 MISC ---->  # 25 210               # 37  290
================================================================================
NOTES:
# LAST OF SEVERAL OCCURRENCES

COLUMN 17 PEAK WIND IN M.P.H.

PRELIMINARY LOCAL CLIMATOLOGICAL DATA (WS FORM: F-6) , PAGE 2

                                          STATION:  ELKINS WV
                                          MONTH:    JANUARY
                                          YEAR:     2017
                                          LATITUDE:   38 52 N
                                          LONGITUDE:  79 51 W

[TEMPERATURE DATA]      [PRECIPITATION DATA]       SYMBOLS USED IN COLUMN 16

AVERAGE MONTHLY: 36.1   TOTAL FOR MONTH:   4.04    1 = FOG OR MIST
DPTR FM NORMAL:   7.1   DPTR FM NORMAL:    2.17    2 = FOG REDUCING VISIBILITY
HIGHEST:    66 ON 12    GRTST 24HR  1.08 ON 14-14      TO 1/4 MILE OR LESS
LOWEST:     -4 ON  9                               3 = THUNDER
                        SNOW, ICE PELLETS, HAIL    4 = ICE PELLETS
                        TOTAL MONTH:   4.7 INCHES  5 = HAIL
                        GRTST 24HR   3.5 ON  5- 5  6 = FREEZING RAIN OR DRIZZLE
                        GRTST DEPTH:   5 ON  6     7 = DUSTSTORM OR SANDSTORM:
                                                       VSBY 1/2 MILE OR LESS
                                                   8 = SMOKE OR HAZE
[NO. OF DAYS WITH]      [WEATHER - DAYS WITH]      9 = BLOWING SNOW
                                                   X = TORNADO
MAX 32 OR BELOW:   4    0.01 INCH OR MORE:  16
MAX 90 OR ABOVE:   0    0.10 INCH OR MORE:   8
MIN 32 OR BELOW:   8    0.50 INCH OR MORE:   3
MIN  0 OR BELOW:   2    1.00 INCH OR MORE:   1

[HDD (BASE 65) ]
TOTAL THIS MO.   517    CLEAR  (SCALE 0-3)   0
DPTR FM NORMAL  -131    PTCLDY (SCALE 4-7)   6
TOTAL FM JUL 1  2380    CLOUDY (SCALE 8-10) 12
DPTR FM NORMAL  -559

[CDD (BASE 65) ]
TOTAL THIS MO.     0
DPTR FM NORMAL     0    [PRESSURE DATA]
TOTAL FM JAN 1     0    HIGHEST SLP M ON M
DPTR FM NORMAL     0    LOWEST  SLP 29.59 ON  3

[REMARKS]
