000
CXUS56 KLKN 221001
CF6EKO
PRELIMINARY LOCAL CLIMATOLOGICAL DATA (WS FORM: F-6)

                                          STATION:   ELKO AIRPORT NV
                                          MONTH:     SEPTEMBER
                                          YEAR:      2014
                                          LATITUDE:   40 49 N
                                          LONGITUDE: 115 47 W

  TEMPERATURE IN F:       :PCPN:    SNOW:  WIND      :SUNSHINE: SKY     :PK WND
================================================================================
1   2   3   4   5  6A  6B    7    8   9   10  11  12  13   14  15   16   17  18
                                     12Z  AVG MX 2MIN
DY MAX MIN AVG DEP HDD CDD  WTR  SNW DPTH SPD SPD DIR MIN PSBL S-S WX    SPD DR
================================================================================

 1  84  38  61  -3   4   0 0.00  0.0    0  3.7 14 230   M    M   0        19 230
 2  90  45  68   4   0   3 0.00  0.0    0  3.6 21 270   M    M   0        27 270
 3  82  49  66   2   0   1 0.00  0.0    0  8.3 24 260   M    M   0 8      32 270
 4  76  39  58  -5   7   0 0.00  0.0    0  7.6 18  30   M    M   1        24  50
 5  83  40  62  -1   3   0 0.00  0.0    0  4.7 15  40   M    M   0        19  60
 6  89  45  67   5   0   2 0.00  0.0    0  4.4 17 220   M    M   0        21 230
 7  90  46  68   6   0   3 0.00  0.0    0  4.9 20 280   M    M   0        25 270
 8  87  43  65   3   0   0 0.00  0.0    0  8.1 25 270   M    M   1        33 220
 9  82  48  65   3   0   0 0.01  0.0    0  9.1 25 260   M    M   2 8      34 270
10  80  42  61   0   4   0 0.00  0.0    0  6.4 20 260   M    M   0        26 260
11  82  37  60  -1   5   0 0.00  0.0    0  8.3 23  30   M    M   0 8      31  30
12  83  35  59  -1   6   0 0.00  0.0    0  3.3 15 260   M    M   0        18 240
13  89  39  64   4   1   0 0.00  0.0    0  4.3 20 250   M    M   0        29 260
14  86  43  65   5   0   0 0.00  0.0    0  3.5 14 230   M    M   0        19 270
15  89  45  67   8   0   2 0.00  0.0    0  3.5 15 260   M    M   0        23 290
16  92  46  69  10   0   4 0.00  0.0    0  3.9 18 240   M    M   0        23 250
17  93  50  72  14   0   7    T  0.0    0  4.6 28 190   M    M   1 38     39 210
18  85  56  71  13   0   6 0.04  0.0    0  6.4 20 170   M    M   4 3      33 170
19  85  45  65   7   0   0 0.00  0.0    0  4.7 15  60   M    M   0 18     19  40
20  89  46  68  11   0   3 0.00  0.0    0  3.7 28 240   M    M   0        35 230
21  73  47  60   3   5   0 0.09  0.0    0  4.9 24 170   M    M   4        32 160
================================================================================
SM 1789  924        35  31  0.14     0.0 111.9          M       13
================================================================================
AV 85.2 44.0                               5.3 FASTST   M    M   1    MAX(MPH)
                                 MISC ---->  # 28 190               # 39  210
================================================================================
NOTES:
# LAST OF SEVERAL OCCURRENCES

COLUMN 17 PEAK WIND IN M.P.H.

PRELIMINARY LOCAL CLIMATOLOGICAL DATA (WS FORM: F-6) , PAGE 2

                                          STATION:  ELKO AIRPORT NV
                                          MONTH:    SEPTEMBER
                                          YEAR:     2014
                                          LATITUDE:   40 49 N
                                          LONGITUDE: 115 47 W

[TEMPERATURE DATA]      [PRECIPITATION DATA]       SYMBOLS USED IN COLUMN 16

AVERAGE MONTHLY: 64.6   TOTAL FOR MONTH:   0.14    1 = FOG OR MIST
DPTR FM NORMAL:   3.9   DPTR FM NORMAL:   -0.24    2 = FOG REDUCING VISIBILITY
HIGHEST:    93 ON 17    GRTST 24HR  0.09 ON 21-21      TO 1/4 MILE OR LESS
LOWEST:     35 ON 12                               3 = THUNDER
                        SNOW, ICE PELLETS, HAIL    4 = ICE PELLETS
                        TOTAL MONTH:   0.0 INCH    5 = HAIL
                        GRTST 24HR     0.0         6 = FREEZING RAIN OR DRIZZLE
                        GRTST DEPTH:   0           7 = DUSTSTORM OR SANDSTORM:
                                                       VSBY 1/2 MILE OR LESS
                                                   8 = SMOKE OR HAZE
[NO. OF DAYS WITH]      [WEATHER - DAYS WITH]      9 = BLOWING SNOW
                                                   X = TORNADO
MAX 32 OR BELOW:   0    0.01 INCH OR MORE:   3
MAX 90 OR ABOVE:   4    0.10 INCH OR MORE:   0
MIN 32 OR BELOW:   0    0.50 INCH OR MORE:   0
MIN  0 OR BELOW:   0    1.00 INCH OR MORE:   0

[HDD (BASE 65) ]
TOTAL THIS MO.    35    CLEAR  (SCALE 0-3)  19
DPTR FM NORMAL   -78    PTCLDY (SCALE 4-7)   2
TOTAL FM JUL 1    55    CLOUDY (SCALE 8-10)  0
DPTR FM NORMAL  -109

[CDD (BASE 65) ]
TOTAL THIS MO.    31
DPTR FM NORMAL    11    [PRESSURE DATA]
TOTAL FM JAN 1   535    HIGHEST SLP M ON M
DPTR FM NORMAL   153    LOWEST  SLP 29.67 ON 18

[REMARKS]
