000
CXUS56 KLKN 011001
CF6EKO
PRELIMINARY LOCAL CLIMATOLOGICAL DATA (WS FORM: F-6)

                                          STATION:   ELKO AIRPORT NV
                                          MONTH:     JULY
                                          YEAR:      2014
                                          LATITUDE:   40 49 N
                                          LONGITUDE: 115 47 W

  TEMPERATURE IN F:       :PCPN:    SNOW:  WIND      :SUNSHINE: SKY     :PK WND
================================================================================
1   2   3   4   5  6A  6B    7    8   9   10  11  12  13   14  15   16   17  18
                                     12Z  AVG MX 2MIN
DY MAX MIN AVG DEP HDD CDD  WTR  SNW DPTH SPD SPD DIR MIN PSBL S-S WX    SPD DR
================================================================================

 1  95  47  71   4   0   6 0.00  0.0    0  3.1 10  50   M    M   0 8      14  40
 2  98  57  78  10   0  13 0.00  0.0    0  6.0 24  50   M    M   0        39 200
 3  97  56  77   9   0  12 0.00  0.0    0  4.8 24 210   M    M   0        33 210
 4  98  50  74   6   0   9 0.00  0.0    0  5.9 21 290   M    M   M        28 260
 5  97  54  76   8   0  11 0.00  0.0    0  5.5 16 290   M    M   M        21 270
 6 100  54  77   8   0  12 0.00  0.0    0  4.6 20  10   M    M   M        23 340
 7 102  55  79  10   0  14 0.00  0.0    0  4.8 25 240   M    M   0 8      31 200
 8  99  60  80  11   0  15 0.00  0.0    0  4.8 22 270   M    M   1        26 270
 9  94  61  78   8   0  13 0.16  0.0    0  5.8 35 150   M    M   3 3      45 160
10  93  57  75   5   0  10 0.04  0.0    0  5.0 25 110   M    M   1        32 110
11  91  55  73   3   0   8 0.04  0.0    0  7.6 29 340   M    M   2 8      32 350
12  94  58  76   6   0  11    T  0.0    0  5.3 22  40   M    M   1        28  40
13 101  57  79   9   0  14 0.00  0.0    0  3.5 15  30   M    M   0        19  40
14 104  59  82  12   0  17 0.00  0.0    0  6.8 21 190   M    M   0        29 270
15 100  71  86  15   0  21 0.00  0.0    0  6.5 23 330   M    M   0        28 320
16  96  58  77   6   0  12 0.00  0.0    0  5.9 18 330   M    M   1 8      23 340
17  96  52  74   3   0   9 0.00  0.0    0  4.8 23 340   M    M   0        26 330
18  98  57  78   7   0  13 0.00  0.0    0  7.1 26 160   M    M   0        33 170
19  98  59  79   8   0  14 0.00  0.0    0  5.7 23 180   M    M   0        32 200
20  90  57  74   3   0   9 0.24  0.0    0  5.8 38 170   M    M   2 38     50 170
21  86  55  71   0   0   6 0.03  0.0    0  9.0 20 250   M    M   2 3      30 270
22  96  53  75   4   0  10 0.00  0.0    0  6.3 21 200   M    M   0        27 200
23  97  56  77   6   0  12 0.00  0.0    0  9.2 28 240   M    M   0        36 250
24  89  53  71   0   0   6 0.00  0.0    0  7.1 18 290   M    M   0        24 260
25  94  49  72   1   0   7 0.00  0.0    0  5.4 23 260   M    M   0        28 270
26  96  48  72   1   0   7 0.00  0.0    0  3.5 14 250   M    M   0        23 250
27  97  57  77   6   0  12    T  0.0    0  5.1 28 170   M    M   1        37 170
28  93  67  80   9   0  15    T  0.0    0  6.3 25 330   M    M   4        31 320
29  86  64  75   4   0  10 0.03  0.0    0  8.1 30 320   M    M   5 3      37 320
30  90  55  73   2   0   8    T  0.0    0  5.0 21  20   M    M   1        24  30
31  89  57  73   2   0   8 0.01  0.0    0  6.1 24  80   M    M   2 3      34  80
================================================================================
SM 2954 1748         0 344  0.55     0.0 180.4          M       26
================================================================================
AV 95.3 56.4                               5.8 FASTST   M    M   1    MAX(MPH)
                                 MISC ---->  # 38 170               # 50  170
================================================================================
NOTES:
# LAST OF SEVERAL OCCURRENCES

COLUMN 17 PEAK WIND IN M.P.H.

PRELIMINARY LOCAL CLIMATOLOGICAL DATA (WS FORM: F-6) , PAGE 2

                                          STATION:  ELKO AIRPORT NV
                                          MONTH:    JULY
                                          YEAR:     2014
                                          LATITUDE:   40 49 N
                                          LONGITUDE: 115 47 W

[TEMPERATURE DATA]      [PRECIPITATION DATA]       SYMBOLS USED IN COLUMN 16

AVERAGE MONTHLY: 75.8   TOTAL FOR MONTH:   0.55    1 = FOG OR MIST
DPTR FM NORMAL:   5.6   DPTR FM NORMAL:    0.18    2 = FOG REDUCING VISIBILITY
HIGHEST:   104 ON 14    GRTST 24HR  0.24 ON 20-20      TO 1/4 MILE OR LESS
LOWEST:     47 ON  1                               3 = THUNDER
                        SNOW, ICE PELLETS, HAIL    4 = ICE PELLETS
                        TOTAL MONTH:   0.0 INCH    5 = HAIL
                        GRTST 24HR     0.0         6 = FREEZING RAIN OR DRIZZLE
                        GRTST DEPTH:   0           7 = DUSTSTORM OR SANDSTORM:
                                                       VSBY 1/2 MILE OR LESS
                                                   8 = SMOKE OR HAZE
[NO. OF DAYS WITH]      [WEATHER - DAYS WITH]      9 = BLOWING SNOW
                                                   X = TORNADO
MAX 32 OR BELOW:   0    0.01 INCH OR MORE:   7
MAX 90 OR ABOVE:  27    0.10 INCH OR MORE:   2
MIN 32 OR BELOW:   0    0.50 INCH OR MORE:   0
MIN  0 OR BELOW:   0    1.00 INCH OR MORE:   0

[HDD (BASE 65) ]
TOTAL THIS MO.     0    CLEAR  (SCALE 0-3)  26
DPTR FM NORMAL   -19    PTCLDY (SCALE 4-7)   2
TOTAL FM JUL 1     0    CLOUDY (SCALE 8-10)  0
DPTR FM NORMAL   -19

[CDD (BASE 65) ]
TOTAL THIS MO.   344
DPTR FM NORMAL   164    [PRESSURE DATA]
TOTAL FM JAN 1   376    HIGHEST SLP M ON M
DPTR FM NORMAL   145    LOWEST  SLP 29.73 ON  2

[REMARKS]
#FINAL-07-14#
#FINAL-07-14#
