000
CXUS54 KSHV 011300
CF6ELD
PRELIMINARY LOCAL CLIMATOLOGICAL DATA (WS FORM: F-6)

                                          STATION:   EL DORADO
                                          MONTH:     JANUARY
                                          YEAR:      2015
                                          LATITUDE:   33 13 N
                                          LONGITUDE:  92 49 W

  TEMPERATURE IN F:       :PCPN:    SNOW:  WIND      :SUNSHINE: SKY     :PK WND
================================================================================
1   2   3   4   5  6A  6B    7    8   9   10  11  12  13   14  15   16   17  18
                                     12Z  AVG MX 2MIN
DY MAX MIN AVG DEP HDD CDD  WTR  SNW DPTH SPD SPD DIR MIN PSBL S-S WX    SPD DR
================================================================================

 1  38  35  37  -7  28   0 0.89  0.0    0  4.8 12  60   M    M  10 13     14  60
 2  47  37  42  -2  23   0 0.88  0.0    0  6.7 13  40   M    M  10 12     15  50
 3  59  45  52   8  13   0 2.16  0.0    0  7.2 29 280   M    M   9 13     43 290
 4  46  28  37  -7  28   0 0.00  0.0    0  8.0 20 310   M    M   5 1      27 310
 5  43  23  33 -11  32   0 0.00  0.0    0  4.7 13  40   M    M   0        19  50
 6  58  24  41  -3  24   0 0.00  0.0    0  2.0 12  50   M    M   0        14  10
 7  44  21  33 -11  32   0 0.00  0.0    0  9.9 24 350   M    M   1        34 340
 8  36  13  25 -19  40   0 0.00  0.0    0  4.8 14 170   M    M   0        18 180
 9  44  20  32 -12  33   0 0.00  0.0    0  4.4 15  20   M    M   0        20  20
10  37  24  31 -13  34   0    T  0.0    0  4.6 10 110   M    M   8 4      14 110
11  42  32  37  -7  28   0 0.18  0.0    0  5.0 10  80   M    M   9 16     14 100
12  45  39  42  -2  23   0    T  0.0    0  7.3 16  20   M    M  10 1      23  40
13  39  25  32 -12  33   0 0.00  0.0    0  7.6 16  30   M    M   7        22 360
14  44  25  35  -9  30   0 0.00  0.0    0  4.4 13  30   M    M   5        15  20
15  52  28  40  -4  25   0    T    T    0  2.1 12 320   M    M   5 4      14 310
16  58  25  42  -2  23   0 0.00  0.0    0  1.7  9 210   M    M   0        14 200
17  64  28  46   2  19   0 0.00  0.0    0  6.3 18 210   M    M   1        24 220
18  67  29  48   4  17   0 0.00  0.0    0  3.3 12 220   M    M   0        15 210
19  69  31  50   6  15   0 0.00  0.0    0  4.7 15 200   M    M   0        20 250
20  68  34  51   7  14   0 0.00  0.0    0  3.6 10  30   M    M   1        15  40
21  62  34  48   4  17   0 0.00  0.0    0  4.9 13  60   M    M   1        16  60
22  50  38  44   0  21   0 0.62    M    0 11.9 21  30   M    M  10 1      29  20
23  39  31  35  -9  30   0 0.16    M    0  6.5 16 350   M    M   8 12     22 340
24  59  27  43  -1  22   0 0.00  0.0    0  5.8 13 220   M    M   0 1      17 210
25  63  35  49   5  16   0 0.00  0.0    0  9.9 26 280   M    M   3        36 300
26  61  32  47   3  18   0 0.00  0.0    0  4.9 12 300   M    M   0        17 320
27  71  35  53   9  12   0 0.00  0.0    0  2.1 12  50   M    M   0        15  50
28  74  37  56  11   9   0 0.00  0.0    0  6.5 17 180   M    M   0        22 160
29  73  44  59  14   6   0 0.00  0.0    0 10.3 17  20   M    M   0        25  20
30  54  32  43  -2  22   0 0.00  0.0    0  5.0 16  40   M    M   0        21  40
31  54  34  44  -1  21   0 0.00  0.0    0  6.1 14 150   M    M   2        18 150
================================================================================
SM 1660  945       708   0  4.89    T    177.0          M      105
================================================================================
AV 53.5 30.5                               5.7 FASTST   M    M   3    MAX(MPH)
                                 MISC ---->  # 29 280               # 43  290
================================================================================
NOTES:
# LAST OF SEVERAL OCCURRENCES

COLUMN 17 PEAK WIND IN M.P.H.

PRELIMINARY LOCAL CLIMATOLOGICAL DATA (WS FORM: F-6) , PAGE 2

                                          STATION:  EL DORADO
                                          MONTH:    JANUARY
                                          YEAR:     2015
                                          LATITUDE:   33 13 N
                                          LONGITUDE:  92 49 W

[TEMPERATURE DATA]      [PRECIPITATION DATA]       SYMBOLS USED IN COLUMN 16

AVERAGE MONTHLY: 42.0   TOTAL FOR MONTH:   4.89    1 = FOG OR MIST
DPTR FM NORMAL:  -1.9   DPTR FM NORMAL:    0.59    2 = FOG REDUCING VISIBILITY
HIGHEST:    74 ON 28    GRTST 24HR  2.16 ON  3- 3      TO 1/4 MILE OR LESS
LOWEST:     13 ON  8                               3 = THUNDER
                        SNOW, ICE PELLETS, HAIL    4 = ICE PELLETS
                        TOTAL MONTH:    T          5 = HAIL
                        GRTST 24HR    T  ON 15-15  6 = FREEZING RAIN OR DRIZZLE
                        GRTST DEPTH:   0           7 = DUSTSTORM OR SANDSTORM:
                                                       VSBY 1/2 MILE OR LESS
                                                   8 = SMOKE OR HAZE
[NO. OF DAYS WITH]      [WEATHER - DAYS WITH]      9 = BLOWING SNOW
                                                   X = TORNADO
MAX 32 OR BELOW:   0    0.01 INCH OR MORE:   6
MAX 90 OR ABOVE:   0    0.10 INCH OR MORE:   6
MIN 32 OR BELOW:  19    0.50 INCH OR MORE:   4
MIN  0 OR BELOW:   0    1.00 INCH OR MORE:   1

[HDD (BASE 65) ]
TOTAL THIS MO.   708    CLEAR  (SCALE 0-3)  19
DPTR FM NORMAL    52    PTCLDY (SCALE 4-7)   5
TOTAL FM JUL 1  1801    CLOUDY (SCALE 8-10)  7
DPTR FM NORMAL    58

[CDD (BASE 65) ]
TOTAL THIS MO.     0
DPTR FM NORMAL    -2    [PRESSURE DATA]
TOTAL FM JAN 1     0    HIGHEST SLP 30.85 ON  7
DPTR FM NORMAL     0    LOWEST  SLP 29.77 ON  3

[REMARKS]
#FINAL-01-15#
