000
CXUS54 KEPZ 191200
CF6ELP
PRELIMINARY LOCAL CLIMATOLOGICAL DATA (WS FORM: F-6)

                                          STATION:   EL PASO
                                          MONTH:     NOVEMBER
                                          YEAR:      2017
                                          LATITUDE:   31 47 N
                                          LONGITUDE: 106 24 W

  TEMPERATURE IN F:       :PCPN:    SNOW:  WIND      :SUNSHINE: SKY     :PK WND
================================================================================
1   2   3   4   5  6A  6B    7    8   9   10  11  12  13   14  15   16   17  18
                                     12Z  AVG MX 2MIN
DY MAX MIN AVG DEP HDD CDD  WTR  SNW DPTH SPD SPD DIR MIN PSBL S-S WX    SPD DR
================================================================================

 1  78  52  65   6   0   0 0.00  0.0    0 12.4 25 250   M    M   3 8      33 260
 2  77  59  68   9   0   3 0.00  0.0    0 10.3 23 240   M    M   1 8      32 260
 3  78  50  64   6   1   0 0.00  0.0    0  8.7 24 260   M    M   4        28 250
 4  75  50  63   5   2   0    T  0.0    0  7.4 21 190   M    M   7        26 190
 5  81  55  68  11   0   3 0.00  0.0    0  8.9 24 250   M    M   3        28 260
 6  81  56  69  12   0   4 0.00  0.0    0  7.4 18 250   M    M   5        26 270
 7  80  54  67  10   0   2    T  0.0    0  5.7 14 260   M    M   7        19 310
 8  67  48  58   2   7   0 0.28  0.0    0  6.5 15 100   M    M   6 1      20 150
 9  69  44  57   1   8   0 0.00  0.0    0  3.0  8 100   M    M   3         9  80
10  75  46  61   6   4   0 0.00  0.0    0  3.4  8 180   M    M   3        10 190
11  81  53  67  12   0   2 0.00  0.0    0  6.6 17 290   M    M   4        20 280
12  79  50  65  11   0   0 0.00  0.0    0  6.8 16  20   M    M   5 8      21  20
13  76  49  63   9   2   0 0.00  0.0    0  3.4 10 140   M    M   5        14 140
14  83  47  65  11   0   0 0.00  0.0    0  5.1 18 240   M    M   2        25 260
15  77  48  63  10   2   0 0.00  0.0    0  6.1 13 130   M    M   3 8      17 300
16  81  46  64  11   1   0 0.00  0.0    0  5.0 12 220   M    M   1        14 220
17  82  48  65  13   0   0 0.00  0.0    0 11.2 25 270   M    M   5        34 270
18  71  45  58   6   7   0 0.00  0.0    0 11.5 25 290   M    M   3 8      33 290
================================================================================
SM 1391  900        34  14  0.28     0.0 129.4          M       70
================================================================================
AV 77.3 50.0                               7.2 FASTST   M    M   4    MAX(MPH)
                                 MISC ---->  # 25 250               # 34  270
================================================================================
NOTES:
# LAST OF SEVERAL OCCURRENCES

COLUMN 17 PEAK WIND IN M.P.H.

PRELIMINARY LOCAL CLIMATOLOGICAL DATA (WS FORM: F-6) , PAGE 2

                                          STATION:  EL PASO
                                          MONTH:    NOVEMBER
                                          YEAR:     2017
                                          LATITUDE:   31 47 N
                                          LONGITUDE: 106 24 W

[TEMPERATURE DATA]      [PRECIPITATION DATA]       SYMBOLS USED IN COLUMN 16

AVERAGE MONTHLY: 63.6   TOTAL FOR MONTH:   0.28    1 = FOG OR MIST
DPTR FM NORMAL:   8.1   DPTR FM NORMAL:   -0.01    2 = FOG REDUCING VISIBILITY
HIGHEST:    83 ON 14    GRTST 24HR  0.28 ON  8- 8      TO 1/4 MILE OR LESS
LOWEST:     44 ON  9                               3 = THUNDER
                        SNOW, ICE PELLETS, HAIL    4 = ICE PELLETS
                        TOTAL MONTH:   0.0 INCH    5 = HAIL
                        GRTST 24HR     0.0         6 = FREEZING RAIN OR DRIZZLE
                        GRTST DEPTH:   0           7 = DUSTSTORM OR SANDSTORM:
                                                       VSBY 1/2 MILE OR LESS
                                                   8 = SMOKE OR HAZE
[NO. OF DAYS WITH]      [WEATHER - DAYS WITH]      9 = BLOWING SNOW
                                                   X = TORNADO
MAX 32 OR BELOW:   0    0.01 INCH OR MORE:   1
MAX 90 OR ABOVE:   0    0.10 INCH OR MORE:   1
MIN 32 OR BELOW:   0    0.50 INCH OR MORE:   0
MIN  0 OR BELOW:   0    1.00 INCH OR MORE:   0

[HDD (BASE 65) ]
TOTAL THIS MO.    34    CLEAR  (SCALE 0-3)   8
DPTR FM NORMAL  -139    PTCLDY (SCALE 4-7)  10
TOTAL FM JUL 1    77    CLOUDY (SCALE 8-10)  0
DPTR FM NORMAL  -179

[CDD (BASE 65) ]
TOTAL THIS MO.    14
DPTR FM NORMAL    14    [PRESSURE DATA]
TOTAL FM JAN 1  2917    HIGHEST SLP M ON M
DPTR FM NORMAL   589    LOWEST  SLP 29.73 ON  1

[REMARKS]
