000
CXUS54 KEPZ 271200
CF6ELP
PRELIMINARY LOCAL CLIMATOLOGICAL DATA (WS FORM: F-6)

                                          STATION:   EL PASO
                                          MONTH:     AUGUST
                                          YEAR:      2015
                                          LATITUDE:   31 47 N
                                          LONGITUDE: 106 24 W

  TEMPERATURE IN F:       :PCPN:    SNOW:  WIND      :SUNSHINE: SKY     :PK WND
================================================================================
1   2   3   4   5  6A  6B    7    8   9   10  11  12  13   14  15   16   17  18
                                     12Z  AVG MX 2MIN
DY MAX MIN AVG DEP HDD CDD  WTR  SNW DPTH SPD SPD DIR MIN PSBL S-S WX    SPD DR
================================================================================

 1  96  75  86   4   0  21 0.00  0.0    0  7.4 20 110   M    M   4        25 110
 2  96  71  84   2   0  19 0.30  0.0    0  6.9 29 190   M    M   6 3      36 220
 3  94  72  83   1   0  18 0.00  0.0    0  6.0 28 150   M    M   6        36 150
 4  99  72  86   4   0  21 0.00  0.0    0  5.2 12 310   M    M   3        15 310
 5 103  75  89   7   0  24 0.00  0.0    0  5.7 20  60   M    M   3        23  50
 6 103  75  89   7   0  24    T  0.0    0  6.0 20 100   M    M   4        28 100
 7 102  78  90   8   0  25 0.00  0.0    0  7.5 32 270   M    M   4        43 260
 8  96  77  87   5   0  22 0.02  0.0    0  7.8 24  10   M    M   5 3      29  10
 9  98  72  85   3   0  20 0.12  0.0    0  6.3 29 250   M    M   5 13     39 260
10  97  73  85   3   0  20 0.01  0.0    0  7.8 23  20   M    M   5 3      29  30
11  96  74  85   3   0  20 0.04  0.0    0 12.6 23 110   M    M   3 3      31 130
12  98  74  86   5   0  21 0.00  0.0    0  6.7 20 130   M    M   3        27 130
13  99  77  88   7   0  23 0.00  0.0    0  3.9 15 140   M    M   3 3      20 140
14 102  75  89   8   0  24 0.00  0.0    0  5.2 17 130   M    M   3        24 140
15 102  78  90   9   0  25    T  0.0    0  8.1 31  10   M    M   5 38     36  10
16  97  73  85   4   0  20 0.02  0.0    0  8.3 24  10   M    M   6 3      29  20
17  97  73  85   4   0  20 0.00  0.0    0  7.6 18 260   M    M   4        23 140
18 102  79  91  10   0  26 0.00  0.0    0  9.2 25 270   M    M   5        33 270
19  99  77  88   7   0  23 0.00  0.0    0 12.5 23 100   M    M   2        30 110
20 100  69  85   4   0  20 0.00  0.0    0  7.8 26 230   M    M   3        32 220
21 100  74  87   6   0  22 0.00  0.0    0 10.9 22 190   M    M   5 3      30 200
22  97  72  85   4   0  20 0.01  0.0    0 10.2 30 250   M    M   7 3      34 250
23  94  73  84   3   0  19    T  0.0    0  9.5 21 100   M    M   6 3      28 100
24  92  68  80  -1   0  15 0.45  0.0    0  8.1 23  80   M    M   8 13     29  60
25  95  71  83   3   0  18 0.03  0.0    0  6.0 24 140   M    M   6 3      31 140
26  97  74  86   6   0  21 0.39  0.0    0  5.4 32 130   M    M   2 3      42 130
================================================================================
SM 2551 1921         0 551  1.39     0.0 198.6          M      116
================================================================================
AV 98.1 73.9                               7.6 FASTST   M    M   4    MAX(MPH)
                                 MISC ---->  # 32 270               # 43  260
================================================================================
NOTES:
# LAST OF SEVERAL OCCURRENCES

COLUMN 17 PEAK WIND IN M.P.H.

PRELIMINARY LOCAL CLIMATOLOGICAL DATA (WS FORM: F-6) , PAGE 2

                                          STATION:  EL PASO
                                          MONTH:    AUGUST
                                          YEAR:     2015
                                          LATITUDE:   31 47 N
                                          LONGITUDE: 106 24 W

[TEMPERATURE DATA]      [PRECIPITATION DATA]       SYMBOLS USED IN COLUMN 16

AVERAGE MONTHLY: 86.0   TOTAL FOR MONTH:   1.39    1 = FOG OR MIST
DPTR FM NORMAL:   4.7   DPTR FM NORMAL:   -0.37    2 = FOG REDUCING VISIBILITY
HIGHEST:   103 ON  6, 5 GRTST 24HR  0.45 ON 24-24      TO 1/4 MILE OR LESS
LOWEST:     68 ON 24                               3 = THUNDER
                        SNOW, ICE PELLETS, HAIL    4 = ICE PELLETS
                        TOTAL MONTH:   0.0 INCH    5 = HAIL
                        GRTST 24HR     0.0         6 = FREEZING RAIN OR DRIZZLE
                        GRTST DEPTH:   0           7 = DUSTSTORM OR SANDSTORM:
                                                       VSBY 1/2 MILE OR LESS
                                                   8 = SMOKE OR HAZE
[NO. OF DAYS WITH]      [WEATHER - DAYS WITH]      9 = BLOWING SNOW
                                                   X = TORNADO
MAX 32 OR BELOW:   0    0.01 INCH OR MORE:  10
MAX 90 OR ABOVE:  26    0.10 INCH OR MORE:   4
MIN 32 OR BELOW:   0    0.50 INCH OR MORE:   0
MIN  0 OR BELOW:   0    1.00 INCH OR MORE:   0

[HDD (BASE 65) ]
TOTAL THIS MO.     0    CLEAR  (SCALE 0-3)   7
DPTR FM NORMAL     0    PTCLDY (SCALE 4-7)  19
TOTAL FM JUL 1     0    CLOUDY (SCALE 8-10)  0
DPTR FM NORMAL     0

[CDD (BASE 65) ]
TOTAL THIS MO.   551
DPTR FM NORMAL   127    [PRESSURE DATA]
TOTAL FM JAN 1  2126    HIGHEST SLP M ON M
DPTR FM NORMAL   271    LOWEST  SLP 29.52 ON 18

[REMARKS]
