000
CXUS54 KEPZ 271200
CF6ELP
PRELIMINARY LOCAL CLIMATOLOGICAL DATA (WS FORM: F-6)

                                          STATION:   EL PASO
                                          MONTH:     FEBRUARY
                                          YEAR:      2017
                                          LATITUDE:   31 47 N
                                          LONGITUDE: 106 24 W

  TEMPERATURE IN F:       :PCPN:    SNOW:  WIND      :SUNSHINE: SKY     :PK WND
================================================================================
1   2   3   4   5  6A  6B    7    8   9   10  11  12  13   14  15   16   17  18
                                     12Z  AVG MX 2MIN
DY MAX MIN AVG DEP HDD CDD  WTR  SNW DPTH SPD SPD DIR MIN PSBL S-S WX    SPD DR
================================================================================

 1  70  38  54   7  11   0 0.00  0.0    0  4.7 12 270   M    M   1        14 270
 2  70  32  51   3  14   0 0.00  0.0    0  4.5 12 130   M    M   3        14 170
 3  72  37  55   7  10   0 0.00  0.0    0  2.5 12 120   M    M   6        14 100
 4  74  40  57   9   8   0 0.00  0.0    0  5.8 22 250   M    M   6        26 250
 5  73  40  57   9   8   0 0.00  0.0    0  5.2 20 250   M    M   3        23 250
 6  70  52  61  13   4   0 0.00  0.0    0 10.1 25 260   M    M   7        31 250
 7  68  52  60  12   5   0 0.00  0.0    0 19.8 47 270   M    M   5 7      57 280
 8  72  43  58   9   7   0 0.00  0.0    0  4.8 22 290   M    M   3        28 280
 9  78  43  61  12   4   0 0.00  0.0    0  2.9  8 350   M    M   4         9 350
10  83  43  63  14   2   0 0.00  0.0    0  6.2 23 250   M    M   2        27 250
11  84  52  68  19   0   3 0.00  0.0    0 12.0 31 240   M    M   3        38 250
12  68  49  59   9   6   0    T  0.0    0 13.4 28  80   M    M   7 78     36  70
13  49  41  45  -5  20   0 0.12    T    0  9.7 22  70   M    M   8 135    27  60
14  53  41  47  -3  18   0 0.04    T    0  5.5 15 360   M    M   9 1      17 350
15  56  35  46  -4  19   0 0.00  0.0    0  2.7  9 350   M    M   4 8      14 360
16  62  32  47  -3  18   0 0.00  0.0    0  5.7 16 240   M    M   2 8      20 240
17  65  45  55   4  10   0 0.00  0.0    0 12.5 29 280   M    M   5        36 290
18  67  44  56   5   9   0 0.00  0.0    0 10.0 37 250   M    M   6 78     44 250
19  59  44  52   1  13   0    T  0.0    0 13.4 29 280   M    M   6        36 280
20  68  46  57   6   8   0 0.00  0.0    0 12.2 31 270   M    M   1        38 280
21  76  38  57   5   8   0 0.00  0.0    0  6.4 16 270   M    M   0        19 280
22  79  47  63  11   2   0 0.00  0.0    0  9.3 17 230   M    M   1 8      23 290
23  73  54  64  12   1   0 0.00  0.0    0 20.5 45 250   M    M   1 78     57 260
24  63  43  53   1  12   0 0.00  0.0    0 13.5 32 250   M    M   0        44 240
25  66  40  53   1  12   0 0.00  0.0    0  8.7 22 250   M    M   1        27 230
26  68  42  55   2  10   0    T    M    0  9.1 32 240   M    M   5 7      41 250
================================================================================
SM 1786 1113       239   3  0.16    T    231.1          M       99
================================================================================
AV 68.7 42.8                               8.9 FASTST   M    M   4    MAX(MPH)
                                 MISC ---->  # 47 270               # 57  280
================================================================================
NOTES:
# LAST OF SEVERAL OCCURRENCES

COLUMN 17 PEAK WIND IN M.P.H.

PRELIMINARY LOCAL CLIMATOLOGICAL DATA (WS FORM: F-6) , PAGE 2

                                          STATION:  EL PASO
                                          MONTH:    FEBRUARY
                                          YEAR:     2017
                                          LATITUDE:   31 47 N
                                          LONGITUDE: 106 24 W

[TEMPERATURE DATA]      [PRECIPITATION DATA]       SYMBOLS USED IN COLUMN 16

AVERAGE MONTHLY: 55.8   TOTAL FOR MONTH:   0.16    1 = FOG OR MIST
DPTR FM NORMAL:   5.8   DPTR FM NORMAL:   -0.27    2 = FOG REDUCING VISIBILITY
HIGHEST:    84 ON 11    GRTST 24HR  0.16 ON 13-14      TO 1/4 MILE OR LESS
LOWEST:     32 ON 16, 2                            3 = THUNDER
                        SNOW, ICE PELLETS, HAIL    4 = ICE PELLETS
                        TOTAL MONTH:    T          5 = HAIL
                        GRTST 24HR    T  ON 14-14  6 = FREEZING RAIN OR DRIZZLE
                        GRTST DEPTH:   0           7 = DUSTSTORM OR SANDSTORM:
                                                       VSBY 1/2 MILE OR LESS
                                                   8 = SMOKE OR HAZE
[NO. OF DAYS WITH]      [WEATHER - DAYS WITH]      9 = BLOWING SNOW
                                                   X = TORNADO
MAX 32 OR BELOW:   0    0.01 INCH OR MORE:   2
MAX 90 OR ABOVE:   0    0.10 INCH OR MORE:   1
MIN 32 OR BELOW:   2    0.50 INCH OR MORE:   0
MIN  0 OR BELOW:   0    1.00 INCH OR MORE:   0

[HDD (BASE 65) ]
TOTAL THIS MO.   239    CLEAR  (SCALE 0-3)  12
DPTR FM NORMAL  -155    PTCLDY (SCALE 4-7)  13
TOTAL FM JUL 1  1457    CLOUDY (SCALE 8-10)  1
DPTR FM NORMAL  -622

[CDD (BASE 65) ]
TOTAL THIS MO.     3
DPTR FM NORMAL     3    [PRESSURE DATA]
TOTAL FM JAN 1     3    HIGHEST SLP M ON M
DPTR FM NORMAL     3    LOWEST  SLP 29.51 ON 23

[REMARKS]
