000
CXUS53 KTOP 261049
CF6EMP
PRELIMINARY LOCAL CLIMATOLOGICAL DATA (WS FORM: F-6)

                                          STATION:   Emporia KS
                                          MONTH:     SEPTEMBER
                                          YEAR:      2017
                                          LATITUDE:   38 19 N
                                          LONGITUDE:  96 12 W

  TEMPERATURE IN F:       :PCPN:    SNOW:  WIND      :SUNSHINE: SKY     :PK WND
================================================================================
1   2   3   4   5  6A  6B    7    8   9   10  11  12  13   14  15   16   17  18
                                     12Z  AVG MX 2MIN
DY MAX MIN AVG DEP HDD CDD  WTR  SNW DPTH SPD SPD DIR MIN PSBL S-S WX    SPD DR
================================================================================

 1  80  56  68  -6   0   3 0.00    M    M  4.5 10 140   M    M   3 12     17 140
 2  85  61  73  -1   0   8 0.00    M    M  6.4 12 220   M    M   2        16 220
 3  90  63  77   3   0  12 0.00    M    M  4.7 12 180   M    M   0        14 180
 4  91  64  78   5   0  13 0.00    M    M 10.0 18  30   M    M   0        24  20
 5  76  51  64  -9   1   0 0.00    M    M  9.0 22 330   M    M   0        29 330
 6  76  46  61 -12   4   0 0.00    M    M  5.8 17 320   M    M   0        23 340
 7  83  48  66  -6   0   1 0.00    M    M  6.0 14 170   M    M   0 1      17 150
 8  86  54  70  -2   0   5 0.00    M    M 10.0 20 170   M    M   0        25 180
 9  85  54  70  -2   0   5 0.00    M    M  8.7 20 170   M    M   0        24 150
10  82  57  70  -1   0   5 0.00    M    M  8.0 15 140   M    M   0        19 100
11  82  52  67  -4   0   2 0.00    M    M  4.5 12 130   M    M   0        16 110
12  79  53  66  -4   0   1 0.00    M    M  4.7 14  30   M    M   0 1      19  30
13  86  54  70   0   0   5 0.00    M    M  4.5 10 160   M    M   0        11 300
14  92  56  74   4   0   9 0.00    M    M 11.5 22 160   M    M   0        26 160
15  83  64  74   5   0   9    T    M    M 14.6 22 160   M    M   0        28 160
16  87  67  77   8   0  12 0.10    M    M 12.5 26 190   M    M   0 3      34 190
17  71  60  66  -2   0   1 1.61    M    M  7.1 18  30   M    M   9 13     23  30
18  82  61  72   4   0   7 0.23    M    M  7.6 15 160   M    M   5 123    20 160
19  91  65  78  10   0  13 0.00    M    M 17.0 29 160   M    M   1        39 170
20  89  71  80  13   0  15 0.00    M    M 12.0 22 210   M    M   3        30 170
21  92  73  83  16   0  18 0.00    M    M 16.9 26 160   M    M   0        34 160
22  90  71  81  15   0  16 0.00    M    M 14.7 24 170   M    M   0        31 160
23  89  67  78  12   0  13 0.00    M    M 11.0 22 150   M    M   0        26 180
24  88  67  78  13   0  13 0.00    M    M 10.9 21 170   M    M   1        26 170
25  87  65  76  11   0  11 0.63    M    M  9.8 22 170   M    M   8 13     31 170
================================================================================
SM 2122 1500         5 197  2.57    M    232.4          M       32
================================================================================
AV 84.9 60.0                               9.3 FASTST   M    M   1    MAX(MPH)
                                 MISC ---->  # 29 160               # 39  170
================================================================================
NOTES:
# LAST OF SEVERAL OCCURRENCES

COLUMN 17 PEAK WIND IN M.P.H.

PRELIMINARY LOCAL CLIMATOLOGICAL DATA (WS FORM: F-6) , PAGE 2

                                          STATION:  Emporia KS
                                          MONTH:    SEPTEMBER
                                          YEAR:     2017
                                          LATITUDE:   38 19 N
                                          LONGITUDE:  96 12 W

[TEMPERATURE DATA]      [PRECIPITATION DATA]       SYMBOLS USED IN COLUMN 16

AVERAGE MONTHLY: 72.4   TOTAL FOR MONTH:   2.57    1 = FOG OR MIST
DPTR FM NORMAL:   2.6   DPTR FM NORMAL:   -0.31    2 = FOG REDUCING VISIBILITY
HIGHEST:    92 ON 21,14 GRTST 24HR  1.61 ON 17-17      TO 1/4 MILE OR LESS
LOWEST:     46 ON  6                               3 = THUNDER
                        SNOW, ICE PELLETS, HAIL    4 = ICE PELLETS
                        TOTAL MONTH:    M          5 = HAIL
                        GRTST 24HR    M  ON   M    6 = FREEZING RAIN OR DRIZZLE
                        GRTST DEPTH:  M  ON   M    7 = DUSTSTORM OR SANDSTORM:
                                                       VSBY 1/2 MILE OR LESS
                                                   8 = SMOKE OR HAZE
[NO. OF DAYS WITH]      [WEATHER - DAYS WITH]      9 = BLOWING SNOW
                                                   X = TORNADO
MAX 32 OR BELOW:   0    0.01 INCH OR MORE:   4
MAX 90 OR ABOVE:   6    0.10 INCH OR MORE:   4
MIN 32 OR BELOW:   0    0.50 INCH OR MORE:   2
MIN  0 OR BELOW:   0    1.00 INCH OR MORE:   1

[HDD (BASE 65) ]
TOTAL THIS MO.     5    CLEAR  (SCALE 0-3)  22
DPTR FM NORMAL   -22    PTCLDY (SCALE 4-7)   2
TOTAL FM JUL 1     5    CLOUDY (SCALE 8-10)  1
DPTR FM NORMAL   -23

[CDD (BASE 65) ]
TOTAL THIS MO.   197
DPTR FM NORMAL    47    [PRESSURE DATA]
TOTAL FM JAN 1  1287    HIGHEST SLP M ON M
DPTR FM NORMAL   -71    LOWEST  SLP 29.62 ON 19

[REMARKS]
