286
CXUS53 KTOP 261232
CF6EMP
PRELIMINARY LOCAL CLIMATOLOGICAL DATA (WS FORM: F-6)

                                          STATION:   Emporia KS
                                          MONTH:     AUGUST
                                          YEAR:      2016
                                          LATITUDE:   38 19 N
                                          LONGITUDE:  96 12 W

  TEMPERATURE IN F:       :PCPN:    SNOW:  WIND      :SUNSHINE: SKY     :PK WND
================================================================================
1   2   3   4   5  6A  6B    7    8   9   10  11  12  13   14  15   16   17  18
                                     12Z  AVG MX 2MIN
DY MAX MIN AVG DEP HDD CDD  WTR  SNW DPTH SPD SPD DIR MIN PSBL S-S WX    SPD DR
================================================================================

 1  92  74  83   3   0  18 0.00    M    M 12.5 21 130   M    M   1        27 130
 2  93  75  84   5   0  19 0.00    M    M  6.9 15 190   M    M   1        20 190
 3  98  75  87   8   0  22 0.00    M    M  8.9 18 160   M    M   2 8      23 160
 4 101  73  87   8   0  22 0.00    M    M 11.0 21 190   M    M   0        25 210
 5  83  69  76  -3   0  11 0.48    M    M  6.9 16 310   M    M   8 13     23 300
 6  79  68  74  -5   0   9 0.31    M    M  6.6 15  80   M    M   7 1      20  70
 7  81  68  75  -4   0  10    M    M    M  8.7 18 300   M    M   6 13     30 290
 8  85  69  77  -2   0  12    M    M    M  6.4 13 190   M    M   7 13     16 180
 9  93  71  82   3   0  17 0.00    M    M  7.9 21 220   M    M   2 3      26 230
10  94  72  83   4   0  18 0.00    M    M 11.3 20 140   M    M   0        25 150
11  98  73  86   7   0  21 0.36    M    M 14.6 38 230   M    M   1 13     49 240
12  85  69  77  -1   0  12 0.27    M    M  6.9 17 330   M    M   5 13     21 330
13  88  65  77  -1   0  12 0.00    M    M  6.1 16  30   M    M   0        23  30
14  87  65  76  -2   0  11 0.00    M    M  5.2 16  60   M    M   0 1      19  60
15  82  64  73  -5   0   8 0.00    M    M  3.5  8 160   M    M   0        10 160
16  89  63  76  -2   0  11 0.00    M    M  9.8 16 160   M    M   0 1      21 150
17  91  65  78   0   0  13 0.00    M    M  9.3 18 180   M    M   0        22 200
18  87  66  77  -1   0  12 0.00    M    M  8.9 17 160   M    M   1        22 170
19  90  67  79   2   0  14 1.69    M    M  8.8 22 330   M    M   3 138    31 330
20  77  59  68  -9   0   3 0.01    M    M  8.2 21 340   M    M   4 1      30 350
21  81  55  68  -9   0   3 0.00    M    M  4.8  9 170   M    M   0        12 280
22  82  57  70  -7   0   5 0.00    M    M 10.4 18 170   M    M   0        23 160
23  87  67  77   0   0  12    T    M    M 16.6 31 180   M    M   5 3      39 190
24  90  71  81   5   0  16 0.58    M    M  8.4 24 220   M    M   3 13     29 230
25  84  68  76   0   0  11 0.40    M    M  6.3 14 270   M    M   5 13     19 270
================================================================================
SM 2197 1688         0 322  4.10    M    214.9          M       61
================================================================================
AV 87.9 67.5                               8.6 FASTST   M    M   2    MAX(MPH)
                                 MISC ---->  # 38 230               # 49  240
================================================================================
NOTES:
# LAST OF SEVERAL OCCURRENCES

COLUMN 17 PEAK WIND IN M.P.H.

PRELIMINARY LOCAL CLIMATOLOGICAL DATA (WS FORM: F-6) , PAGE 2

                                          STATION:  Emporia KS
                                          MONTH:    AUGUST
                                          YEAR:     2016
                                          LATITUDE:   38 19 N
                                          LONGITUDE:  96 12 W

[TEMPERATURE DATA]      [PRECIPITATION DATA]       SYMBOLS USED IN COLUMN 16

AVERAGE MONTHLY: 77.7   TOTAL FOR MONTH:   4.10    1 = FOG OR MIST
DPTR FM NORMAL:  -0.4   DPTR FM NORMAL:    1.21    2 = FOG REDUCING VISIBILITY
HIGHEST:   101 ON  4    GRTST 24HR  1.70 ON 19-20      TO 1/4 MILE OR LESS
LOWEST:     55 ON 21                               3 = THUNDER
                        SNOW, ICE PELLETS, HAIL    4 = ICE PELLETS
                        TOTAL MONTH:    M          5 = HAIL
                        GRTST 24HR    M  ON   M    6 = FREEZING RAIN OR DRIZZLE
                        GRTST DEPTH:  M  ON   M    7 = DUSTSTORM OR SANDSTORM:
                                                       VSBY 1/2 MILE OR LESS
                                                   8 = SMOKE OR HAZE
[NO. OF DAYS WITH]      [WEATHER - DAYS WITH]      9 = BLOWING SNOW
                                                   X = TORNADO
MAX 32 OR BELOW:   0    0.01 INCH OR MORE:   8
MAX 90 OR ABOVE:  10    0.10 INCH OR MORE:   7
MIN 32 OR BELOW:   0    0.50 INCH OR MORE:   2
MIN  0 OR BELOW:   0    1.00 INCH OR MORE:   1

[HDD (BASE 65) ]
TOTAL THIS MO.     0    CLEAR  (SCALE 0-3)  17
DPTR FM NORMAL     0    PTCLDY (SCALE 4-7)   7
TOTAL FM JUL 1     0    CLOUDY (SCALE 8-10)  1
DPTR FM NORMAL     0

[CDD (BASE 65) ]
TOTAL THIS MO.   322
DPTR FM NORMAL    -5    [PRESSURE DATA]
TOTAL FM JAN 1  1266    HIGHEST SLP M ON M
DPTR FM NORMAL   123    LOWEST  SLP 29.71 ON 19

[REMARKS]
