000
CXUS56 KOTX 011500
CF6EPH
PRELIMINARY LOCAL CLIMATOLOGICAL DATA (WS FORM: F-6)

                                          STATION:   EPHRATA WA AIRPORT
                                          MONTH:     JULY
                                          YEAR:      2015
                                          LATITUDE:   47 18 N
                                          LONGITUDE: 119 31 W

  TEMPERATURE IN F:       :PCPN:    SNOW:  WIND      :SUNSHINE: SKY     :PK WND
================================================================================
1   2   3   4   5  6A  6B    7    8   9   10  11  12  13   14  15   16   17  18
                                     12Z  AVG MX 2MIN
DY MAX MIN AVG DEP HDD CDD  WTR  SNW DPTH SPD SPD DIR MIN PSBL S-S WX    SPD DR
================================================================================

 1 100  74  87  16   0  22 0.00    M    M 10.0 24 320   M    M   0        34 310
 2 103  76  90  19   0  25 0.00    M    M  9.5 18 330   M    M   0        25 340
 3 105  77  91  20   0  26 0.00    M    M  9.8 18 310   M    M   0        21 260
 4 103  81  92  20   0  27 0.00    M    M 12.8 20 360   M    M   0        27 320
 5 103  75  89  17   0  24 0.00    M    M 13.0 28 350   M    M   0        32 350
 6  97  68  83  11   0  18 0.00    M    M  9.2 22 310   M    M   0 8      28 310
 7 100  72  86  14   0  21 0.00    M    M  7.2 18 300   M    M   0        24 310
 8 101  74  88  15   0  23 0.00    M    M  7.1 14 250   M    M   0        19  60
 9 102  67  85  12   0  20 0.01    M    M  7.5 22  60   M    M   0        30  40
10  99  66  83  10   0  18 0.00    M    M  7.2 20 170   M    M   0        25 180
11  88  66  77   3   0  12 0.00    M    M  9.9 23 200   M    M   0        29 190
12  86  59  73  -1   0   8 0.00    M    M  8.9 18 190   M    M   1        24 180
13  88  66  77   3   0  12 0.00    M    M  9.8 20 240   M    M   0        24 240
14  88  63  76   2   0  11 0.00    M    M  9.4 23 310   M    M   0        28 310
15  90  66  78   4   0  13 0.00    M    M 13.8 29 300   M    M   0        41 300
16  85  66  76   1   0  11 0.00    M    M  9.6 24 300   M    M   3        35 300
17  91  65  78   3   0  13 0.00    M    M 12.5 25 360   M    M   0        31 340
18  94  68  81   6   0  16 0.00    M    M 11.2 25  10   M    M   0        30 360
19 100  65  83   8   0  18 0.00    M    M  6.8 18 170   M    M   0        26 200
20 100  69  85  10   0  20 0.00    M    M 10.5 23 310   M    M   0        31 290
21  90  63  77   1   0  12 0.00    M    M 12.7 26 300   M    M   0        34 300
22  83  61  72  -4   0   7 0.00    M    M  7.0 20 300   M    M   0        24 300
23  87  57  72  -4   0   7 0.00    M    M  9.5 22 300   M    M   0        29 290
24  90  59  75  -1   0  10 0.00    M    M 10.2 25 320   M    M   2        31 330
25  80  58  69  -7   0   4 0.00    M    M 10.3 22 240   M    M   2        29 230
26  79  52  66 -10   0   1 0.00    M    M 10.4 24 320   M    M   2        29 320
27  81  58  70  -6   0   5 0.04    M    M 13.2 21 210   M    M   5        25 220
28  84  61  73  -3   0   8 0.00    M    M  9.0 22 300   M    M   0 8      26 290
29  93  55  74  -2   0   9 0.00    M    M  5.5 15 180   M    M   0        19 180
30  99  59  79   3   0  14 0.00    M    M  5.3 14 220   M    M   0        18 230
31 103  61  82   6   0  17 0.00    M    M  7.3 17 320   M    M   0        22 310
================================================================================
SM 2892 2027         0 452  0.05    M    296.1          M       15
================================================================================
AV 93.3 65.4                               9.6 FASTST   M    M   0    MAX(MPH)
                                 MISC ---->  # 29 300               # 41  300
================================================================================
NOTES:
# LAST OF SEVERAL OCCURRENCES

COLUMN 17 PEAK WIND IN M.P.H.

PRELIMINARY LOCAL CLIMATOLOGICAL DATA (WS FORM: F-6) , PAGE 2

                                          STATION:  EPHRATA WA AIRPORT
                                          MONTH:    JULY
                                          YEAR:     2015
                                          LATITUDE:   47 18 N
                                          LONGITUDE: 119 31 W

[TEMPERATURE DATA]      [PRECIPITATION DATA]       SYMBOLS USED IN COLUMN 16

AVERAGE MONTHLY: 79.3   TOTAL FOR MONTH:   0.05    1 = FOG OR MIST
DPTR FM NORMAL:   5.1   DPTR FM NORMAL:   -0.35    2 = FOG REDUCING VISIBILITY
HIGHEST:   105 ON  3    GRTST 24HR  0.04 ON 27-27      TO 1/4 MILE OR LESS
LOWEST:     52 ON 26                               3 = THUNDER
                        SNOW, ICE PELLETS, HAIL    4 = ICE PELLETS
                        TOTAL MONTH:    M          5 = HAIL
                        GRTST 24HR    M  ON   M    6 = FREEZING RAIN OR DRIZZLE
                        GRTST DEPTH:  M  ON   M    7 = DUSTSTORM OR SANDSTORM:
                                                       VSBY 1/2 MILE OR LESS
                                                   8 = SMOKE OR HAZE
[NO. OF DAYS WITH]      [WEATHER - DAYS WITH]      9 = BLOWING SNOW
                                                   X = TORNADO
MAX 32 OR BELOW:   0    0.01 INCH OR MORE:   2
MAX 90 OR ABOVE:  20    0.10 INCH OR MORE:   0
MIN 32 OR BELOW:   0    0.50 INCH OR MORE:   0
MIN  0 OR BELOW:   0    1.00 INCH OR MORE:   0

[HDD (BASE 65) ]
TOTAL THIS MO.     0    CLEAR  (SCALE 0-3)  30
DPTR FM NORMAL    -8    PTCLDY (SCALE 4-7)   1
TOTAL FM JUL 1     0    CLOUDY (SCALE 8-10)  0
DPTR FM NORMAL    -8

[CDD (BASE 65) ]
TOTAL THIS MO.   452
DPTR FM NORMAL   159    [PRESSURE DATA]
TOTAL FM JAN 1   910    HIGHEST SLP 30.18 ON 28
DPTR FM NORMAL   470    LOWEST  SLP 29.50 ON  9

[REMARKS]
#FINAL-07-15#
