000
CXUS56 KOTX 250900
CF6EPH
PRELIMINARY LOCAL CLIMATOLOGICAL DATA (WS FORM: F-6)

                                          STATION:   EPHRATA WA AIRPORT
                                          MONTH:     APRIL
                                          YEAR:      2017
                                          LATITUDE:   47 18 N
                                          LONGITUDE: 119 31 W

  TEMPERATURE IN F:       :PCPN:    SNOW:  WIND      :SUNSHINE: SKY     :PK WND
================================================================================
1   2   3   4   5  6A  6B    7    8   9   10  11  12  13   14  15   16   17  18
                                     12Z  AVG MX 2MIN
DY MAX MIN AVG DEP HDD CDD  WTR  SNW DPTH SPD SPD DIR MIN PSBL S-S WX    SPD DR
================================================================================

 1  66  37  52   5  13   0 0.00    M    M  8.4 25 270   M    M   2        30 310
 2  58  39  49   1  16   0 0.00    M    M 17.4 30 300   M    M   1        37 300
 3  58  32  45  -3  20   0 0.00    M    M  7.1 16 340   M    M   1        23  70
 4  56  29  43  -5  22   0    T    M    M  5.9 13 230   M    M   3        17 240
 5  62  44  53   5  12   0 0.02    M    M  6.2 15 320   M    M   6        20 310
 6  63  46  55   7  10   0 0.02    M    M  7.3 16 210   M    M   9        20 210
 7  58  38  48   0  17   0 0.45    M    M 16.1 35 220   M    M   4        44 200
 8  58  34  46  -3  19   0    T    M    M  6.6 22 340   M    M   3        25 340
 9  54  29  42  -7  23   0 0.00    M    M  8.6 18 200   M    M   1        27 200
10  57  37  47  -2  18   0 0.08    M    M  9.3 24 210   M    M   6        30 200
11  60  27  44  -5  21   0    T    M    M  9.9 21  80   M    M   3        31  60
12  54  46  50   1  15   0 0.59    M    M  6.5 12  30   M    M  10 1      14  10
13  59  39  49  -1  16   0 0.13    M    M  9.4 24 300   M    M   6 1      31 190
14  59  35  47  -3  18   0    T    M    M 11.2 21 270   M    M   2 3      25 320
15  57  32  45  -5  20   0 0.00    M    M  5.5 15 220   M    M   1        20 240
16  64  33  49  -1  16   0    T    M    M 11.5 20 330   M    M   2        24 330
17  65  41  53   3  12   0 0.01    M    M 10.2 21 210   M    M   7        27 200
18  63  39  51   0  14   0 0.04    M    0  7.8 21 220   M    M   3 18     28 260
19  64  34  49  -2  16   0    T    M    M  5.2 13 210   M    M   2        17 190
20  65  45  55   4  10   0 0.01    M    M 10.5 22 270   M    M   2 1      28 260
21  64  42  53   1  12   0 0.00    M    M  5.7 20 320   M    M   0        25 310
22  66  44  55   3  10   0 0.00    M    M  9.8 23 230   M    M   1        28 240
23  63  42  53   1  12   0    T    M    M  8.1 22 210   M    M   3        26 210
24  58  38  48  -4  17   0 0.00    M    M  4.6 13 180   M    M   5        17 170
================================================================================
SM 1451  902       379   0  1.35    M    208.8          M       83
================================================================================
AV 60.5 37.6                               8.7 FASTST   M    M   3    MAX(MPH)
                                 MISC ---->  # 35 220               # 44  200
================================================================================
NOTES:
# LAST OF SEVERAL OCCURRENCES

COLUMN 17 PEAK WIND IN M.P.H.

PRELIMINARY LOCAL CLIMATOLOGICAL DATA (WS FORM: F-6) , PAGE 2

                                          STATION:  EPHRATA WA AIRPORT
                                          MONTH:    APRIL
                                          YEAR:     2017
                                          LATITUDE:   47 18 N
                                          LONGITUDE: 119 31 W

[TEMPERATURE DATA]      [PRECIPITATION DATA]       SYMBOLS USED IN COLUMN 16

AVERAGE MONTHLY: 49.0   TOTAL FOR MONTH:   1.35    1 = FOG OR MIST
DPTR FM NORMAL:  -0.6   DPTR FM NORMAL:    0.95    2 = FOG REDUCING VISIBILITY
HIGHEST:    66 ON 22, 1 GRTST 24HR  0.60 ON 12-13      TO 1/4 MILE OR LESS
LOWEST:     27 ON 11                               3 = THUNDER
                        SNOW, ICE PELLETS, HAIL    4 = ICE PELLETS
                        TOTAL MONTH:    M          5 = HAIL
                        GRTST 24HR    M  ON   M    6 = FREEZING RAIN OR DRIZZLE
                        GRTST DEPTH:   0           7 = DUSTSTORM OR SANDSTORM:
                                                       VSBY 1/2 MILE OR LESS
                                                   8 = SMOKE OR HAZE
[NO. OF DAYS WITH]      [WEATHER - DAYS WITH]      9 = BLOWING SNOW
                                                   X = TORNADO
MAX 32 OR BELOW:   0    0.01 INCH OR MORE:   9
MAX 90 OR ABOVE:   0    0.10 INCH OR MORE:   3
MIN 32 OR BELOW:   5    0.50 INCH OR MORE:   1
MIN  0 OR BELOW:   0    1.00 INCH OR MORE:   0

[HDD (BASE 65) ]
TOTAL THIS MO.   379    CLEAR  (SCALE 0-3)  14
DPTR FM NORMAL    10    PTCLDY (SCALE 4-7)   8
TOTAL FM JUL 1  5839    CLOUDY (SCALE 8-10)  2
DPTR FM NORMAL   213

[CDD (BASE 65) ]
TOTAL THIS MO.     0
DPTR FM NORMAL     0    [PRESSURE DATA]
TOTAL FM JAN 1     0    HIGHEST SLP M ON M
DPTR FM NORMAL     0    LOWEST  SLP 29.32 ON  7

[REMARKS]
