000
CXUS51 KCLE 280800
CF6ERI
PRELIMINARY LOCAL CLIMATOLOGICAL DATA (WS FORM: F-6)

                                          STATION:   ERIE PA
                                          MONTH:     JULY
                                          YEAR:      2015
                                          LATITUDE:   42  4 N
                                          LONGITUDE:  80 11 W

  TEMPERATURE IN F:       :PCPN:    SNOW:  WIND      :SUNSHINE: SKY     :PK WND
================================================================================
1   2   3   4   5  6A  6B    7    8   9   10  11  12  13   14  15   16   17  18
                                     12Z  AVG MX 2MIN
DY MAX MIN AVG DEP HDD CDD  WTR  SNW DPTH SPD SPD DIR MIN PSBL S-S WX    SPD DR
================================================================================

 1  71  61  66  -5   0   1 0.05  0.0    0  7.8 17 270   M    M   7 1      22 260
 2  70  54  62  -9   3   0 0.00  0.0    0  6.6 15  30   M    M   4        19 350
 3  73  51  62  -9   3   0 0.00  0.0    0  6.7 17  30   M    M   0        20  30
 4  73  56  65  -6   0   0 0.00  0.0    0  4.5 12 350   M    M   1        13  10
 5  77  58  68  -3   0   3 0.00  0.0    0  5.2 10  40   M    M   0        14  30
 6  81  68  75   4   0  10 0.01  0.0    0  6.5 14 160   M    M   3        19 210
 7  88  63  76   4   0  11 0.33  0.0    0 10.2 29 220   M    M   4 18     38 210
 8  70  61  66  -6   0   1 0.04  0.0    0  7.4 15  30   M    M   5 18     19  30
 9  70  61  66  -6   0   1 1.39  0.0    0  4.4 17 350   M    M   8 18     23 360
10  74  58  66  -6   0   1 0.00  0.0    0  4.4 12 330   M    M   1 1      15 350
11  78  57  68  -4   0   3 0.00  0.0    0  4.2  9 350   M    M   0        13 320
12  79  59  69  -3   0   4 0.00  0.0    0  4.4 10  50   M    M   1        13  40
13  85  64  75   3   0  10 0.17  0.0    0  4.6 17 260   M    M   4 138    22 270
14  81  70  76   4   0  11 0.12  0.0    0  8.6 20 200   M    M   6 3      24 210
15  72  52  62 -10   3   0    T  0.0    0 11.7 25  40   M    M   6 8      35  30
16  73  51  62 -10   3   0 0.00  0.0    0  5.8 15  30   M    M   0        18  40
17  84  65  75   3   0  10    T  0.0    0 11.9 23 200   M    M   5        29 200
18  86  76  81   9   0  16 0.00  0.0    0  8.3 16 250   M    M   4        22 230
19  88  73  81   9   0  16 0.00  0.0    0  8.4 16 260   M    M   4        21 240
20  80  67  74   2   0   9 0.00  0.0    0  6.6 15 280   M    M   2        19 290
21  78  61  70  -2   0   5 0.00  0.0    0  8.5 16 290   M    M   2        23 290
22  74  60  67  -5   0   2 0.00  0.0    0  8.7 15 270   M    M   1        21 260
23  79  58  69  -3   0   4 0.00  0.0    0  7.4 15 280   M    M   2        20 270
24  81  61  71  -1   0   6 0.00  0.0    0  5.5 12 350   M    M   1 8      15 320
25  86  67  77   5   0  12    T  0.0    0  7.6 16 270   M    M   3        22 270
26  81  65  73   1   0   8 0.10  0.0    0  3.5 10 310   M    M   2 18     13 330
27  85  62  74   2   0   9 0.00  0.0    0  4.9 12  40   M    M   0        16 350
================================================================================
SM 2117 1659        12 153  2.21     0.0 184.3          M       76
================================================================================
AV 78.4 61.4                               6.8 FASTST   M    M   3    MAX(MPH)
                                 MISC ---->  # 29 220               # 38  210
================================================================================
NOTES:
# LAST OF SEVERAL OCCURRENCES

COLUMN 17 PEAK WIND IN M.P.H.

PRELIMINARY LOCAL CLIMATOLOGICAL DATA (WS FORM: F-6) , PAGE 2

                                          STATION:  ERIE PA
                                          MONTH:    JULY
                                          YEAR:     2015
                                          LATITUDE:   42  4 N
                                          LONGITUDE:  80 11 W

[TEMPERATURE DATA]      [PRECIPITATION DATA]       SYMBOLS USED IN COLUMN 16

AVERAGE MONTHLY: 69.9   TOTAL FOR MONTH:   2.21    1 = FOG OR MIST
DPTR FM NORMAL:  -1.9   DPTR FM NORMAL:   -0.85    2 = FOG REDUCING VISIBILITY
HIGHEST:    88 ON 19, 7 GRTST 24HR  1.39 ON  9- 9      TO 1/4 MILE OR LESS
LOWEST:     51 ON 16, 3                            3 = THUNDER
                        SNOW, ICE PELLETS, HAIL    4 = ICE PELLETS
                        TOTAL MONTH:   0.0 INCH    5 = HAIL
                        GRTST 24HR     0.0         6 = FREEZING RAIN OR DRIZZLE
                        GRTST DEPTH:   0           7 = DUSTSTORM OR SANDSTORM:
                                                       VSBY 1/2 MILE OR LESS
                                                   8 = SMOKE OR HAZE
[NO. OF DAYS WITH]      [WEATHER - DAYS WITH]      9 = BLOWING SNOW
                                                   X = TORNADO
MAX 32 OR BELOW:   0    0.01 INCH OR MORE:   8
MAX 90 OR ABOVE:   0    0.10 INCH OR MORE:   5
MIN 32 OR BELOW:   0    0.50 INCH OR MORE:   1
MIN  0 OR BELOW:   0    1.00 INCH OR MORE:   1

[HDD (BASE 65) ]
TOTAL THIS MO.    12    CLEAR  (SCALE 0-3)  15
DPTR FM NORMAL    10    PTCLDY (SCALE 4-7)  12
TOTAL FM JUL 1    12    CLOUDY (SCALE 8-10)  0
DPTR FM NORMAL    10

[CDD (BASE 65) ]
TOTAL THIS MO.   153
DPTR FM NORMAL   -34    [PRESSURE DATA]
TOTAL FM JAN 1   365    HIGHEST SLP M ON M
DPTR FM NORMAL    16    LOWEST  SLP 29.49 ON 14

[REMARKS]
