978
CXUS51 KCLE 290800
CF6ERI
PRELIMINARY LOCAL CLIMATOLOGICAL DATA (WS FORM: F-6)

                                          STATION:   ERIE PA
                                          MONTH:     SEPTEMBER
                                          YEAR:      2016
                                          LATITUDE:   42  4 N
                                          LONGITUDE:  80 11 W

  TEMPERATURE IN F:       :PCPN:    SNOW:  WIND      :SUNSHINE: SKY     :PK WND
================================================================================
1   2   3   4   5  6A  6B    7    8   9   10  11  12  13   14  15   16   17  18
                                     12Z  AVG MX 2MIN
DY MAX MIN AVG DEP HDD CDD  WTR  SNW DPTH SPD SPD DIR MIN PSBL S-S WX    SPD DR
================================================================================

 1  75  65  70   2   0   5    T  0.0    0  9.8 18  30   M    M   6        23  30
 2  73  60  67  -1   0   2 0.00  0.0    0  9.3 17  30   M    M   4        22  40
 3  75  54  65  -3   0   0 0.00  0.0    0  5.2 17  40   M    M   0        20  50
 4  78  58  68   0   0   3 0.00  0.0    0  4.7 12  10   M    M   0        14  10
 5  82  61  72   5   0   7 0.00  0.0    0  5.3 12 310   M    M   0        14 300
 6  85  66  76   9   0  11 0.00  0.0    0  6.5 13 250   M    M   1 8      16 280
 7  87  75  81  14   0  16    T  0.0    0  8.1 16 280   M    M   2        24 270
 8  86  74  80  13   0  15 0.90  0.0    0  9.5 18 250   M    M   4 13     27 260
 9  80  70  75   9   0  10 0.19  0.0    0  5.7 10 330   M    M   4 8      13 330
10  89  65  77  11   0  12 1.57  0.0    0 13.8 26 210   M    M   4 13     41 220
11  72  56  64  -2   1   0    T  0.0    0  9.1 23 300   M    M   3        30 290
12  74  53  64  -1   1   0 0.00  0.0    0  5.2 10 160   M    M   0        13  10
13  80  60  70   5   0   5 0.00  0.0    0  7.3 14 280   M    M   0        18 270
14  72  58  65   0   0   0    T  0.0    0  7.2 14  30   M    M   5        18  30
15  72  54  63  -1   2   0 0.00  0.0    0  8.1 18  40   M    M   0        21  30
16  77  52  65   1   0   0 0.00  0.0    0  9.1 22 160   M    M   1        29 160
17  80  67  74  10   0   9 1.81  0.0    0 12.8 25 260   M    M   6 13     35 290
18  79  67  73  10   0   8 0.00  0.0    0  6.6 13 290   M    M   5 8      16 210
19  79  62  71   8   0   6 0.00  0.0    0  4.1  9 350   M    M   0        13 330
20  81  62  72  10   0   7 0.00  0.0    0  5.5 15 280   M    M   1        17 290
21  79  59  69   7   0   4 0.00  0.0    0  5.2 15 150   M    M   0        18  10
22  84  63  74  12   0   9 0.00  0.0    0  6.0 12 280   M    M   0        14 170
23  79  62  71  10   0   6 0.00  0.0    0  9.9 22  40   M    M   4        27  40
24  67  52  60  -1   5   0 0.00  0.0    0  9.2 20  40   M    M   2        26  50
25  69  47  58  -2   7   0 0.00  0.0    0  7.8 16  40   M    M   0        20  40
26  67  57  62   2   3   0 0.37  0.0    0 12.0 21 200   M    M   5 13     29 160
27  73  53  63   3   2   0 0.00  0.0    0 12.0 25 220   M    M   3        34 220
28  75  56  66   7   0   1 0.00  0.0    0 10.9 17 110   M    M   1        22 110
================================================================================
SM 2169 1688        21 136  4.84     0.0 225.9          M       61
================================================================================
AV 77.5 60.3                               8.1 FASTST   M    M   2    MAX(MPH)
                                 MISC ---->  # 26 210               # 41  220
================================================================================
NOTES:
# LAST OF SEVERAL OCCURRENCES

COLUMN 17 PEAK WIND IN M.P.H.

PRELIMINARY LOCAL CLIMATOLOGICAL DATA (WS FORM: F-6) , PAGE 2

                                          STATION:  ERIE PA
                                          MONTH:    SEPTEMBER
                                          YEAR:     2016
                                          LATITUDE:   42  4 N
                                          LONGITUDE:  80 11 W

[TEMPERATURE DATA]      [PRECIPITATION DATA]       SYMBOLS USED IN COLUMN 16

AVERAGE MONTHLY: 68.9   TOTAL FOR MONTH:   4.84    1 = FOG OR MIST
DPTR FM NORMAL:   4.7   DPTR FM NORMAL:    0.56    2 = FOG REDUCING VISIBILITY
HIGHEST:    89 ON 10    GRTST 24HR  2.01 ON 31- 1      TO 1/4 MILE OR LESS
LOWEST:     47 ON 25                               3 = THUNDER
                        SNOW, ICE PELLETS, HAIL    4 = ICE PELLETS
                        TOTAL MONTH:   0.0 INCH    5 = HAIL
                        GRTST 24HR     0.0         6 = FREEZING RAIN OR DRIZZLE
                        GRTST DEPTH:   0           7 = DUSTSTORM OR SANDSTORM:
                                                       VSBY 1/2 MILE OR LESS
                                                   8 = SMOKE OR HAZE
[NO. OF DAYS WITH]      [WEATHER - DAYS WITH]      9 = BLOWING SNOW
                                                   X = TORNADO
MAX 32 OR BELOW:   0    0.01 INCH OR MORE:   5
MAX 90 OR ABOVE:   0    0.10 INCH OR MORE:   5
MIN 32 OR BELOW:   0    0.50 INCH OR MORE:   3
MIN  0 OR BELOW:   0    1.00 INCH OR MORE:   2

[HDD (BASE 65) ]
TOTAL THIS MO.    21    CLEAR  (SCALE 0-3)  18
DPTR FM NORMAL   -69    PTCLDY (SCALE 4-7)  10
TOTAL FM JUL 1    21    CLOUDY (SCALE 8-10)  0
DPTR FM NORMAL   -87

[CDD (BASE 65) ]
TOTAL THIS MO.   136
DPTR FM NORMAL    68    [PRESSURE DATA]
TOTAL FM JAN 1   985    HIGHEST SLP M ON M
DPTR FM NORMAL   359    LOWEST  SLP 29.75 ON 10

[REMARKS]
