000
CXUS54 KEWX 250910
CF6ERV
PRELIMINARY LOCAL CLIMATOLOGICAL DATA (WS FORM: F-6)

                                          STATION:   KERRVILLE
                                          MONTH:     MAY
                                          YEAR:      2016
                                          LATITUDE:   29 58 N
                                          LONGITUDE:  99  5 W

  TEMPERATURE IN F:       :PCPN:    SNOW:  WIND      :SUNSHINE: SKY     :PK WND
================================================================================
1   2   3   4   5  6A  6B    7    8   9   10  11  12  13   14  15   16   17  18
                                     12Z  AVG MX 2MIN
DY MAX MIN AVG DEP HDD CDD  WTR  SNW DPTH SPD SPD DIR MIN PSBL S-S WX    SPD DR
================================================================================

 1  73  56  65   M   0   0 0.00  0.0    0  5.9 12  40   M    M   8        18  50
 2  65  51  58   M   7   0 0.02    M    M 11.0 17 350   M    M  10 3      24 360
 3  76  46  61   M   4   0 0.00    M    0  3.7 15  20   M    M   2        20  20
 4  82  45  64   M   1   0 0.00    M    0  4.6 14 350   M    M   0        20 350
 5  84  44  64   M   1   0 0.00  0.0    0  2.8  8 100   M    M   0         M  M
 6  83  49  66   M   0   1 0.00  0.0    0  3.8 10 120   M    M   0         M  M
 7  82  54  68   M   0   3 0.00  0.0    0  9.2 15 140   M    M   2        23 150
 8  72  65  69   M   0   4 0.01  0.0    0 13.0 18 170   M    M   9        28 140
 9  85  66  76   M   0  11 0.00  0.0    0 11.1 20 150   M    M   6        30 150
10  92  72  82   M   0  17 0.00  0.0    0  9.6 17 160   M    M   5 13     21 160
11  83  62  73   M   0   8 1.74  0.0    0  9.0 27  50   M    M   4 3      35  50
12  82  69  76   M   0  11 0.00  0.0    0  6.8 18  20   M    M   8 8      25  20
13  84  67  76   M   0  11 0.00    M    0  4.0  9 110   M    M   6 1       M  M
14  78  63  71   M   0   6 0.14  0.0    0  2.8  9 110   M    M   4 13      M  M
15  72  61  67   M   0   2 0.27    M    M  4.6  9 120   M    M  10 3       M  M
16  79  64  72   M   0   7 0.03    M    M  5.8 10 120   M    M   8 1       M  M
17  78  64  71   M   0   6 1.43  0.0    0  8.5 23 360   M    M   9 13     33  50
18  72  59  66   M   0   1 0.01  0.0    0  7.8 15 310   M    M   9        17 100
19  76  57  67   M   0   2 1.67    M    0  5.8 10 350   M    M   6 3       M  M
20  83  57  70   M   0   5 0.00    M    0  3.9  9 120   M    M   7 1       M  M
21  85  69  77   M   0  12 0.00    M    0  6.5 13 140   M    M   8 1      16 150
22  84  72  78   M   0  13 0.11    M    0  8.4 16 130   M    M   9 1      17 130
23  85  69  77   M   0  12 0.00    M    0  9.4 15 150   M    M  10 1      20 140
24  82  72  77   M   0  12 0.00  0.0    0 10.2 16 160   M    M  10 1      22 150
================================================================================
SM 1917 1453        13 144  5.43     0.0 168.2          M      150
================================================================================
AV 79.9 60.5                               7.0 FASTST   M    M   6    MAX(MPH)
                                 MISC ---->  # 27  50               # 35   50
================================================================================
NOTES:
# LAST OF SEVERAL OCCURRENCES

COLUMN 17 PEAK WIND IN M.P.H.

PRELIMINARY LOCAL CLIMATOLOGICAL DATA (WS FORM: F-6) , PAGE 2

                                          STATION:  KERRVILLE
                                          MONTH:    MAY
                                          YEAR:     2016
                                          LATITUDE:   29 58 N
                                          LONGITUDE:  99  5 W

[TEMPERATURE DATA]      [PRECIPITATION DATA]       SYMBOLS USED IN COLUMN 16

AVERAGE MONTHLY: 70.2   TOTAL FOR MONTH:   5.43    1 = FOG OR MIST
DPTR FM NORMAL:     M   DPTR FM NORMAL:       M    2 = FOG REDUCING VISIBILITY
HIGHEST:    92 ON 10    GRTST 24HR  1.74 ON 11-11      TO 1/4 MILE OR LESS
LOWEST:     44 ON  5                               3 = THUNDER
                        SNOW, ICE PELLETS, HAIL    4 = ICE PELLETS
                        TOTAL MONTH:   0.0 INCH    5 = HAIL
                        GRTST 24HR     0.0         6 = FREEZING RAIN OR DRIZZLE
                        GRTST DEPTH:   0           7 = DUSTSTORM OR SANDSTORM:
                                                       VSBY 1/2 MILE OR LESS
                                                   8 = SMOKE OR HAZE
[NO. OF DAYS WITH]      [WEATHER - DAYS WITH]      9 = BLOWING SNOW
                                                   X = TORNADO
MAX 32 OR BELOW:   0    0.01 INCH OR MORE:  10
MAX 90 OR ABOVE:   1    0.10 INCH OR MORE:   6
MIN 32 OR BELOW:   0    0.50 INCH OR MORE:   3
MIN  0 OR BELOW:   0    1.00 INCH OR MORE:   3

[HDD (BASE 65) ]
TOTAL THIS MO.    13    CLEAR  (SCALE 0-3)   5
DPTR FM NORMAL     M    PTCLDY (SCALE 4-7)   9
TOTAL FM JUL 1  1714    CLOUDY (SCALE 8-10) 10
DPTR FM NORMAL     M

[CDD (BASE 65) ]
TOTAL THIS MO.   144
DPTR FM NORMAL     M    [PRESSURE DATA]
TOTAL FM JAN 1   277    HIGHEST SLP M ON M
DPTR FM NORMAL     M    LOWEST  SLP M ON M

[REMARKS]
