000
CXUS54 KEWX 250910
CF6ERV
PRELIMINARY LOCAL CLIMATOLOGICAL DATA (WS FORM: F-6)

                                          STATION:   KERRVILLE
                                          MONTH:     JUNE
                                          YEAR:      2017
                                          LATITUDE:   29 58 N
                                          LONGITUDE:  99  5 W

  TEMPERATURE IN F:       :PCPN:    SNOW:  WIND      :SUNSHINE: SKY     :PK WND
================================================================================
1   2   3   4   5  6A  6B    7    8   9   10  11  12  13   14  15   16   17  18
                                     12Z  AVG MX 2MIN
DY MAX MIN AVG DEP HDD CDD  WTR  SNW DPTH SPD SPD DIR MIN PSBL S-S WX    SPD DR
================================================================================

 1  86  60  73   M   0   8 0.00    M    M  3.8 12 120   M    M   5 1      16 120
 2  87  72  80   M   0  15 0.00    M    M  5.5 10 180   M    M   7         M  M
 3  86  64  75   M   0  10 0.02    M    M  4.7 14 340   M    M   6 3      21 340
 4  85  63  74   M   0   9 0.01    M    M  4.4 14 340   M    M   4 3      20 340
 5  89  63  76   M   0  11 0.00    M    M  5.8 15 350   M    M   2 3      23  20
 6  89  65  77   M   0  12 0.00    M    M  6.4 16 340   M    M   4        21 340
 7  92  60  76   M   0  11 0.00    M    M  4.3 10 350   M    M   1        17 350
 8  92  62  77   M   0  12 0.00    M    M  2.7  7 200   M    M   1         M  M
 9  92  72  82   M   0  17 0.00    M    M 10.8 15 160   M    M   4        24 180
10  89  69  79   M   0  14 0.00    M    M 10.9 15 150   M    M   6        22 170
11  91  72  82   M   0  17 0.00    M    M 12.9 17 160   M    M   4        24 170
12  92  69  81   M   0  16 0.00    M    M  9.9 13 140   M    M   3        21 150
13  92  72  82   M   0  17 0.00    M    M 12.8 18 150   M    M   6        23 170
14  92  76  84   M   0  19 0.00    M    M 12.3 16 150   M    M   7        23 170
15  97  74  86   M   0  21 0.00    M    M 11.5 16 180   M    M   5        25 180
16  96  74  85   M   0  20 0.00    M    M 11.2 18 160   M    M   5        21 200
17  99  73  86   M   0  21 0.00    M    M 12.2 18 150   M    M   4        23 180
18  97  74  86   M   0  21 0.00    M    M 11.7 17 150   M    M   4        22 160
19  92  72  82   M   0  17 0.00    M    M  6.9 13 170   M    M   3        21 110
20  94  66  80   M   0  15 0.00    M    M  3.2  9  70   M    M   3        21  70
21  95  64  80   M   0  15 0.00    M    M  5.4 10  10   M    M   1        18  10
22  99  61  80   M   0  15 0.00    M    M  3.6  9 170   M    M   0         M  M
23 102  74  88   M   0  23 0.00    M    M  7.3 12 120   M    M   0        20 180
24  84  72  78   M   0  13 0.00    M    0  7.6 18  30   M    M   4 13     25  30
================================================================================
SM 2209 1643         0 369  0.03    M    187.8          M       89
================================================================================
AV 92.0 68.5                               7.8 FASTST   M    M   4    MAX(MPH)
                                 MISC ---->  # 18 150               # 25  180
================================================================================
NOTES:
# LAST OF SEVERAL OCCURRENCES

COLUMN 17 PEAK WIND IN M.P.H.

PRELIMINARY LOCAL CLIMATOLOGICAL DATA (WS FORM: F-6) , PAGE 2

                                          STATION:  KERRVILLE
                                          MONTH:    JUNE
                                          YEAR:     2017
                                          LATITUDE:   29 58 N
                                          LONGITUDE:  99  5 W

[TEMPERATURE DATA]      [PRECIPITATION DATA]       SYMBOLS USED IN COLUMN 16

AVERAGE MONTHLY: 80.3   TOTAL FOR MONTH:   0.03    1 = FOG OR MIST
DPTR FM NORMAL:     M   DPTR FM NORMAL:       M    2 = FOG REDUCING VISIBILITY
HIGHEST:   102 ON 23    GRTST 24HR  0.02 ON  3- 3      TO 1/4 MILE OR LESS
LOWEST:     60 ON  7, 1                            3 = THUNDER
                        SNOW, ICE PELLETS, HAIL    4 = ICE PELLETS
                        TOTAL MONTH:    M          5 = HAIL
                        GRTST 24HR    M  ON   M    6 = FREEZING RAIN OR DRIZZLE
                        GRTST DEPTH:   0           7 = DUSTSTORM OR SANDSTORM:
                                                       VSBY 1/2 MILE OR LESS
                                                   8 = SMOKE OR HAZE
[NO. OF DAYS WITH]      [WEATHER - DAYS WITH]      9 = BLOWING SNOW
                                                   X = TORNADO
MAX 32 OR BELOW:   0    0.01 INCH OR MORE:   2
MAX 90 OR ABOVE:  16    0.10 INCH OR MORE:   0
MIN 32 OR BELOW:   0    0.50 INCH OR MORE:   0
MIN  0 OR BELOW:   0    1.00 INCH OR MORE:   0

[HDD (BASE 65) ]
TOTAL THIS MO.     0    CLEAR  (SCALE 0-3)   7
DPTR FM NORMAL     M    PTCLDY (SCALE 4-7)  17
TOTAL FM JUL 1  1288    CLOUDY (SCALE 8-10)  0
DPTR FM NORMAL     M

[CDD (BASE 65) ]
TOTAL THIS MO.   369
DPTR FM NORMAL     M    [PRESSURE DATA]
TOTAL FM JAN 1   816    HIGHEST SLP M ON M
DPTR FM NORMAL     M    LOWEST  SLP M ON M

[REMARKS]
