000
CXUS53 KPAH 172302
CF6EVV
PRELIMINARY LOCAL CLIMATOLOGICAL DATA (WS FORM: F-6)

                                          STATION:   EVANSVILLE IN
                                          MONTH:     DECEMBER
                                          YEAR:      2014
                                          LATITUDE:   38  2 N
                                          LONGITUDE:  87 32 W

  TEMPERATURE IN F:       :PCPN:    SNOW:  WIND      :SUNSHINE: SKY     :PK WND
================================================================================
1   2   3   4   5  6A  6B    7    8   9   10  11  12  13   14  15   16   17  18
                                     12Z  AVG MX 2MIN
DY MAX MIN AVG DEP HDD CDD  WTR  SNW DPTH SPD SPD DIR MIN PSBL S-S WX    SPD DR
================================================================================

 1  45  34  40   0  25   0 0.30  0.0    0 10.0 18  30   M    M   9 18     23 350
 2  37  33  35  -4  30   0 0.00  0.0    0  6.3 14 230   M    M  10 18     17 230
 3  48  36  42   3  23   0 0.00  0.0    0  4.8 17 250   M    M   4        21 240
 4  42  36  39   0  26   0 0.29  0.0    0  5.1 13  90   M    M  10 128    15 100
 5  59  42  51  13  14   0 1.28  0.0    0  3.0 13 350   M    M  10 123    17 340
 6  50  40  45   7  20   0 0.08  0.0    0 12.3 22 350   M    M  10 18     29 360
 7  44  33  39   1  26   0 0.00  0.0    0  6.5 13  80   M    M   3        16  40
 8  50  33  42   5  23   0    T  0.0    0  5.6 14 210   M    M   6        19 210
 9  46  36  41   4  24   0 0.00  0.0    0  9.2 17 340   M    M  10 8      24 340
10  39  35  37   0  28   0 0.00  0.0    0  6.9 12 360   M    M  10        15 360
11  40  26  33  -3  32   0 0.00  0.0    0  4.1 12  40   M    M   7 1      14  20
12  42  23  33  -3  32   0 0.00  0.0    0  1.1  7 220   M    M   4 18      8 230
13  47  39  43   7  22   0 0.00  0.0    0  4.1 10 220   M    M  10 18     12 220
14  49  44  47  11  18   0 0.00  0.0    0  3.8  8 160   M    M  10 1      12 130
15  54  45  50  15  15   0 0.47  0.0    0  8.3 16 210   M    M  10 138    22 140
16  54  35  45  10  20   0 0.03  0.0    0 12.4 22 240   M    M   9 1      28 270
================================================================================
SM  746  570       378   0  2.45     0.0 103.5          M      132
================================================================================
AV 46.6 35.6                               6.5 FASTST   M    M   8    MAX(MPH)
                                 MISC ---->  # 22 350               # 29  360
================================================================================
NOTES:
# LAST OF SEVERAL OCCURRENCES

COLUMN 17 PEAK WIND IN M.P.H.

PRELIMINARY LOCAL CLIMATOLOGICAL DATA (WS FORM: F-6) , PAGE 2

                                          STATION:  EVANSVILLE IN
                                          MONTH:    DECEMBER
                                          YEAR:     2014
                                          LATITUDE:   38  2 N
                                          LONGITUDE:  87 32 W

[TEMPERATURE DATA]      [PRECIPITATION DATA]       SYMBOLS USED IN COLUMN 16

AVERAGE MONTHLY: 41.1   TOTAL FOR MONTH:   2.45    1 = FOG OR MIST
DPTR FM NORMAL:   3.9   DPTR FM NORMAL:    0.40    2 = FOG REDUCING VISIBILITY
HIGHEST:    59 ON  5    GRTST 24HR  1.36 ON  5- 6      TO 1/4 MILE OR LESS
LOWEST:     23 ON 12                               3 = THUNDER
                        SNOW, ICE PELLETS, HAIL    4 = ICE PELLETS
                        TOTAL MONTH:   0.0 INCH    5 = HAIL
                        GRTST 24HR     0.0         6 = FREEZING RAIN OR DRIZZLE
                        GRTST DEPTH:   0           7 = DUSTSTORM OR SANDSTORM:
                                                       VSBY 1/2 MILE OR LESS
                                                   8 = SMOKE OR HAZE
[NO. OF DAYS WITH]      [WEATHER - DAYS WITH]      9 = BLOWING SNOW
                                                   X = TORNADO
MAX 32 OR BELOW:   0    0.01 INCH OR MORE:   6
MAX 90 OR ABOVE:   0    0.10 INCH OR MORE:   4
MIN 32 OR BELOW:   2    0.50 INCH OR MORE:   1
MIN  0 OR BELOW:   0    1.00 INCH OR MORE:   1

[HDD (BASE 65) ]
TOTAL THIS MO.   378    CLEAR  (SCALE 0-3)   0
DPTR FM NORMAL   -66    PTCLDY (SCALE 4-7)   5
TOTAL FM JUL 1  1381    CLOUDY (SCALE 8-10) 11
DPTR FM NORMAL    76

[CDD (BASE 65) ]
TOTAL THIS MO.     0
DPTR FM NORMAL     0    [PRESSURE DATA]
TOTAL FM JAN 1  1477    HIGHEST SLP M ON M
DPTR FM NORMAL    80    LOWEST  SLP 29.72 ON 15

[REMARKS]
