000
CXUS52 KMHX 160700
CF6EWN
PRELIMINARY LOCAL CLIMATOLOGICAL DATA (WS FORM: F-6)

                                          STATION:   NEW BERN NC
                                          MONTH:     DECEMBER
                                          YEAR:      2017
                                          LATITUDE:   35  4 N
                                          LONGITUDE:  77  3 W

  TEMPERATURE IN F:       :PCPN:    SNOW:  WIND      :SUNSHINE: SKY     :PK WND
================================================================================
1   2   3   4   5  6A  6B    7    8   9   10  11  12  13   14  15   16   17  18
                                     12Z  AVG MX 2MIN
DY MAX MIN AVG DEP HDD CDD  WTR  SNW DPTH SPD SPD DIR MIN PSBL S-S WX    SPD DR
================================================================================

 1  64  43  54   3  11   0 0.00  0.0    0  5.7 15  30   M    M   0 18     19  30
 2  58  42  50   0  15   0 0.02  0.0    0  5.0 10  10   M    M   6 1      14  80
 3  63  44  54   4  11   0 0.00  0.0    0  5.8 12  20   M    M   5 1      15  20
 4  64  40  52   2  13   0 0.00  0.0    0  4.6 13  40   M    M   2 12     16  50
 5  70  48  59  10   6   0 0.31    M    0  5.0 10 200   M    M   6 1       M  M
 6  65  44  55   6  10   0 0.26    M    0  6.8 14 350   M    M   8 1      19 350
 7  46  40  43  -6  22   0 0.20  0.0    0  2.6 15 340   M    M   8 1      20 330
 8  43  39  41  -8  24   0 1.33  0.0    0 10.1 17  40   M    M   9 18     25  30
 9  40  36  38 -10  27   0 0.55    M    0  9.6 16 350   M    M  10 1      22 280
10  44  28  36 -12  29   0 0.00  0.0    0  7.1 16 290   M    M   1 1      22 310
11  55  29  42  -6  23   0 0.00  0.0    0  3.0  8 250   M    M   0        11 210
12  59  33  46  -2  19   0    T    M    0  9.8 25 340   M    M   1        38 320
13  42  26  34 -13  31   0 0.00  0.0    0  8.7 22 290   M    M   0        31 330
14  59  31  45  -2  20   0 0.00  0.0    0  7.3 16 250   M    M   0        24 230
15  61  34  48   1  17   0 0.00  0.0    0  5.2 15 320   M    M   0 1      22 350
================================================================================
SM  833  557       278   0  2.67     0.0  96.3          M       56
================================================================================
AV 55.5 37.1                               6.4 FASTST   M    M   4    MAX(MPH)
                                 MISC ---->  # 25 340               # 38  320
================================================================================
NOTES:
# LAST OF SEVERAL OCCURRENCES

COLUMN 17 PEAK WIND IN M.P.H.

PRELIMINARY LOCAL CLIMATOLOGICAL DATA (WS FORM: F-6) , PAGE 2

                                          STATION:  NEW BERN NC
                                          MONTH:    DECEMBER
                                          YEAR:     2017
                                          LATITUDE:   35  4 N
                                          LONGITUDE:  77  3 W

[TEMPERATURE DATA]      [PRECIPITATION DATA]       SYMBOLS USED IN COLUMN 16

AVERAGE MONTHLY: 46.3   TOTAL FOR MONTH:   2.67    1 = FOG OR MIST
DPTR FM NORMAL:  -2.3   DPTR FM NORMAL:    1.04    2 = FOG REDUCING VISIBILITY
HIGHEST:    70 ON  5    GRTST 24HR  1.33 ON  8- 8      TO 1/4 MILE OR LESS
LOWEST:     26 ON 13                               3 = THUNDER
                        SNOW, ICE PELLETS, HAIL    4 = ICE PELLETS
                        TOTAL MONTH:   0.0 INCH    5 = HAIL
                        GRTST 24HR     0.0         6 = FREEZING RAIN OR DRIZZLE
                        GRTST DEPTH:   0           7 = DUSTSTORM OR SANDSTORM:
                                                       VSBY 1/2 MILE OR LESS
                                                   8 = SMOKE OR HAZE
[NO. OF DAYS WITH]      [WEATHER - DAYS WITH]      9 = BLOWING SNOW
                                                   X = TORNADO
MAX 32 OR BELOW:   0    0.01 INCH OR MORE:   6
MAX 90 OR ABOVE:   0    0.10 INCH OR MORE:   5
MIN 32 OR BELOW:   4    0.50 INCH OR MORE:   2
MIN  0 OR BELOW:   0    1.00 INCH OR MORE:   1

[HDD (BASE 65) ]
TOTAL THIS MO.   278    CLEAR  (SCALE 0-3)   8
DPTR FM NORMAL    30    PTCLDY (SCALE 4-7)   5
TOTAL FM JUL 1   717    CLOUDY (SCALE 8-10)  2
DPTR FM NORMAL    42

[CDD (BASE 65) ]
TOTAL THIS MO.     0
DPTR FM NORMAL     0    [PRESSURE DATA]
TOTAL FM JAN 1  2150    HIGHEST SLP M ON M
DPTR FM NORMAL   250    LOWEST  SLP 29.53 ON 12

[REMARKS]
