000
CXUS51 KOKX 250701
CF6EWR
PRELIMINARY LOCAL CLIMATOLOGICAL DATA (WS FORM: F-6)

                                          STATION:   NEWARK NJ
                                          MONTH:     APRIL
                                          YEAR:      2014
                                          LATITUDE:   40 42 N
                                          LONGITUDE:  74 10 W

  TEMPERATURE IN F:       :PCPN:    SNOW:  WIND      :SUNSHINE: SKY     :PK WND
================================================================================
1   2   3   4   5  6A  6B    7    8   9   10  11  12  13   14  15   16   17  18
                                     12Z  AVG MX 2MIN
DY MAX MIN AVG DEP HDD CDD  WTR  SNW DPTH SPD SPD DIR MIN PSBL S-S WX    SPD DR
================================================================================

 1  61  37  49   1  16   0 0.00  0.0    0  6.2 14 360   M    M   3        23 340
 2  53  41  47  -1  18   0 0.02  0.0    0  2.4  8 190   M    M   7        12 300
 3  64  42  53   5  12   0 0.10  0.0    0  4.8 13 110   M    M   8 1      20 270
 4  47  41  44  -5  21   0 0.25  0.0    0  9.4 17 330   M    M  10 18     24  90
 5  57  40  49   0  16   0    T  0.0    0 16.0 32 270   M    M   6 1      46 290
 6  62  35  49   0  16   0 0.00  0.0    0  7.4 17 300   M    M   2        25 290
 7  51  40  46  -4  19   0 0.47  0.0    0  5.9 16  90   M    M  10 18     23  90
 8  67  45  56   6   9   0 0.33  0.0    0 12.2 32 250   M    M   8 12     45 270
 9  65  44  55   4  10   0 0.00  0.0    0 12.9 28 320   M    M   2        36 340
10  64  38  51   0  14   0 0.00  0.0    0  9.2 18 140   M    M   3        30 260
11  77  52  65  14   0   0    T  0.0    0  9.7 21 320   M    M   9        36 280
12  74  50  62  10   3   0 0.00  0.0    0  7.4 15 160   M    M   5        25 300
13  83  51  67  15   0   2 0.00  0.0    0  9.2 25 230   M    M   7        35 250
14  80  62  71  19   0   6 0.00  0.0    0 15.0 30 200   M    M   8        38 190
15  67  33  50  -3  15   0 0.78  0.3    0 15.0 26 330   M    M  10 14     33 310
16  50  31  41 -12  24   0 0.01  0.1    T 15.0 28 330   M    M   3 14     37 330
17  47  34  41 -13  24   0 0.00  0.0    0  9.3 15 160   M    M   4        21 160
18  49  36  43 -11  22   0 0.00  0.0    0  5.5 12 180   M    M   9        15 180
19  69  38  54   0  11   0 0.00  0.0    0  9.2 22 320   M    M   8        28 320
20  54  42  48  -6  17   0 0.00  0.0    0  8.1 16 150   M    M   6        22 180
21  64  37  51  -4  14   0 0.00  0.0    0  4.8 13 150   M    M   4        17 160
22  76  48  62   7   3   0    T  0.0    0  9.3 22 270   M    M   8        35 270
23  63  44  54  -2  11   0    T  0.0    0 20.2 35 320   M    M   7 8      43 310
24  64  42  53  -3  12   0 0.00  0.0    0 19.1 30 290   M    M   1        41 330
================================================================================
SM 1508 1003       307   8  1.96     0.4 243.2          M      148
================================================================================
AV 62.8 41.8                              10.1 FASTST   M    M   6    MAX(MPH)
                                 MISC ---->  # 35 320               # 46  290
================================================================================
NOTES:
# LAST OF SEVERAL OCCURRENCES

COLUMN 17 PEAK WIND IN M.P.H.

PRELIMINARY LOCAL CLIMATOLOGICAL DATA (WS FORM: F-6) , PAGE 2

                                          STATION:  NEWARK NJ
                                          MONTH:    APRIL
                                          YEAR:     2014
                                          LATITUDE:   40 42 N
                                          LONGITUDE:  74 10 W

[TEMPERATURE DATA]      [PRECIPITATION DATA]       SYMBOLS USED IN COLUMN 16

AVERAGE MONTHLY: 52.3   TOTAL FOR MONTH:   1.96    1 = FOG OR MIST
DPTR FM NORMAL:   0.5   DPTR FM NORMAL:   -1.45    2 = FOG REDUCING VISIBILITY
HIGHEST:    83 ON 13    GRTST 24HR  0.80 ON  7- 8      TO 1/4 MILE OR LESS
LOWEST:     31 ON 16                               3 = THUNDER
                        SNOW, ICE PELLETS, HAIL    4 = ICE PELLETS
                        TOTAL MONTH:   0.4 INCH    5 = HAIL
                        GRTST 24HR   0.3 ON   M    6 = FREEZING RAIN OR DRIZZLE
                        GRTST DEPTH:   T           7 = DUSTSTORM OR SANDSTORM:
                                                       VSBY 1/2 MILE OR LESS
                                                   8 = SMOKE OR HAZE
[NO. OF DAYS WITH]      [WEATHER - DAYS WITH]      9 = BLOWING SNOW
                                                   X = TORNADO
MAX 32 OR BELOW:   0    0.01 INCH OR MORE:   7
MAX 90 OR ABOVE:   0    0.10 INCH OR MORE:   5
MIN 32 OR BELOW:   1    0.50 INCH OR MORE:   1
MIN  0 OR BELOW:   0    1.00 INCH OR MORE:   0

[HDD (BASE 65) ]
TOTAL THIS MO.   307    CLEAR  (SCALE 0-3)   5
DPTR FM NORMAL   -18    PTCLDY (SCALE 4-7)  12
TOTAL FM JUL 1  5016    CLOUDY (SCALE 8-10)  7
DPTR FM NORMAL   347

[CDD (BASE 65) ]
TOTAL THIS MO.     8
DPTR FM NORMAL     5    [PRESSURE DATA]
TOTAL FM JAN 1     8    HIGHEST SLP M ON M
DPTR FM NORMAL     4    LOWEST  SLP 29.40 ON  8

[REMARKS]
