000
CXUS51 KOKX 280827
CF6EWR
PRELIMINARY LOCAL CLIMATOLOGICAL DATA (WS FORM: F-6)

                                          STATION:   NEWARK NJ
                                          MONTH:     MAY
                                          YEAR:      2015
                                          LATITUDE:   40 42 N
                                          LONGITUDE:  74 10 W

  TEMPERATURE IN F:       :PCPN:    SNOW:  WIND      :SUNSHINE: SKY     :PK WND
================================================================================
1   2   3   4   5  6A  6B    7    8   9   10  11  12  13   14  15   16   17  18
                                     12Z  AVG MX 2MIN
DY MAX MIN AVG DEP HDD CDD  WTR  SNW DPTH SPD SPD DIR MIN PSBL S-S WX    SPD DR
================================================================================

 1  59  47  53  -5  12   0 0.00  0.0    0  6.3 13 140   M    M   8        17 160
 2  70  46  58   0   7   0 0.00  0.0    0  5.8 18 130   M    M   5        24 160
 3  78  47  63   4   2   0 0.00  0.0    0  5.1 16 150   M    M   4        21 150
 4  87  56  72  13   0   7 0.00  0.0    0 10.2 23 230   M    M   3        31 180
 5  86  62  74  15   0   9 0.00  0.0    0  6.3 20 220   M    M   6        25 230
 6  71  57  64   4   1   0    T  0.0    0  7.4 16  10   M    M   7        20  20
 7  78  53  66   6   0   1 0.00  0.0    0  4.6 14 130   M    M   2        17 150
 8  81  54  68   8   0   3 0.00  0.0    0  5.2 15 150   M    M   4 18     20 140
 9  67  58  63   3   2   0    T  0.0    0  3.6  9 170   M    M   9 128    13 170
10  88  59  74  13   0   9 0.00  0.0    0  7.3 18 250   M    M   8 128    23 190
11  85  66  76  15   0  11 0.17  0.0    0  7.3  9 140   M    M   8 13      9 140
12  87  63  75  14   0  10 0.00  0.0    0 12.7 31 320   M    M   7 1      38 320
13  73  53  63   1   2   0 0.00  0.0    0 16.3 25 320   M    M   5        33 320
14  74  50  62   0   3   0 0.00  0.0    0  8.1 17 340   M    M   3        21 340
15  75  51  63   1   2   0 0.00  0.0    0  8.5 20 200   M    M   8        24 200
16  79  60  70   7   0   5 0.73  0.0    0  4.5 23 260   M    M   9 138    29 270
17  84  68  76  13   0  11    T  0.0    0  4.8 12  20   M    M   8 1      14 150
18  75  58  67   4   0   2 0.00  0.0    0  5.4 15  20   M    M   8 8      17 120
19  82  57  70   6   0   5    T  0.0    0  4.9 23 350   M    M   7 128    28 350
20  67  54  61  -3   4   0 0.00  0.0    0 13.8 25 310   M    M   6        31 310
21  62  51  57  -7   8   0    T  0.0    0  6.3 14 190   M    M  10        17 200
22  77  54  66   2   0   1    T  0.0    0 13.2 30 280   M    M   5        37 290
23  71  49  60  -5   5   0 0.00  0.0    0 10.4 22 330   M    M   2        28 330
24  82  49  66   1   0   1 0.00  0.0    0  9.4 18 240   M    M   6        22 230
25  90  60  75   9   0  10 0.00  0.0    0 11.5 25 200   M    M   7        37 200
26  91  65  78  12   0  13 0.00  0.0    0 11.8 20 210   M    M   6        24 200
27  88  69  79  13   0  14 0.20  0.0    0  9.1 24 250   M    M   7 3      31 240
================================================================================
SM 2107 1516        48 112  1.10     0.0 219.8          M      168
================================================================================
AV 78.0 56.1                               8.1 FASTST   M    M   6    MAX(MPH)
                                 MISC ---->  # 31 320               # 38  320
================================================================================
NOTES:
# LAST OF SEVERAL OCCURRENCES

COLUMN 17 PEAK WIND IN M.P.H.

PRELIMINARY LOCAL CLIMATOLOGICAL DATA (WS FORM: F-6) , PAGE 2

                                          STATION:  NEWARK NJ
                                          MONTH:    MAY
                                          YEAR:     2015
                                          LATITUDE:   40 42 N
                                          LONGITUDE:  74 10 W

[TEMPERATURE DATA]      [PRECIPITATION DATA]       SYMBOLS USED IN COLUMN 16

AVERAGE MONTHLY: 67.1   TOTAL FOR MONTH:   1.10    1 = FOG OR MIST
DPTR FM NORMAL:   5.1   DPTR FM NORMAL:   -2.42    2 = FOG REDUCING VISIBILITY
HIGHEST:    91 ON 26    GRTST 24HR  0.73 ON 16-16      TO 1/4 MILE OR LESS
LOWEST:     46 ON  2                               3 = THUNDER
                        SNOW, ICE PELLETS, HAIL    4 = ICE PELLETS
                        TOTAL MONTH:   0.0 INCH    5 = HAIL
                        GRTST 24HR     0.0         6 = FREEZING RAIN OR DRIZZLE
                        GRTST DEPTH:   0           7 = DUSTSTORM OR SANDSTORM:
                                                       VSBY 1/2 MILE OR LESS
                                                   8 = SMOKE OR HAZE
[NO. OF DAYS WITH]      [WEATHER - DAYS WITH]      9 = BLOWING SNOW
                                                   X = TORNADO
MAX 32 OR BELOW:   0    0.01 INCH OR MORE:   3
MAX 90 OR ABOVE:   2    0.10 INCH OR MORE:   3
MIN 32 OR BELOW:   0    0.50 INCH OR MORE:   1
MIN  0 OR BELOW:   0    1.00 INCH OR MORE:   0

[HDD (BASE 65) ]
TOTAL THIS MO.    48    CLEAR  (SCALE 0-3)   4
DPTR FM NORMAL   -80    PTCLDY (SCALE 4-7)  18
TOTAL FM JUL 1  5114    CLOUDY (SCALE 8-10)  5
DPTR FM NORMAL   266

[CDD (BASE 65) ]
TOTAL THIS MO.   112
DPTR FM NORMAL    64    [PRESSURE DATA]
TOTAL FM JAN 1   115    HIGHEST SLP M ON M
DPTR FM NORMAL    55    LOWEST  SLP 29.75 ON M

[REMARKS]
