000
CXUS53 KIND 280730
CF6EYE
PRELIMINARY LOCAL CLIMATOLOGICAL DATA (WS FORM: F-6)

                                          STATION:   INDIANAPOLIS EAGLE CREEK IN
                                          MONTH:     MAY
                                          YEAR:      2017
                                          LATITUDE:   39 49 N
                                          LONGITUDE:  86 18 W

  TEMPERATURE IN F:       :PCPN:    SNOW:  WIND      :SUNSHINE: SKY     :PK WND
================================================================================
1   2   3   4   5  6A  6B    7    8   9   10  11  12  13   14  15   16   17  18
                                     12Z  AVG MX 2MIN
DY MAX MIN AVG DEP HDD CDD  WTR  SNW DPTH SPD SPD DIR MIN PSBL S-S WX    SPD DR
================================================================================

 1  68  47  58   0   7   0 0.28    M    M 11.8 25 220   M    M   9 13     38 200
 2  61  45  53  -5  12   0 0.04    M    M 13.2 28 280   M    M   7 1      44 270
 3  54  41  48 -11  17   0 0.40    M    M  6.3 13  80   M    M   5 1      17  90
 4  48  47  48 -11  17   0 1.82    M    M 11.7 22  30   M    M  10 1      31  20
 5  57  44  51  -8  14   0 0.35    M    M 17.1 28 360   M    M   6 1      38  10
 6  61  43  52  -8  13   0 0.01    M    M 12.7 24 340   M    M   2        34 340
 7  61  39  50 -10  15   0 0.00    M    M  8.3 18 320   M    M   0        23 350
 8  64  36  50 -10  15   0 0.04    M    M  1.9  8 230   M    M   4 1      12 210
 9  70  49  60   0   5   0 0.92    M    M  6.5 16 340   M    M   8 13     20 340
10  81  54  68   7   0   3 0.27    M    M  4.7 20 270   M    M   4 138    32 220
11  65  57  61   0   4   0    T    M    M  7.0 14  10   M    M   8 1      19 270
12  70  53  62   1   3   0 0.00    M    M  6.9 17  20   M    M   4        24  10
13  74  49  62   0   3   0 0.00    M    M  4.7 13 280   M    M   0        17 340
14  82  59  71   9   0   6 0.00    M    M  8.3 20 300   M    M   0        24 300
15  83  57  70   8   0   5 0.00    M    M  3.5 13 190   M    M   0 18     16 160
16  84  57  71   8   0   6 0.00    M    M  7.7 22 210   M    M   0        29 200
17  83  69  76  13   0  11    T    M    M 11.4 24 190   M    M   1        42 210
18  86  71  79  16   0  14 0.00    M    M 10.2 18 210   M    M   2        29 210
19  79  58  69   5   0   4 0.28    M    M  7.2 17 300   M    M   5 13     23 300
20  78  54  66   2   0   1 0.94    M    M  8.7 16 120   M    M   7 13     22 160
21  74  54  64   0   1   0 0.05    M    M  9.3 21 280   M    M   7 1      27 240
22  71  48  60  -5   5   0 0.00    M    M  4.1 10 200   M    M   0        16 220
23  75  56  66   1   0   1 0.00    M    M  3.2 10 130   M    M   2        14 140
24  64  59  62  -3   3   0 0.27    M    M  7.8 17 340   M    M   9 18     21 290
25  65  56  61  -5   4   0 0.45    M    M 13.0 22 310   M    M   8 1      29 290
26  78  51  65  -1   0   0 0.75    M    M  3.6 33 310   M    M   3 13     42 310
27  77  64  71   5   0   6 0.00    M    M  4.7 13 340   M    M   4 1      14 340
================================================================================
SM 1913 1417       138  57  6.87    M    215.5          M      115
================================================================================
AV 70.9 52.5                               8.0 FASTST   M    M   4    MAX(MPH)
                                 MISC ---->  # 33 310               # 44  270
================================================================================
NOTES:
# LAST OF SEVERAL OCCURRENCES

COLUMN 17 PEAK WIND IN M.P.H.

PRELIMINARY LOCAL CLIMATOLOGICAL DATA (WS FORM: F-6) , PAGE 2

                                          STATION:  INDIANAPOLIS EAGLE CREEK IN
                                          MONTH:    MAY
                                          YEAR:     2017
                                          LATITUDE:   39 49 N
                                          LONGITUDE:  86 18 W

[TEMPERATURE DATA]      [PRECIPITATION DATA]       SYMBOLS USED IN COLUMN 16

AVERAGE MONTHLY: 61.7   TOTAL FOR MONTH:   6.87    1 = FOG OR MIST
DPTR FM NORMAL:  -0.4   DPTR FM NORMAL:    2.13    2 = FOG REDUCING VISIBILITY
HIGHEST:    86 ON 18    GRTST 24HR  1.82 ON  4- 4      TO 1/4 MILE OR LESS
LOWEST:     36 ON  8                               3 = THUNDER
                        SNOW, ICE PELLETS, HAIL    4 = ICE PELLETS
                        TOTAL MONTH:    M          5 = HAIL
                        GRTST 24HR    M  ON   M    6 = FREEZING RAIN OR DRIZZLE
                        GRTST DEPTH:  M  ON   M    7 = DUSTSTORM OR SANDSTORM:
                                                       VSBY 1/2 MILE OR LESS
                                                   8 = SMOKE OR HAZE
[NO. OF DAYS WITH]      [WEATHER - DAYS WITH]      9 = BLOWING SNOW
                                                   X = TORNADO
MAX 32 OR BELOW:   0    0.01 INCH OR MORE:  15
MAX 90 OR ABOVE:   0    0.10 INCH OR MORE:  11
MIN 32 OR BELOW:   0    0.50 INCH OR MORE:   4
MIN  0 OR BELOW:   0    1.00 INCH OR MORE:   1

[HDD (BASE 65) ]
TOTAL THIS MO.   138    CLEAR  (SCALE 0-3)  11
DPTR FM NORMAL     7    PTCLDY (SCALE 4-7)  12
TOTAL FM JUL 1  4242    CLOUDY (SCALE 8-10)  4
DPTR FM NORMAL -1084

[CDD (BASE 65) ]
TOTAL THIS MO.    57
DPTR FM NORMAL     3    [PRESSURE DATA]
TOTAL FM JAN 1    90    HIGHEST SLP M ON M
DPTR FM NORMAL    21    LOWEST  SLP 29.39 ON 25

[REMARKS]
