000
CXUS53 KIND 230730
CF6EYE
PRELIMINARY LOCAL CLIMATOLOGICAL DATA (WS FORM: F-6)

                                          STATION:   INDIANAPOLIS EAGLE CREEK IN
                                          MONTH:     NOVEMBER
                                          YEAR:      2017
                                          LATITUDE:   39 49 N
                                          LONGITUDE:  86 18 W

  TEMPERATURE IN F:       :PCPN:    SNOW:  WIND      :SUNSHINE: SKY     :PK WND
================================================================================
1   2   3   4   5  6A  6B    7    8   9   10  11  12  13   14  15   16   17  18
                                     12Z  AVG MX 2MIN
DY MAX MIN AVG DEP HDD CDD  WTR  SNW DPTH SPD SPD DIR MIN PSBL S-S WX    SPD DR
================================================================================

 1  57  34  46  -4  19   0 0.53    M    M  4.9 13 150   M    M  10 1      19 150
 2  67  56  62  13   3   0 0.23    M    M  6.6 14 300   M    M  10 1      21 170
 3  64  45  55   6  10   0    T    M    M  9.8 18 350   M    M   4 1      25  20
 4  62  43  53   4  12   0    T    M    M  5.0 12 150   M    M   8 1      16 140
 5  72  53  63  15   2   0 0.30    M    M  8.2 21 210   M    M   9 13     30 210
 6  53  46  50   2  15   0 0.00    M    M  8.9 18 340   M    M   8        26 340
 7  50  43  47  -1  18   0 0.04    M    M  9.6 18  50   M    M   9        25  40
 8  51  34  43  -4  22   0 0.00    M    M  4.1 10  70   M    M   1        16 360
 9  55  30  43  -4  22   0 0.00    M    M  8.2 25 290   M    M   1        31 300
10  34  26  30 -16  35   0 0.00    M    M  8.9 20 360   M    M   1        24 350
11  42  24  33 -13  32   0 0.00    M    M  6.4 13  80   M    M   1        17  80
12  41  32  37  -9  28   0 0.13    M    M  4.6 14 330   M    M   7 1      17 320
13  44  33  39  -6  26   0 0.00    M    M  5.2 13 310   M    M   9 18     15 310
14  51  30  41  -4  24   0 0.00    M    M  5.2 13 130   M    M   1 12     18 130
15  50  41  46   2  19   0 0.49    M    M  8.0 15 220   M    M   8 1      24 220
16  44  33  39  -5  26   0 0.00    M    M  8.7 24 300   M    M   8        29 290
17  49  34  42  -2  23   0 0.09    M    M  9.8 16 150   M    M   7        23 150
18  66  39  53  10  12   0 1.38    M    M 15.4 30 330   M    M  10 13     42 340
19  40  27  34  -9  31   0 0.00    M    M 10.4 24 300   M    M   7        33 310
20  51  25  38  -4  27   0 0.00    M    M  7.9 20 200   M    M   0        27 220
21  53  31  42   0  23   0 0.01    M    M 11.4 23 320   M    M   2 18     32 320
22  38  25  32  -9  33   0 0.00    M    M  5.9 13 330   M    M   0        17 330
================================================================================
SM 1134  784       462   0  3.20    M    173.1          M      121
================================================================================
AV 51.6 35.6                               7.9 FASTST   M    M   6    MAX(MPH)
                                 MISC ---->  # 30 330               # 42  340
================================================================================
NOTES:
# LAST OF SEVERAL OCCURRENCES

COLUMN 17 PEAK WIND IN M.P.H.

PRELIMINARY LOCAL CLIMATOLOGICAL DATA (WS FORM: F-6) , PAGE 2

                                          STATION:  INDIANAPOLIS EAGLE CREEK IN
                                          MONTH:    NOVEMBER
                                          YEAR:     2017
                                          LATITUDE:   39 49 N
                                          LONGITUDE:  86 18 W

[TEMPERATURE DATA]      [PRECIPITATION DATA]       SYMBOLS USED IN COLUMN 16

AVERAGE MONTHLY: 43.6   TOTAL FOR MONTH:   3.20    1 = FOG OR MIST
DPTR FM NORMAL:  -2.1   DPTR FM NORMAL:    0.46    2 = FOG REDUCING VISIBILITY
HIGHEST:    72 ON  5    GRTST 24HR  1.38 ON 18-18      TO 1/4 MILE OR LESS
LOWEST:     24 ON 11                               3 = THUNDER
                        SNOW, ICE PELLETS, HAIL    4 = ICE PELLETS
                        TOTAL MONTH:    M          5 = HAIL
                        GRTST 24HR    M  ON   M    6 = FREEZING RAIN OR DRIZZLE
                        GRTST DEPTH:  M  ON   M    7 = DUSTSTORM OR SANDSTORM:
                                                       VSBY 1/2 MILE OR LESS
                                                   8 = SMOKE OR HAZE
[NO. OF DAYS WITH]      [WEATHER - DAYS WITH]      9 = BLOWING SNOW
                                                   X = TORNADO
MAX 32 OR BELOW:   0    0.01 INCH OR MORE:   9
MAX 90 OR ABOVE:   0    0.10 INCH OR MORE:   6
MIN 32 OR BELOW:   9    0.50 INCH OR MORE:   2
MIN  0 OR BELOW:   0    1.00 INCH OR MORE:   1

[HDD (BASE 65) ]
TOTAL THIS MO.   462    CLEAR  (SCALE 0-3)   8
DPTR FM NORMAL    38    PTCLDY (SCALE 4-7)   5
TOTAL FM JUL 1   739    CLOUDY (SCALE 8-10)  9
DPTR FM NORMAL   -77

[CDD (BASE 65) ]
TOTAL THIS MO.     0
DPTR FM NORMAL     0    [PRESSURE DATA]
TOTAL FM JAN 1  1146    HIGHEST SLP M ON M
DPTR FM NORMAL    88    LOWEST  SLP 29.22 ON 18

[REMARKS]
