000
CXUS52 KEYW 300800
CF6EYW
PRELIMINARY LOCAL CLIMATOLOGICAL DATA (WS FORM: F-6)

                                          STATION:   KEY WEST
                                          MONTH:     SEPTEMBER
                                          YEAR:      2014
                                          LATITUDE:   24 32 N
                                          LONGITUDE:  81 45 W

  TEMPERATURE IN F:       :PCPN:    SNOW:  WIND      :SUNSHINE: SKY     :PK WND
================================================================================
1   2   3   4   5  6A  6B    7    8   9   10  11  12  13   14  15   16   17  18
                                     12Z  AVG MX 2MIN
DY MAX MIN AVG DEP HDD CDD  WTR  SNW DPTH SPD SPD DIR MIN PSBL S-S WX    SPD DR
================================================================================

 1  90  80  85   1   0  20 0.07  0.0    0 11.6 18 110   M    M   2 8      24 130
 2  89  79  84   0   0  19 0.48  0.0    0  7.6 24 160   M    M   1 38     30 160
 3  88  79  84   0   0  19 0.24  0.0    0  9.1 21 140   M    M   1 8      28 140
 4  89  81  85   1   0  20 0.08  0.0    0  7.8 17 160   M    M   2 3      23 150
 5  90  83  87   3   0  22 0.00  0.0    0  8.4 15 100   M    M   1 3      17 100
 6  90  81  86   2   0  21    T  0.0    0  9.6 24 140   M    M   1 38     30 140
 7  88  82  85   1   0  20    T  0.0    0 11.3 18 130   M    M   1 3      23 110
 8  90  82  86   2   0  21 0.02  0.0    0 12.0 22 120   M    M   1        27 110
 9  89  75  82  -2   0  17 0.73  0.0    0 10.5 25 100   M    M   1 13     32 100
10  88  78  83  -1   0  18 0.29  0.0    0  7.6 21 130   M    M   2 3      24 130
11  89  77  83  -1   0  18 0.08  0.0    0  5.8 20 120   M    M   1 3      25 120
12  82  75  79  -4   0  14 0.54  0.0    0  6.9 18 180   M    M   5 1      24 160
13  88  75  82  -1   0  17 1.31  0.0    0 11.2 29 180   M    M   2 138    37 180
14  84  76  80  -3   0  15 0.20  0.0    0  9.2 26 220   M    M   2 1      37 220
15  89  79  84   1   0  19 0.00  0.0    0  9.2 16 100   M    M   1        20 100
16  89  81  85   2   0  20    T  0.0    0  5.7 12 130   M    M   1 3      18 100
17  90  81  86   3   0  21 0.00  0.0    0  3.4  8 320   M    M   2        13 330
18  88  80  84   1   0  19    T  0.0    0  3.7 13  20   M    M   2 3      16  20
19  86  79  83   0   0  18    T  0.0    0  4.6  8 200   M    M   0        11 180
20  88  80  84   1   0  19 0.01  0.0    0  7.9 17 320   M    M   1 3      24 320
21  87  81  84   1   0  19    T  0.0    0  4.4  9 110   M    M   1        14 100
22  88  80  84   1   0  19    T  0.0    0  6.5 23 160   M    M   1 3      27 160
23  85  73  79  -4   0  14 1.04  0.0    0  7.2 26 240   M    M   4 13     31 250
24  88  77  83   0   0  18 0.12  0.0    0  8.9 17 110   M    M   3 13      M  M
25  88  80  84   1   0  19    T  0.0    0  8.8 16 100   M    M   1        21 100
26  86  81  84   1   0  19 0.21  0.0    0 10.4 21 160   M    M   2 3      24 170
27  89  82  86   4   0  21    T  0.0    0 11.1 16 110   M    M   1        20 110
28  89  82  86   4   0  21    T  0.0    0 10.1 16 120   M    M   2        20 110
29  87  82  85   3   0  20 0.00  0.0    0  5.8 12 160   M    M   1        16 170
================================================================================
SM 2551 2301         0 547  5.42     0.0 236.3          M       46
================================================================================
AV 88.0 79.3                               8.1 FASTST   M    M   2    MAX(MPH)
                                 MISC ---->  # 29 180               # 37  180
================================================================================
NOTES:
# LAST OF SEVERAL OCCURRENCES

COLUMN 17 PEAK WIND IN M.P.H.

PRELIMINARY LOCAL CLIMATOLOGICAL DATA (WS FORM: F-6) , PAGE 2

                                          STATION:  KEY WEST
                                          MONTH:    SEPTEMBER
                                          YEAR:     2014
                                          LATITUDE:   24 32 N
                                          LONGITUDE:  81 45 W

[TEMPERATURE DATA]      [PRECIPITATION DATA]       SYMBOLS USED IN COLUMN 16

AVERAGE MONTHLY: 83.7   TOTAL FOR MONTH:   5.42    1 = FOG OR MIST
DPTR FM NORMAL:   0.4   DPTR FM NORMAL:   -1.08    2 = FOG REDUCING VISIBILITY
HIGHEST:    90 ON 17, 8 GRTST 24HR  1.51 ON 13-14      TO 1/4 MILE OR LESS
LOWEST:     73 ON 23                               3 = THUNDER
                        SNOW, ICE PELLETS, HAIL    4 = ICE PELLETS
                        TOTAL MONTH:   0.0 INCH    5 = HAIL
                        GRTST 24HR     0.0         6 = FREEZING RAIN OR DRIZZLE
                        GRTST DEPTH:   0           7 = DUSTSTORM OR SANDSTORM:
                                                       VSBY 1/2 MILE OR LESS
                                                   8 = SMOKE OR HAZE
[NO. OF DAYS WITH]      [WEATHER - DAYS WITH]      9 = BLOWING SNOW
                                                   X = TORNADO
MAX 32 OR BELOW:   0    0.01 INCH OR MORE:  15
MAX 90 OR ABOVE:   5    0.10 INCH OR MORE:  10
MIN 32 OR BELOW:   0    0.50 INCH OR MORE:   4
MIN  0 OR BELOW:   0    1.00 INCH OR MORE:   2

[HDD (BASE 65) ]
TOTAL THIS MO.     0    CLEAR  (SCALE 0-3)  27
DPTR FM NORMAL     0    PTCLDY (SCALE 4-7)   2
TOTAL FM JUL 1     0    CLOUDY (SCALE 8-10)  0
DPTR FM NORMAL     0

[CDD (BASE 65) ]
TOTAL THIS MO.   547
DPTR FM NORMAL    17    [PRESSURE DATA]
TOTAL FM JAN 1  4067    HIGHEST SLP M ON M
DPTR FM NORMAL   348    LOWEST  SLP 29.84 ON 29

[REMARKS]
