000
CXUS52 KKEY 280531
CF6EYW
PRELIMINARY LOCAL CLIMATOLOGICAL DATA (WS FORM: F-6)

                                          STATION:   KEY WEST
                                          MONTH:     MAY
                                          YEAR:      2016
                                          LATITUDE:   24 32 N
                                          LONGITUDE:  81 45 W

  TEMPERATURE IN F:       :PCPN:    SNOW:  WIND      :SUNSHINE: SKY     :PK WND
================================================================================
1   2   3   4   5  6A  6B    7    8   9   10  11  12  13   14  15   16   17  18
                                     12Z  AVG MX 2MIN
DY MAX MIN AVG DEP HDD CDD  WTR  SNW DPTH SPD SPD DIR MIN PSBL S-S WX    SPD DR
================================================================================

 1  85  77  81   3   0  16 0.00  0.0    0 15.1 20 100   M    M   2        25 100
 2  84  77  81   3   0  16    T  0.0    0 13.9 21 110   M    M   2        26 110
 3  85  77  81   2   0  16 0.00  0.0    0  9.3 15 160   M    M   2        21 150
 4  81  72  77  -2   0  12 0.33  0.0    0 14.6 29 230   M    M   4 13     36 220
 5  80  72  76  -3   0  11 0.00  0.0    0 12.5 17 340   M    M   2        27 340
 6  81  68  75  -4   0  10 0.18  0.0    0  8.9 16 330   M    M   2 1      22 330
 7  78  70  74  -5   0   9 0.00  0.0    0 10.0 17 340   M    M   1        23 340
 8  81  63  72  -7   0   7 0.00  0.0    0  8.6 18 100   M    M   1        24 100
 9  83  73  78  -2   0  13 0.00  0.0    0 13.2 18  90   M    M   2        26  80
10  84  77  81   1   0  16 0.00  0.0    0 14.8 20 100   M    M   1        25 110
11  85  78  82   2   0  17 0.00  0.0    0 13.1 20 100   M    M   6        27 120
12  84  76  80   0   0  15 0.00  0.0    0  8.2 17 100   M    M   1        22 100
13  86  74  80   0   0  15 0.00  0.0    0  5.8 12 340   M    M   0        16 320
14  86  75  81   1   0  16 0.00  0.0    0  7.4 14 330   M    M   0        17 340
15  87  75  81   1   0  16 0.00  0.0    0  6.5 15  10   M    M   2        19  10
16  87  78  83   3   0  18 0.00  0.0    0 10.8 20 120   M    M   3        26 110
17  85  78  82   2   0  17 0.00  0.0    0 12.3 17 120   M    M   2        22 160
18  88  75  82   1   0  17 0.33  0.0    0  8.1 30 160   M    M   3 38     36 160
19  82  71  77  -4   0  12 1.31  0.0    0 10.4 24  40   M    M   2 3      33  40
20  84  78  81   0   0  16 0.00  0.0    0  8.7 13 140   M    M   1        17 160
21  85  77  81   0   0  16 0.00  0.0    0  6.4 10 340   M    M   1        18 160
22  86  76  81   0   0  16 0.00  0.0    0  7.5 14 340   M    M   1        20 320
23  88  75  82   1   0  17    T  0.0    0  4.7 12 110   M    M   2 3      16  20
24  88  76  82   1   0  17 0.03  0.0    0  7.3 14  20   M    M   2 13X    18  90
25  86  74  80  -2   0  15 0.12  0.0    0 12.2 32 120   M    M   3 13     40 130
26  87  77  82   0   0  17 0.00  0.0    0  8.1 14  90   M    M   2        23  80
27  87  75  81  -1   0  16 0.07  0.0    0  9.2 16 110   M    M   2        21  50
================================================================================
SM 2283 2014         0 399  2.37     0.0 267.6          M       52
================================================================================
AV 84.6 74.6                               9.9 FASTST   M    M   2    MAX(MPH)
                                 MISC ---->  # 32 120               # 40  130
================================================================================
NOTES:
# LAST OF SEVERAL OCCURRENCES

COLUMN 17 PEAK WIND IN M.P.H.

PRELIMINARY LOCAL CLIMATOLOGICAL DATA (WS FORM: F-6) , PAGE 2

                                          STATION:  KEY WEST
                                          MONTH:    MAY
                                          YEAR:     2016
                                          LATITUDE:   24 32 N
                                          LONGITUDE:  81 45 W

[TEMPERATURE DATA]      [PRECIPITATION DATA]       SYMBOLS USED IN COLUMN 16

AVERAGE MONTHLY: 79.6   TOTAL FOR MONTH:   2.37    1 = FOG OR MIST
DPTR FM NORMAL:  -0.5   DPTR FM NORMAL:   -0.06    2 = FOG REDUCING VISIBILITY
HIGHEST:    88 ON 24,23 GRTST 24HR  1.63 ON 18-19      TO 1/4 MILE OR LESS
LOWEST:     63 ON  8                               3 = THUNDER
                        SNOW, ICE PELLETS, HAIL    4 = ICE PELLETS
                        TOTAL MONTH:   0.0 INCH    5 = HAIL
                        GRTST 24HR     0.0         6 = FREEZING RAIN OR DRIZZLE
                        GRTST DEPTH:   0           7 = DUSTSTORM OR SANDSTORM:
                                                       VSBY 1/2 MILE OR LESS
                                                   8 = SMOKE OR HAZE
[NO. OF DAYS WITH]      [WEATHER - DAYS WITH]      9 = BLOWING SNOW
                                                   X = TORNADO
MAX 32 OR BELOW:   0    0.01 INCH OR MORE:   7
MAX 90 OR ABOVE:   0    0.10 INCH OR MORE:   5
MIN 32 OR BELOW:   0    0.50 INCH OR MORE:   1
MIN  0 OR BELOW:   0    1.00 INCH OR MORE:   1

[HDD (BASE 65) ]
TOTAL THIS MO.     0    CLEAR  (SCALE 0-3)  25
DPTR FM NORMAL     0    PTCLDY (SCALE 4-7)   2
TOTAL FM JUL 1    24    CLOUDY (SCALE 8-10)  0
DPTR FM NORMAL   -49

[CDD (BASE 65) ]
TOTAL THIS MO.   399
DPTR FM NORMAL   -10    [PRESSURE DATA]
TOTAL FM JAN 1  1420    HIGHEST SLP M ON M
DPTR FM NORMAL    57    LOWEST  SLP 29.70 ON  4

[REMARKS]
