000
CXUS53 KMPX 251000
CF6FCM
PRELIMINARY LOCAL CLIMATOLOGICAL DATA (WS FORM: F-6)

                                          STATION:   MINNEAPOLIS FLYING CLOUD MN
                                          MONTH:     JULY
                                          YEAR:      2016
                                          LATITUDE:   44 49 N
                                          LONGITUDE:  93 27 W

  TEMPERATURE IN F:       :PCPN:    SNOW:  WIND      :SUNSHINE: SKY     :PK WND
================================================================================
1   2   3   4   5  6A  6B    7    8   9   10  11  12  13   14  15   16   17  18
                                     12Z  AVG MX 2MIN
DY MAX MIN AVG DEP HDD CDD  WTR  SNW DPTH SPD SPD DIR MIN PSBL S-S WX    SPD DR
================================================================================

 1  76  52  64  -9   1   0 0.00    M    M  4.7 14  20   M    M   0 8      21  20
 2  82  57  70  -3   0   5 0.00    M    M  5.3 14 160   M    M   0        17 160
 3  82  60  71  -2   0   6 0.00    M    M  6.5 15 140   M    M   1 8      23 130
 4  82  59  71  -2   0   6 0.00    M    M  8.5 17 190   M    M   5        21 190
 5  92  67  80   7   0  15 1.34    M    M 11.1 46 340   M    M   3 138    61 350
 6  88  64  76   2   0  11 0.00    M    M  4.6 13 330   M    M   1 1      17 320
 7  85  69  77   3   0  12 0.09    M    M  6.6 31 110   M    M   2 13     37 110
 8  81  64  73  -1   0   8 0.00    M    M 10.9 24 290   M    M   4        32 290
 9  83  62  73  -1   0   8 0.00    M    M  6.7 15 140   M    M   1 1      18 140
10  82  66  74   0   0   9 0.77    M    M  8.5 26 280   M    M   5 13     35 270
11  91  72  82   8   0  17    T    M    M 13.9 26 170   M    M   7 3      34 170
12  86  70  78   4   0  13 0.03    M    M 11.6 23 240   M    M   0 3      33 250
13  85  69  77   3   0  12    T    M    M 12.1 22 250   M    M   1        30 270
14  73  63  68  -6   0   3 0.15    M    M 12.3 23 290   M    M   7 18     30 290
15  79  61  70  -4   0   5 0.08    M    M  4.6 15 340   M    M   5 1      19 320
16  82  58  70  -4   0   5 0.21    M    M  8.1 26 130   M    M   3 13     32 130
17  83  65  74   0   0   9 0.15    M    M 11.5 35 150   M    M   2 13     43 150
18  86  63  75   1   0  10 0.00    M    M  4.4 10 200   M    M   0 8      15 220
19  88  67  78   4   0  13 0.00    M    M  9.1 22 140   M    M   1 1      27 150
20  93  72  83   9   0  18 0.01    M    M 10.4 21 160   M    M   4 3      26 150
21  95  71  83   9   0  18 0.12    M    M  7.3 33 360   M    M   1 13     45 340
22  97  72  85  11   0  20 0.00    M    M  5.0 13 140   M    M   0 8      16 100
23  81  71  76   3   0  11 1.75    M    M  8.0 24 220   M    M   6 138    32 250
24  85  68  77   4   0  12    T    M    M  9.4 20 280   M    M   2 13     25 280
================================================================================
SM 2037 1562         1 246  4.70    M    201.1          M       61
================================================================================
AV 84.9 65.1                               8.4 FASTST   M    M   3    MAX(MPH)
                                 MISC ---->  # 46 340               # 61  350
================================================================================
NOTES:
# LAST OF SEVERAL OCCURRENCES

COLUMN 17 PEAK WIND IN M.P.H.

PRELIMINARY LOCAL CLIMATOLOGICAL DATA (WS FORM: F-6) , PAGE 2

                                          STATION:  MINNEAPOLIS FLYING CLOUD MN
                                          MONTH:    JULY
                                          YEAR:     2016
                                          LATITUDE:   44 49 N
                                          LONGITUDE:  93 27 W

[TEMPERATURE DATA]      [PRECIPITATION DATA]       SYMBOLS USED IN COLUMN 16

AVERAGE MONTHLY: 75.0   TOTAL FOR MONTH:   4.70    1 = FOG OR MIST
DPTR FM NORMAL:   1.3   DPTR FM NORMAL:    1.42    2 = FOG REDUCING VISIBILITY
HIGHEST:    97 ON 22    GRTST 24HR  1.75 ON 23-23      TO 1/4 MILE OR LESS
LOWEST:     52 ON  1                               3 = THUNDER
                        SNOW, ICE PELLETS, HAIL    4 = ICE PELLETS
                        TOTAL MONTH:    M          5 = HAIL
                        GRTST 24HR    M  ON   M    6 = FREEZING RAIN OR DRIZZLE
                        GRTST DEPTH:  M  ON   M    7 = DUSTSTORM OR SANDSTORM:
                                                       VSBY 1/2 MILE OR LESS
                                                   8 = SMOKE OR HAZE
[NO. OF DAYS WITH]      [WEATHER - DAYS WITH]      9 = BLOWING SNOW
                                                   X = TORNADO
MAX 32 OR BELOW:   0    0.01 INCH OR MORE:  11
MAX 90 OR ABOVE:   5    0.10 INCH OR MORE:   7
MIN 32 OR BELOW:   0    0.50 INCH OR MORE:   3
MIN  0 OR BELOW:   0    1.00 INCH OR MORE:   2

[HDD (BASE 65) ]
TOTAL THIS MO.     1    CLEAR  (SCALE 0-3)  15
DPTR FM NORMAL     1    PTCLDY (SCALE 4-7)   9
TOTAL FM JUL 1     1    CLOUDY (SCALE 8-10)  0
DPTR FM NORMAL     1

[CDD (BASE 65) ]
TOTAL THIS MO.   246
DPTR FM NORMAL    35    [PRESSURE DATA]
TOTAL FM JAN 1   527    HIGHEST SLP M ON M
DPTR FM NORMAL   116    LOWEST  SLP 29.50 ON 11

[REMARKS]
