000
CXUS53 KMPX 201000
CF6FCM
PRELIMINARY LOCAL CLIMATOLOGICAL DATA (WS FORM: F-6)

                                          STATION:   MINNEAPOLIS FLYING CLOUD MN
                                          MONTH:     FEBRUARY
                                          YEAR:      2018
                                          LATITUDE:   44 49 N
                                          LONGITUDE:  93 27 W

  TEMPERATURE IN F:       :PCPN:    SNOW:  WIND      :SUNSHINE: SKY     :PK WND
================================================================================
1   2   3   4   5  6A  6B    7    8   9   10  11  12  13   14  15   16   17  18
                                     12Z  AVG MX 2MIN
DY MAX MIN AVG DEP HDD CDD  WTR  SNW DPTH SPD SPD DIR MIN PSBL S-S WX    SPD DR
================================================================================

 1   8  -4   2 -14  63   0    M    M    M 12.2 23 330   M    M   0        29 340
 2  13 -12   1 -16  64   0    M    M    M  5.8 12 160   M    M   4        14 190
 3  21   9  15  -2  50   0    M    M    M  9.2 20 350   M    M  10 18     27 340
 4   9  -6   2 -15  63   0    M    M    M 11.0 22 360   M    M   2 8      29 350
 5  14  -6   4 -13  61   0    M    M    M  6.6 16 330   M    M   2 8      21 330
 6   8 -11  -1 -19  66   0    M    M    M  6.4 15 190   M    M   3        19 190
 7  14   0   7 -11  58   0    M    M    M  6.8 13 280   M    M   4 18     16 240
 8  17   1   9  -9  56   0    M    M    M  5.9  9 340   M    M   5 18     12 280
 9  11   0   6 -12  59   0    M    M    M  7.0 16  30   M    M   2 8      23  20
10  11  -3   4 -15  61   0    M    M    M  6.3 14 230   M    M   1        17 230
11  21  -6   8 -11  57   0    M    M    M  8.7 18 280   M    M   0        26 280
12  14  -1   7 -12  58   0    M    M    M  3.8 10 320   M    M   0        12 330
13  28   6  17  -3  48   0    M    M    M 10.7 21 200   M    M   4 18     26 190
14  40  17  29   9  36   0    M    M    M  8.0 17 180   M    M   0 18     21 220
15  37  13  25   5  40   0    M    M    M 11.1 23 310   M    M   5 8      31 320
16  19  -2   9 -11  56   0    M    M    M 11.1 21 320   M    M   0        29 320
17  37  18  28   7  37   0    M    M    M  9.3 22 310   M    M   5 1      29 300
18  43  16  30   9  35   0    M    M    M 11.6 31 160   M    M   4        39 140
19  27  19  23   1  42   0    M    M    M 14.3 21  30   M    M   9 168    29  30
================================================================================
SM  392   48      1010   0    M     M    165.8          M       60
================================================================================
AV 20.6  2.5                               8.7 FASTST   M    M   3    MAX(MPH)
                                 MISC ---->  # 31 160               # 39  140
================================================================================
NOTES:
# LAST OF SEVERAL OCCURRENCES

COLUMN 17 PEAK WIND IN M.P.H.

PRELIMINARY LOCAL CLIMATOLOGICAL DATA (WS FORM: F-6) , PAGE 2

                                          STATION:  MINNEAPOLIS FLYING CLOUD MN
                                          MONTH:    FEBRUARY
                                          YEAR:     2018
                                          LATITUDE:   44 49 N
                                          LONGITUDE:  93 27 W

[TEMPERATURE DATA]      [PRECIPITATION DATA]       SYMBOLS USED IN COLUMN 16

AVERAGE MONTHLY: 11.6   TOTAL FOR MONTH:      M    1 = FOG OR MIST
DPTR FM NORMAL:  -7.2   DPTR FM NORMAL:       M    2 = FOG REDUCING VISIBILITY
HIGHEST:    43 ON 18    GRTST 24HR  0.08 ON 31- 1      TO 1/4 MILE OR LESS
LOWEST:    -12 ON  2                               3 = THUNDER
                        SNOW, ICE PELLETS, HAIL    4 = ICE PELLETS
                        TOTAL MONTH:    M          5 = HAIL
                        GRTST 24HR    M  ON   M    6 = FREEZING RAIN OR DRIZZLE
                        GRTST DEPTH:  M  ON   M    7 = DUSTSTORM OR SANDSTORM:
                                                       VSBY 1/2 MILE OR LESS
                                                   8 = SMOKE OR HAZE
[NO. OF DAYS WITH]      [WEATHER - DAYS WITH]      9 = BLOWING SNOW
                                                   X = TORNADO
MAX 32 OR BELOW:  15    0.01 INCH OR MORE:   0
MAX 90 OR ABOVE:   0    0.10 INCH OR MORE:   0
MIN 32 OR BELOW:  19    0.50 INCH OR MORE:   0
MIN  0 OR BELOW:  11    1.00 INCH OR MORE:   0

[HDD (BASE 65) ]
TOTAL THIS MO.  1010    CLEAR  (SCALE 0-3)  10
DPTR FM NORMAL   131    PTCLDY (SCALE 4-7)   7
TOTAL FM JUL 1  5335    CLOUDY (SCALE 8-10)  2
DPTR FM NORMAL   -99

[CDD (BASE 65) ]
TOTAL THIS MO.     0
DPTR FM NORMAL     0    [PRESSURE DATA]
TOTAL FM JAN 1     0    HIGHEST SLP M ON M
DPTR FM NORMAL     0    LOWEST  SLP 29.57 ON 18

[REMARKS]
