000
CXUS53 KMPX 281000
CF6FCM
PRELIMINARY LOCAL CLIMATOLOGICAL DATA (WS FORM: F-6)

                                          STATION:   MINNEAPOLIS FLYING CLOUD MN
                                          MONTH:     MAY
                                          YEAR:      2017
                                          LATITUDE:   44 49 N
                                          LONGITUDE:  93 27 W

  TEMPERATURE IN F:       :PCPN:    SNOW:  WIND      :SUNSHINE: SKY     :PK WND
================================================================================
1   2   3   4   5  6A  6B    7    8   9   10  11  12  13   14  15   16   17  18
                                     12Z  AVG MX 2MIN
DY MAX MIN AVG DEP HDD CDD  WTR  SNW DPTH SPD SPD DIR MIN PSBL S-S WX    SPD DR
================================================================================

 1  42  37  40 -14  25   0 0.14    M    M 13.0 25 360   M    M  10 1      35  10
 2  63  39  51  -4  14   0    T    M    M 10.4 24 360   M    M   3        33  20
 3  67  43  55   0  10   0    T    M    M  7.8 20 210   M    M   4        24 210
 4  70  44  57   2   8   0 0.00    M    M  6.1 18  40   M    M   3 8      23 350
 5  80  41  61   5   4   0 0.00    M    M  6.7 25  20   M    M   1 18     34  20
 6  70  45  58   2   7   0 0.00    M    M  6.6 17 360   M    M   0 8      22  30
 7  68  50  59   3   6   0 0.00    M    M  8.6 14 110   M    M   3 8      23 160
 8  73  48  61   4   4   0 0.16    M    M 13.6 25 110   M    M   2 3      34 120
 9  73  50  62   5   3   0 0.01    M    M  7.4 17 330   M    M   5 18     24 320
10  69  50  60   2   5   0 0.02    M    M  4.6 17 320   M    M   5        22 310
11  67  47  57  -1   8   0 0.00    M    M  8.1 15 330   M    M   0 8      21  40
12  77  45  61   3   4   0 0.00    M    M  4.2 13 170   M    M   3 8      16 160
13  83  56  70  12   0   5 0.00    M    M  5.5 12  80   M    M   1 8      15 330
14  88  55  72  13   0   7 0.00    M    M  9.4 18 140   M    M   1 8      26 130
15  71  60  66   7   0   1 0.42    M    M  9.3 17 100   M    M   3 138    22 280
16  83  62  73  14   0   8 0.25    M    M 11.3 25 200   M    M   4 138    31 190
17  71  54  63   3   2   0 1.73    M    M  6.7 22 310   M    M   9 13     27 290
18  57  47  52  -8  13   0 0.28    M    M 10.8 22  30   M    M   8 18     35 360
19  56  45  51  -9  14   0 0.00    M    M 11.4 20  80   M    M   4        27  50
20  52  42  47 -14  18   0 1.28    M    M 12.0 20  70   M    M  10 1      25  70
21  52  45  49 -12  16   0 0.04    M    M  9.4 21 280   M    M  10 18     27 280
22  67  44  56  -5   9   0    T    M    M  8.0 15 270   M    M   4        22 270
23  62  50  56  -6   9   0 0.06    M    M  6.0 14 360   M    M   8        19  20
24  63  47  55  -7  10   0 0.00    M    M  5.8 13  20   M    M   7 8      17  30
25  72  47  60  -2   5   0 0.05    M    M  8.1 17 160   M    M   3 1      22 130
26  81  59  70   8   0   5 0.00    M    M  7.7 17 290   M    M   4        22 280
27  72  52  62  -1   3   0    T    M    M  5.8 12 240   M    M   3        15 210
================================================================================
SM 1849 1304       197  26  4.44    M    224.3          M      118
================================================================================
AV 68.5 48.3                               8.3 FASTST   M    M   4    MAX(MPH)
                                 MISC ---->  # 25 360               # 35   10
================================================================================
NOTES:
# LAST OF SEVERAL OCCURRENCES

COLUMN 17 PEAK WIND IN M.P.H.

PRELIMINARY LOCAL CLIMATOLOGICAL DATA (WS FORM: F-6) , PAGE 2

                                          STATION:  MINNEAPOLIS FLYING CLOUD MN
                                          MONTH:    MAY
                                          YEAR:     2017
                                          LATITUDE:   44 49 N
                                          LONGITUDE:  93 27 W

[TEMPERATURE DATA]      [PRECIPITATION DATA]       SYMBOLS USED IN COLUMN 16

AVERAGE MONTHLY: 58.4   TOTAL FOR MONTH:   4.44    1 = FOG OR MIST
DPTR FM NORMAL:  -0.3   DPTR FM NORMAL:    1.37    2 = FOG REDUCING VISIBILITY
HIGHEST:    88 ON 14    GRTST 24HR  1.73 ON 17-17      TO 1/4 MILE OR LESS
LOWEST:     37 ON  1                               3 = THUNDER
                        SNOW, ICE PELLETS, HAIL    4 = ICE PELLETS
                        TOTAL MONTH:    M          5 = HAIL
                        GRTST 24HR    M  ON   M    6 = FREEZING RAIN OR DRIZZLE
                        GRTST DEPTH:  M  ON   M    7 = DUSTSTORM OR SANDSTORM:
                                                       VSBY 1/2 MILE OR LESS
                                                   8 = SMOKE OR HAZE
[NO. OF DAYS WITH]      [WEATHER - DAYS WITH]      9 = BLOWING SNOW
                                                   X = TORNADO
MAX 32 OR BELOW:   0    0.01 INCH OR MORE:  12
MAX 90 OR ABOVE:   0    0.10 INCH OR MORE:   7
MIN 32 OR BELOW:   0    0.50 INCH OR MORE:   2
MIN  0 OR BELOW:   0    1.00 INCH OR MORE:   2

[HDD (BASE 65) ]
TOTAL THIS MO.   197    CLEAR  (SCALE 0-3)  10
DPTR FM NORMAL    -3    PTCLDY (SCALE 4-7)  12
TOTAL FM JUL 1  6270    CLOUDY (SCALE 8-10)  5
DPTR FM NORMAL -1288

[CDD (BASE 65) ]
TOTAL THIS MO.    26
DPTR FM NORMAL    -4    [PRESSURE DATA]
TOTAL FM JAN 1    26    HIGHEST SLP M ON M
DPTR FM NORMAL    -7    LOWEST  SLP 29.32 ON 17

[REMARKS]
