000
CXUS53 KLMK 220800
CF6FFT
PRELIMINARY LOCAL CLIMATOLOGICAL DATA (WS FORM: F-6)

                                          STATION:   FRANKFORT KY
                                          MONTH:     MAY
                                          YEAR:      2015
                                          LATITUDE:   38 10 N
                                          LONGITUDE:  84 54 W

  TEMPERATURE IN F:       :PCPN:    SNOW:  WIND      :SUNSHINE: SKY     :PK WND
================================================================================
1   2   3   4   5  6A  6B    7    8   9   10  11  12  13   14  15   16   17  18
                                     12Z  AVG MX 2MIN
DY MAX MIN AVG DEP HDD CDD  WTR  SNW DPTH SPD SPD DIR MIN PSBL S-S WX    SPD DR
================================================================================

 1  72  42  57  -3   8   0 0.00    M    M  4.4 14  40   M    M   1        18  40
 2  75  43  59  -1   6   0 0.00    M    M  1.5 13 220   M    M   2        16 200
 3  78  47  63   3   2   0 0.00    M    M  2.7 13 200   M    M   1        18 200
 4  82  53  68   7   0   3 0.00    M    M  6.6 17 220   M    M   2        22 230
 5  82  56  69   8   0   4 0.00    M    M  3.4 13 220   M    M   2 18     16 260
 6  85  54  70   9   0   5 0.00    M    M  1.7 10 140   M    M   1 1      15 170
 7  87  57  72  11   0   7 0.00    M    M  2.5 13 190   M    M   1 1      15 200
 8  86  58  72  10   0   7 0.00    M    0  4.2 16 220   M    M   0 18     21 190
 9  87  61  74  12   0   9 0.00    M    0  3.4 15 180   M    M   2 18     23 150
10  86  62  74  12   0   9 0.00    M    M  5.3 16 220   M    M   3        21 210
11  88  64  76  14   0  11 0.05    M    M  9.6 26 220   M    M   2 138    38 230
12  73  51  62  -1   3   0 0.00    M    M  8.1 23 230   M    M   2        30 230
13  71  43  57  -6   8   0 0.00    M    M  4.4 12 350   M    M   0        16 340
14  73  48  61  -2   4   0 0.00    M    M  6.9 15  80   M    M   0        20  80
15  85  59  72   8   0   7 0.00    M    M  8.6 21 230   M    M   4        29 240
16  72  67  70   6   0   5 0.60    M    M  7.1 15 190   M    M   8 18     21 170
17  84  67  76  12   0  11    T    M    M  8.2 17 180   M    M   3        23 170
18  77  65  71   7   0   6    T    M    M  6.1 13 230   M    M   4        17 220
19  75  57  66   1   0   1 0.00    M    M  6.9 14 330   M    M   0 1      19 320
20  71  48  60  -5   5   0 0.00    M    M  5.8 12  40   M    M   3        16 360
21  58  44  51 -14  14   0 0.00    M    M  6.6 15 330   M    M   8 8      22 290
================================================================================
SM 1647 1146        50  85  0.65    M    114.0          M       49
================================================================================
AV 78.4 54.6                               5.4 FASTST   M    M   2    MAX(MPH)
                                 MISC ---->  # 26 220               # 38  230
================================================================================
NOTES:
# LAST OF SEVERAL OCCURRENCES

COLUMN 17 PEAK WIND IN M.P.H.

PRELIMINARY LOCAL CLIMATOLOGICAL DATA (WS FORM: F-6) , PAGE 2

                                          STATION:  FRANKFORT KY
                                          MONTH:    MAY
                                          YEAR:     2015
                                          LATITUDE:   38 10 N
                                          LONGITUDE:  84 54 W

[TEMPERATURE DATA]      [PRECIPITATION DATA]       SYMBOLS USED IN COLUMN 16

AVERAGE MONTHLY: 66.5   TOTAL FOR MONTH:   0.65    1 = FOG OR MIST
DPTR FM NORMAL:   4.0   DPTR FM NORMAL:   -2.70    2 = FOG REDUCING VISIBILITY
HIGHEST:    88 ON 11    GRTST 24HR  0.60 ON 16-16      TO 1/4 MILE OR LESS
LOWEST:     42 ON  1                               3 = THUNDER
                        SNOW, ICE PELLETS, HAIL    4 = ICE PELLETS
                        TOTAL MONTH:    M          5 = HAIL
                        GRTST 24HR    M  ON   M    6 = FREEZING RAIN OR DRIZZLE
                        GRTST DEPTH:   0           7 = DUSTSTORM OR SANDSTORM:
                                                       VSBY 1/2 MILE OR LESS
                                                   8 = SMOKE OR HAZE
[NO. OF DAYS WITH]      [WEATHER - DAYS WITH]      9 = BLOWING SNOW
                                                   X = TORNADO
MAX 32 OR BELOW:   0    0.01 INCH OR MORE:   2
MAX 90 OR ABOVE:   0    0.10 INCH OR MORE:   1
MIN 32 OR BELOW:   0    0.50 INCH OR MORE:   1
MIN  0 OR BELOW:   0    1.00 INCH OR MORE:   0

[HDD (BASE 65) ]
TOTAL THIS MO.    50    CLEAR  (SCALE 0-3)  15
DPTR FM NORMAL   -42    PTCLDY (SCALE 4-7)   5
TOTAL FM JUL 1  5115    CLOUDY (SCALE 8-10)  1
DPTR FM NORMAL   445

[CDD (BASE 65) ]
TOTAL THIS MO.    85
DPTR FM NORMAL    45    [PRESSURE DATA]
TOTAL FM JAN 1    93    HIGHEST SLP M ON M
DPTR FM NORMAL    33    LOWEST  SLP 29.91 ON 11

[REMARKS]
