000
CXUS53 KLMK 300800
CF6FFT
PRELIMINARY LOCAL CLIMATOLOGICAL DATA (WS FORM: F-6)

                                          STATION:   FRANKFORT KY
                                          MONTH:     AUGUST
                                          YEAR:      2016
                                          LATITUDE:   38 10 N
                                          LONGITUDE:  84 54 W

  TEMPERATURE IN F:       :PCPN:    SNOW:  WIND      :SUNSHINE: SKY     :PK WND
================================================================================
1   2   3   4   5  6A  6B    7    8   9   10  11  12  13   14  15   16   17  18
                                     12Z  AVG MX 2MIN
DY MAX MIN AVG DEP HDD CDD  WTR  SNW DPTH SPD SPD DIR MIN PSBL S-S WX    SPD DR
================================================================================

 1  84  69  77   1   0  12 0.98    M    M  3.3 15 220   M    M   4 13     17 160
 2  89  72  81   5   0  16 0.00    M    M  2.9  9 340   M    M   6 18     12 330
 3  92  70  81   5   0  16 0.12    M    M  1.6 14 190   M    M   4 18     16 200
 4  92  72  82   6   0  17 0.71    M    M  1.7 18 210   M    M   4 138    20 210
 5  90  70  80   4   0  15 0.00    M    M  3.5 12 240   M    M   3 1      16 260
 6  88  70  79   3   0  14 0.11    M    M  3.3 16 330   M    M   5 138    20 270
 7  88  64  76   0   0  11 0.00    M    M  4.1 13  70   M    M   1        16  40
 8  89  64  77   1   0  12 0.00    M    M  5.9 14  40   M    M   1        20 100
 9  89  72  81   5   0  16 0.67    M    M  3.4 18 240   M    M   6 138    28 220
10  90  74  82   6   0  17    T    M    M  4.6 18 170   M    M   3        25 160
11  90  76  83   7   0  18 0.00    M    M  6.3 16 200   M    M   5        23 210
12  91  75  83   7   0  18 0.00    M    M  6.4 17 200   M    M   4        21 170
13  86  75  81   5   0  16 0.01    M    M  9.8 22 220   M    M   6        28 210
14  87  72  80   4   0  15 0.15    M    M  4.5 20 240   M    M   2 13     29 320
15  91  71  81   5   0  16 0.12    M    M  6.6 16 210   M    M   2 38     22 230
16  86  74  80   4   0  15 0.03    M    M  7.1 18 220   M    M   4 13     26 220
17  81  73  77   2   0  12 0.32    M    M  4.5 13 240   M    M   6 1      18 240
18  82  72  77   2   0  12 0.11    M    M  3.9  9 230   M    M   7 18     12 240
19  85  70  78   3   0  13 0.00    M    M  4.5 12 200   M    M   5 1      15 220
20  84  70  77   2   0  12 0.53    M    M  7.6 18 200   M    M   5 138    24 200
21  81  62  72  -3   0   7 0.03    M    M  5.5 13 310   M    M   3 1      17 320
22  82  57  70  -5   0   5 0.00    M    M  1.6  7 140   M    M   1        11  40
23  84  57  71  -4   0   6 0.00    M    M  2.4 12 150   M    M   1 1      17 150
24  90  66  78   3   0  13 0.00    M    M  7.2 18 190   M    M   2        23 200
25  92  73  83   9   0  18 0.00    M    M  6.4 14 220   M    M   1        24 210
26  93  69  81   7   0  16 0.00    M    M  1.0  7 100   M    M   1 1       9 120
27  94  71  83   9   0  18 0.00    M    M  2.9 16 300   M    M   0 138    22 310
28  95  71  83   9   0  18 0.32    M    M  3.2 28  90   M    M   2 13     36  80
29  93  69  81   7   0  16 0.10    M    M  3.0 22  40   M    M   1 13     34  30
================================================================================
SM 2558 2020         0 410  4.31    M    128.7          M       95
================================================================================
AV 88.2 69.7                               4.4 FASTST   M    M   3    MAX(MPH)
                                 MISC ---->  # 28  90               # 36   80
================================================================================
NOTES:
# LAST OF SEVERAL OCCURRENCES

COLUMN 17 PEAK WIND IN M.P.H.

PRELIMINARY LOCAL CLIMATOLOGICAL DATA (WS FORM: F-6) , PAGE 2

                                          STATION:  FRANKFORT KY
                                          MONTH:    AUGUST
                                          YEAR:     2016
                                          LATITUDE:   38 10 N
                                          LONGITUDE:  84 54 W

[TEMPERATURE DATA]      [PRECIPITATION DATA]       SYMBOLS USED IN COLUMN 16

AVERAGE MONTHLY: 78.9   TOTAL FOR MONTH:   4.31    1 = FOG OR MIST
DPTR FM NORMAL:   3.6   DPTR FM NORMAL:    1.18    2 = FOG REDUCING VISIBILITY
HIGHEST:    95 ON 28    GRTST 24HR  0.98 ON  1- 1      TO 1/4 MILE OR LESS
LOWEST:     57 ON 23,22                            3 = THUNDER
                        SNOW, ICE PELLETS, HAIL    4 = ICE PELLETS
                        TOTAL MONTH:    M          5 = HAIL
                        GRTST 24HR    M  ON   M    6 = FREEZING RAIN OR DRIZZLE
                        GRTST DEPTH:  M  ON   M    7 = DUSTSTORM OR SANDSTORM:
                                                       VSBY 1/2 MILE OR LESS
                                                   8 = SMOKE OR HAZE
[NO. OF DAYS WITH]      [WEATHER - DAYS WITH]      9 = BLOWING SNOW
                                                   X = TORNADO
MAX 32 OR BELOW:   0    0.01 INCH OR MORE:  15
MAX 90 OR ABOVE:  13    0.10 INCH OR MORE:  12
MIN 32 OR BELOW:   0    0.50 INCH OR MORE:   4
MIN  0 OR BELOW:   0    1.00 INCH OR MORE:   0

[HDD (BASE 65) ]
TOTAL THIS MO.     0    CLEAR  (SCALE 0-3)  15
DPTR FM NORMAL     0    PTCLDY (SCALE 4-7)  14
TOTAL FM JUL 1     0    CLOUDY (SCALE 8-10)  0
DPTR FM NORMAL     0

[CDD (BASE 65) ]
TOTAL THIS MO.   410
DPTR FM NORMAL   109    [PRESSURE DATA]
TOTAL FM JAN 1  1262    HIGHEST SLP M ON M
DPTR FM NORMAL   276    LOWEST  SLP 29.76 ON 20

[REMARKS]
