000
CXUS53 KOAX 221000
CF6FNB
PRELIMINARY LOCAL CLIMATOLOGICAL DATA (WS FORM: F-6)

                                          STATION:   FALLS CITY, NEBRASKA
                                          MONTH:     APRIL
                                          YEAR:      2014
                                          LATITUDE:   40  4 N
                                          LONGITUDE:  95 35 W

  TEMPERATURE IN F:       :PCPN:    SNOW:  WIND      :SUNSHINE: SKY     :PK WND
================================================================================
1   2   3   4   5  6A  6B    7    8   9   10  11  12  13   14  15   16   17  18
                                     12Z  AVG MX 2MIN
DY MAX MIN AVG DEP HDD CDD  WTR  SNW DPTH SPD SPD DIR MIN PSBL S-S WX    SPD DR
================================================================================

 1  53  25  39  -9  26   0 0.00    M    M  8.1 21 300   M    M   4        26 290
 2  45  39  42  -6  23   0 0.01    M    M 11.0 23  80   M    M   8 1      26  80
 3  46  35  41  -8  24   0 0.19    M    M 12.0 25 300   M    M  10 123    34 300
 4  46  29  38 -11  27   0 0.00    M    M 14.0 31 320   M    M   8        42 310
 5  61  26  44  -5  21   0 0.00    M    M  8.7 21 150   M    M   1        27 150
 6  62  44  53   3  12   0    T    M    M  4.4 15 150   M    M   9        20 140
 7  66  45  56   6   9   0    T    M    M  7.1 22 340   M    M   9        30 350
 8  60  34  47  -3  18   0 0.01    M    M 11.4 23  20   M    M   2        32 350
 9  81  28  55   4  10   0 0.00    M    M 12.3 30 210   M    M   0 8      40 210
10  68  42  55   4  10   0 0.00    M    M 10.6 28  20   M    M   0        44 360
11  77  39  58   6   7   0 0.00    M    M  7.8 16 150   M    M   1 8      20 150
12  84  51  68  16   0   3 0.41    M    M 14.6 30 180   M    M   1 138    44 180
13  65  33  49  -3  16   0 0.72    M    M 16.0 30 340   M    M   8 13     40 350
14  44  30  37 -16  28   0    T    M    M 13.8 31 350   M    M   7        39 350
15  55  24  40 -13  25   0 0.00    M    M  9.2 23 160   M    M   0        29 160
16  71  38  55   2  10   0 0.00    M    M 22.2 37 200   M    M   1        49 200
17  56  35  46  -8  19   0 0.00    M    M  7.0 18 320   M    M   4 8      24 320
18  69  29  49  -5  16   0 0.00    M    M  8.3 20 160   M    M   0 18     26 150
19  80  49  65  11   0   0 0.00    M    M 14.8 26 170   M    M   0        45 140
20  84  59  72  17   0   7 0.01    M    M 13.5 25 200   M    M   2        33 190
21  76  52  64   9   1   0 0.04    M    M  9.6 24 360   M    M   5 1      32 350
================================================================================
SM 1349  786       302  10  1.39    M    236.4          M       80
================================================================================
AV 64.2 37.4                              11.3 FASTST   M    M   4    MAX(MPH)
                                 MISC ---->  # 37 200               # 49  200
================================================================================
NOTES:
# LAST OF SEVERAL OCCURRENCES

COLUMN 17 PEAK WIND IN M.P.H.

PRELIMINARY LOCAL CLIMATOLOGICAL DATA (WS FORM: F-6) , PAGE 2

                                          STATION:  FALLS CITY, NEBRASKA
                                          MONTH:    APRIL
                                          YEAR:     2014
                                          LATITUDE:   40  4 N
                                          LONGITUDE:  95 35 W

[TEMPERATURE DATA]      [PRECIPITATION DATA]       SYMBOLS USED IN COLUMN 16

AVERAGE MONTHLY: 50.8   TOTAL FOR MONTH:   1.39    1 = FOG OR MIST
DPTR FM NORMAL:  -0.7   DPTR FM NORMAL:   -0.71    2 = FOG REDUCING VISIBILITY
HIGHEST:    84 ON 20,12 GRTST 24HR  1.05 ON 12-13      TO 1/4 MILE OR LESS
LOWEST:     24 ON 15                               3 = THUNDER
                        SNOW, ICE PELLETS, HAIL    4 = ICE PELLETS
                        TOTAL MONTH:    M          5 = HAIL
                        GRTST 24HR    M  ON   M    6 = FREEZING RAIN OR DRIZZLE
                        GRTST DEPTH:  M  ON   M    7 = DUSTSTORM OR SANDSTORM:
                                                       VSBY 1/2 MILE OR LESS
                                                   8 = SMOKE OR HAZE
[NO. OF DAYS WITH]      [WEATHER - DAYS WITH]      9 = BLOWING SNOW
                                                   X = TORNADO
MAX 32 OR BELOW:   0    0.01 INCH OR MORE:   7
MAX 90 OR ABOVE:   0    0.10 INCH OR MORE:   3
MIN 32 OR BELOW:   7    0.50 INCH OR MORE:   1
MIN  0 OR BELOW:   0    1.00 INCH OR MORE:   0

[HDD (BASE 65) ]
TOTAL THIS MO.   302    CLEAR  (SCALE 0-3)  11
DPTR FM NORMAL     8    PTCLDY (SCALE 4-7)   5
TOTAL FM JUL 1  6019    CLOUDY (SCALE 8-10)  5
DPTR FM NORMAL   592

[CDD (BASE 65) ]
TOTAL THIS MO.    10
DPTR FM NORMAL    -1    [PRESSURE DATA]
TOTAL FM JAN 1    10    HIGHEST SLP  0.00 ON 20
DPTR FM NORMAL    -3    LOWEST  SLP  0.00 ON 20

[REMARKS]
