000
CXUS53 KOAX 231000
CF6FNB
PRELIMINARY LOCAL CLIMATOLOGICAL DATA (WS FORM: F-6)

                                          STATION:   FALLS CITY, NEBRASKA
                                          MONTH:     OCTOBER
                                          YEAR:      2014
                                          LATITUDE:   40  4 N
                                          LONGITUDE:  95 35 W

  TEMPERATURE IN F:       :PCPN:    SNOW:  WIND      :SUNSHINE: SKY     :PK WND
================================================================================
1   2   3   4   5  6A  6B    7    8   9   10  11  12  13   14  15   16   17  18
                                     12Z  AVG MX 2MIN
DY MAX MIN AVG DEP HDD CDD  WTR  SNW DPTH SPD SPD DIR MIN PSBL S-S WX    SPD DR
================================================================================

 1  83  65  74  14   0   9 0.23    M    M  6.2 14 160   M    M   5 13     19 150
 2  67  52  60   0   5   0 0.42    M    M 10.0 21 330   M    M   9 123    28 320
 3  57  40  49 -11  16   0    T    M    M 15.3 29 310   M    M   3        43 320
 4  59  36  48 -11  17   0 0.00    M    M  9.8 24 320   M    M   1        31 330
 5  73  42  58  -1   7   0 0.03    M    M  9.8 29 320   M    M   3        39 330
 6  74  51  63   5   2   0    T    M    M  7.2 20 270   M    M   4        24 270
 7  77  52  65   7   0   0 0.00    M    M  9.5 24 300   M    M   2        31 310
 8  72  45  59   1   6   0 0.00    M    M  6.0 13  90   M    M   3 3      17  90
 9  62  52  57   0   8   0 1.95    M    M  8.9 22  70   M    M  10 13     28  60
10  55  39  47 -10  18   0 0.00    M    M  7.8 15  40   M    M   2        22  30
11  62  32  47  -9  18   0 0.00    M    M  3.5 10 120   M    M   0        14 100
12  57  42  50  -6  15   0 0.04    M    M  6.2 15 160   M    M   8 13     17 160
13  55  53  54  -2  11   0 0.95    M    M 11.7 24 350   M    M  10 1      36 340
14  68  45  57   2   8   0 0.00    M    M 15.1 29 340   M    M   1        41 320
15  70  39  55   0  10   0 0.00    M    M  6.4 13 280   M    M   0        17 310
16  76  41  59   4   6   0 0.00    M    M  7.9 16 320   M    M   0        22 170
17  68  45  57   3   8   0 0.00    M    M 11.0 23 330   M    M   1        30 310
18  63  37  50  -4  15   0 0.00    M    M  4.2 12  20   M    M   0        18  30
19  71  37  54   0  11   0 0.00    M    M  7.6 18 210   M    M   0 1      24 210
20  75  44  60   7   5   0 0.00    M    M  4.3 12 320   M    M   0        16 320
21  75  34  55   2  10   0 0.00    M    M  4.4 12 150   M    M   0 8      16 110
22  77  51  64  12   1   0 0.23    M    M 10.3 20 170   M    M   2 18     26 170
================================================================================
SM 1496  974       197   9  3.85    M    183.1          M       64
================================================================================
AV 68.0 44.3                               8.3 FASTST   M    M   3    MAX(MPH)
                                 MISC ---->  # 29 310               # 43  320
================================================================================
NOTES:
# LAST OF SEVERAL OCCURRENCES

COLUMN 17 PEAK WIND IN M.P.H.

PRELIMINARY LOCAL CLIMATOLOGICAL DATA (WS FORM: F-6) , PAGE 2

                                          STATION:  FALLS CITY, NEBRASKA
                                          MONTH:    OCTOBER
                                          YEAR:     2014
                                          LATITUDE:   40  4 N
                                          LONGITUDE:  95 35 W

[TEMPERATURE DATA]      [PRECIPITATION DATA]       SYMBOLS USED IN COLUMN 16

AVERAGE MONTHLY: 56.1   TOTAL FOR MONTH:   3.85    1 = FOG OR MIST
DPTR FM NORMAL:  -0.2   DPTR FM NORMAL:    1.91    2 = FOG REDUCING VISIBILITY
HIGHEST:    83 ON  1    GRTST 24HR  1.95 ON  9- 9      TO 1/4 MILE OR LESS
LOWEST:     32 ON 11                               3 = THUNDER
                        SNOW, ICE PELLETS, HAIL    4 = ICE PELLETS
                        TOTAL MONTH:    M          5 = HAIL
                        GRTST 24HR    M  ON   M    6 = FREEZING RAIN OR DRIZZLE
                        GRTST DEPTH:  M  ON   M    7 = DUSTSTORM OR SANDSTORM:
                                                       VSBY 1/2 MILE OR LESS
                                                   8 = SMOKE OR HAZE
[NO. OF DAYS WITH]      [WEATHER - DAYS WITH]      9 = BLOWING SNOW
                                                   X = TORNADO
MAX 32 OR BELOW:   0    0.01 INCH OR MORE:   7
MAX 90 OR ABOVE:   0    0.10 INCH OR MORE:   5
MIN 32 OR BELOW:   1    0.50 INCH OR MORE:   2
MIN  0 OR BELOW:   0    1.00 INCH OR MORE:   1

[HDD (BASE 65) ]
TOTAL THIS MO.   197    CLEAR  (SCALE 0-3)  15
DPTR FM NORMAL   -11    PTCLDY (SCALE 4-7)   3
TOTAL FM JUL 1   272    CLOUDY (SCALE 8-10)  4
DPTR FM NORMAL   -25

[CDD (BASE 65) ]
TOTAL THIS MO.     9
DPTR FM NORMAL    -7    [PRESSURE DATA]
TOTAL FM JAN 1  1231    HIGHEST SLP M ON M
DPTR FM NORMAL    -3    LOWEST  SLP 29.64 ON  6

[REMARKS]
