000
CXUS55 KBOU 230900
CF6FNL
PRELIMINARY LOCAL CLIMATOLOGICAL DATA (WS FORM: F-6)

                                          STATION:   FT COLLINS/LOVELAND CO
                                          MONTH:     NOVEMBER
                                          YEAR:      2017
                                          LATITUDE:   40 27 N
                                          LONGITUDE: 105  1 W

  TEMPERATURE IN F:       :PCPN:    SNOW:  WIND      :SUNSHINE: SKY     :PK WND
================================================================================
1   2   3   4   5  6A  6B    7    8   9   10  11  12  13   14  15   16   17  18
                                     12Z  AVG MX 2MIN
DY MAX MIN AVG DEP HDD CDD  WTR  SNW DPTH SPD SPD DIR MIN PSBL S-S WX    SPD DR
================================================================================

 1  71  34  53   M  12   0    M    M    M 10.5 22 250   M    M   1        40 260
 2  42  31  37   M  28   0    M    M    M  8.5 17  90   M    M   8         M  M
 3  54  31  43   M  22   0    M    M    M  3.2  7 180   M    M   5 1       M  M
 4  66  28  47   M  18   0    M    M    M 11.1 23 250   M    M   1 1      36 260
 5  44  30  37   M  28   0    M    M    M  7.3 16 180   M    M   8         M  M
 6  43  29  36   M  29   0    M    M    M  5.1 12  50   M    M   8 1       M  M
 7  35  24  30   M  35   0    M    M    M  5.1 13 360   M    M   9 1       M  M
 8  42  25  34   M  31   0    M    M    M  4.1  8 200   M    M   6 128     M  M
 9  41  26  34   M  31   0    M    M    M  4.0  8  90   M    M   1 1       M  M
10  49  23  36   M  29   0    M    M    M  1.2  7  10   M    M   0         M  M
11  62  28  45   M  20   0    M    M    M  9.8 24 330   M    M   0        33 340
12  55  27  41   M  24   0    M    M    M  4.3  9  50   M    M   0         M  M
13  70  30  50   M  15   0    M    M    M  3.1  8 120   M    M   0         M  M
14  67  32  50   M  15   0    M    M    M  8.6 20 340   M    M   0        30 300
15  56  26  41   M  24   0    M    M    M  7.9 16  60   M    M   0        18 170
16  68  24  46   M  19   0    M    M    M  7.3 18 220   M    M   0        38 220
17  65  38  52   M  13   0    M    M    M 17.0 29 360   M    M   2        39 250
18  48  24  36   M  29   0    M    M    M  7.4 25 320   M    M   1        41 350
19  54  18  36   M  29   0    M    M    M  3.5 13  80   M    M   0         M  M
20  69  25  47   M  18   0    M    M    M 11.1 24 240   M    M   0        41 240
21  56  32  44   M  21   0    M    M    M  8.5 25 360   M    M   5        38 360
22  67  32  50   M  15   0    M    M    M  4.8 17 350   M    M   1 1      17 330
================================================================================
SM 1224  617       505   0    M     M    153.4          M       56
================================================================================
AV 55.6 28.1                               7.0 FASTST   M    M   3    MAX(MPH)
                                 MISC ---->  # 29 360               # 41  350
================================================================================
NOTES:
# LAST OF SEVERAL OCCURRENCES

COLUMN 17 PEAK WIND IN M.P.H.

PRELIMINARY LOCAL CLIMATOLOGICAL DATA (WS FORM: F-6) , PAGE 2

                                          STATION:  FT COLLINS/LOVELAND CO
                                          MONTH:    NOVEMBER
                                          YEAR:     2017
                                          LATITUDE:   40 27 N
                                          LONGITUDE: 105  1 W

[TEMPERATURE DATA]      [PRECIPITATION DATA]       SYMBOLS USED IN COLUMN 16

AVERAGE MONTHLY: 41.8   TOTAL FOR MONTH:      M    1 = FOG OR MIST
DPTR FM NORMAL:     M   DPTR FM NORMAL:       M    2 = FOG REDUCING VISIBILITY
HIGHEST:    71 ON  1    GRTST 24HR    T  ON 31- 1      TO 1/4 MILE OR LESS
LOWEST:     18 ON 19                               3 = THUNDER
                        SNOW, ICE PELLETS, HAIL    4 = ICE PELLETS
                        TOTAL MONTH:    M          5 = HAIL
                        GRTST 24HR    M  ON   M    6 = FREEZING RAIN OR DRIZZLE
                        GRTST DEPTH:  M  ON   M    7 = DUSTSTORM OR SANDSTORM:
                                                       VSBY 1/2 MILE OR LESS
                                                   8 = SMOKE OR HAZE
[NO. OF DAYS WITH]      [WEATHER - DAYS WITH]      9 = BLOWING SNOW
                                                   X = TORNADO
MAX 32 OR BELOW:   0    0.01 INCH OR MORE:   0
MAX 90 OR ABOVE:   0    0.10 INCH OR MORE:   0
MIN 32 OR BELOW:  20    0.50 INCH OR MORE:   0
MIN  0 OR BELOW:   0    1.00 INCH OR MORE:   0

[HDD (BASE 65) ]
TOTAL THIS MO.   505    CLEAR  (SCALE 0-3)  15
DPTR FM NORMAL     M    PTCLDY (SCALE 4-7)   5
TOTAL FM JUL 1  1130    CLOUDY (SCALE 8-10)  2
DPTR FM NORMAL     M

[CDD (BASE 65) ]
TOTAL THIS MO.     0
DPTR FM NORMAL     M    [PRESSURE DATA]
TOTAL FM JAN 1   669    HIGHEST SLP M ON M
DPTR FM NORMAL     M    LOWEST  SLP M ON M

[REMARKS]
