000
CXUS53 KDTX 210800
CF6FNT
PRELIMINARY LOCAL CLIMATOLOGICAL DATA (WS FORM: F-6)

                                          STATION:   FLINT MI
                                          MONTH:     JANUARY
                                          YEAR:      2018
                                          LATITUDE:   42 58 N
                                          LONGITUDE:  83 44 W

  TEMPERATURE IN F:       :PCPN:    SNOW:  WIND      :SUNSHINE: SKY     :PK WND
================================================================================
1   2   3   4   5  6A  6B    7    8   9   10  11  12  13   14  15   16   17  18
                                     12Z  AVG MX 2MIN
DY MAX MIN AVG DEP HDD CDD  WTR  SNW DPTH SPD SPD DIR MIN PSBL S-S WX    SPD DR
================================================================================

 1  12   0   6 -18  59   0    T    T    5 11.7 25 280   M    M   7        29 280
 2  19   4  12 -11  53   0    T    T    4 13.5 23 250   M    M   5        32 250
 3  16   4  10 -13  55   0 0.02  1.0    4 10.4 20 230   M    M   9 18     27 230
 4  13  -7   3 -20  62   0    T    T    4 10.7 22 350   M    M   6        28 340
 5   4 -10  -3 -26  68   0 0.00  0.0    4 10.3 20 330   M    M   1        25 320
 6   5 -14  -4 -27  69   0 0.00  0.0    4  6.2 15 360   M    M   2        18 330
 7  31  -5  13 -10  52   0 0.01  0.1    4 12.0 21 200   M    M   7        32 210
 8  38  29  34  11  31   0 0.16  1.6    6 13.2 22 270   M    M   6 1      31 260
 9  36  12  24   1  41   0 0.00  0.0    5  3.2 12 150   M    M   1 12     15 170
10  49  25  37  15  28   0 0.02    T    5 11.8 18 170   M    M   9 1      22 190
11  56  48  52  30  13   0 0.08  0.0    0 13.5 21 200   M    M  10 1      28 200
12  54  11  33  11  32   0 0.37  4.3    4 17.2 26 360   M    M   6 126    35 360
13  14  -2   6 -16  59   0    T    T    4  6.4 26 350   M    M   6 8      35 340
14  17  -7   5 -17  60   0    T    T    4  6.2 17 170   M    M   4        23 150
15  19  14  17  -5  48   0 0.08  1.7    4  9.5 16 100   M    M  10 18     20 130
16  17   0   9 -13  56   0 0.03  1.4    6  5.3 12 270   M    M   9 128    14 280
17  26  -7  10 -12  55   0    T    T    7 11.5 22 240   M    M   2 1      31 240
18  29  16  23   1  42   0 0.00  0.0    6 13.3 21 240   M    M   4        31 240
19  39  23  31   9  34   0 0.00  0.0    6 12.2 21 240   M    M   0        31 240
20  41  32  37  15  28   0 0.00  0.0    3  9.9 22 240   M    M   0        31 220
================================================================================
SM  535  166       945   0  0.77    10.1 208.0          M      104
================================================================================
AV 26.8  8.3                              10.4 FASTST   M    M   5    MAX(MPH)
                                 MISC ---->  # 26 360               # 35  360
================================================================================
NOTES:
# LAST OF SEVERAL OCCURRENCES

COLUMN 17 PEAK WIND IN M.P.H.

PRELIMINARY LOCAL CLIMATOLOGICAL DATA (WS FORM: F-6) , PAGE 2

                                          STATION:  FLINT MI
                                          MONTH:    JANUARY
                                          YEAR:     2018
                                          LATITUDE:   42 58 N
                                          LONGITUDE:  83 44 W

[TEMPERATURE DATA]      [PRECIPITATION DATA]       SYMBOLS USED IN COLUMN 16

AVERAGE MONTHLY: 17.5   TOTAL FOR MONTH:   0.77    1 = FOG OR MIST
DPTR FM NORMAL:  -5.0   DPTR FM NORMAL:   -0.34    2 = FOG REDUCING VISIBILITY
HIGHEST:    56 ON 11    GRTST 24HR  0.37 ON 12-12      TO 1/4 MILE OR LESS
LOWEST:    -14 ON  6                               3 = THUNDER
                        SNOW, ICE PELLETS, HAIL    4 = ICE PELLETS
                        TOTAL MONTH:  10.1 INCHES  5 = HAIL
                        GRTST 24HR   4.3 ON 12-12  6 = FREEZING RAIN OR DRIZZLE
                        GRTST DEPTH:   7 ON 17     7 = DUSTSTORM OR SANDSTORM:
                                                       VSBY 1/2 MILE OR LESS
                                                   8 = SMOKE OR HAZE
[NO. OF DAYS WITH]      [WEATHER - DAYS WITH]      9 = BLOWING SNOW
                                                   X = TORNADO
MAX 32 OR BELOW:  13    0.01 INCH OR MORE:   8
MAX 90 OR ABOVE:   0    0.10 INCH OR MORE:   2
MIN 32 OR BELOW:  19    0.50 INCH OR MORE:   0
MIN  0 OR BELOW:   9    1.00 INCH OR MORE:   0

[HDD (BASE 65) ]
TOTAL THIS MO.   945    CLEAR  (SCALE 0-3)   6
DPTR FM NORMAL    96    PTCLDY (SCALE 4-7)   9
TOTAL FM JUL 1  3551    CLOUDY (SCALE 8-10)  5
DPTR FM NORMAL    57

[CDD (BASE 65) ]
TOTAL THIS MO.     0
DPTR FM NORMAL     0    [PRESSURE DATA]
TOTAL FM JAN 1     0    HIGHEST SLP M ON M
DPTR FM NORMAL     0    LOWEST  SLP 29.66 ON M

[REMARKS]
