000
CXUS53 KDTX 290800
CF6FNT
PRELIMINARY LOCAL CLIMATOLOGICAL DATA (WS FORM: F-6)

                                          STATION:   FLINT MI
                                          MONTH:     JULY
                                          YEAR:      2015
                                          LATITUDE:   42 58 N
                                          LONGITUDE:  83 44 W

  TEMPERATURE IN F:       :PCPN:    SNOW:  WIND      :SUNSHINE: SKY     :PK WND
================================================================================
1   2   3   4   5  6A  6B    7    8   9   10  11  12  13   14  15   16   17  18
                                     12Z  AVG MX 2MIN
DY MAX MIN AVG DEP HDD CDD  WTR  SNW DPTH SPD SPD DIR MIN PSBL S-S WX    SPD DR
================================================================================

 1  68  59  64  -6   1   0 0.00  0.0    0  6.0 15 280   M    M   9 1      22 250
 2  76  55  66  -4   0   1 0.00  0.0    0  5.7 14  30   M    M   6 1      17 360
 3  78  48  63  -7   2   0 0.00  0.0    0  2.2  9 310   M    M   0 1      15 190
 4  82  51  67  -3   0   2 0.00  0.0    0  3.8 12 250   M    M   0 18     22 290
 5  84  58  71   1   0   6 0.00  0.0    0  4.1  9 200   M    M   1 18     12 240
 6  88  56  72   2   0   7 0.00  0.0    0  6.5 14 210   M    M   0 18     17 210
 7  79  61  70  -1   0   5 1.52  0.0    0  8.3 16 320   M    M   8 18     21 320
 8  70  52  61 -10   4   0 0.00  0.0    0  4.7 13  80   M    M   4 18     15  70
 9  77  59  68  -3   0   3 0.01  0.0    0  5.4 13 330   M    M   5 18     16 310
10  83  55  69  -2   0   4 0.00  0.0    0  2.9 10 210   M    M   2 18     17 210
11  84  57  71   0   0   6 0.00  0.0    0  3.6 12 240   M    M   1 18     14 240
12  85  66  76   5   0  11 0.00  0.0    0  4.0 13 180   M    M   1 18     16 140
13  82  61  72   1   0   7    T  0.0    0  7.4 16 120   M    M   0 18     23 110
14  79  65  72   1   0   7 0.65  0.0    0 13.8 37 290   M    M   7 13     53 300
15  76  56  66  -5   0   1 0.00  0.0    0  8.7 16  60   M    M   0        24  30
16  79  49  64  -7   1   0    T  0.0    0  4.7 15 160   M    M   1 18     19 150
17  89  66  78   7   0  13 0.54  0.0    0  9.4 18 230   M    M   6 138    24 230
18  88  69  79   8   0  14 0.01  0.0    0  6.8 44 320   M    M   1 1      55 310
19  88  68  78   7   0  13 0.00  0.0    0  9.6 21 260   M    M   2        27 270
20  85  63  74   3   0   9 0.05  0.0    0  8.7 18 260   M    M   1        24 270
21  82  61  72   1   0   7    T  0.0    0  9.2 18 280   M    M   2        23 270
22  79  57  68  -3   0   3 0.00  0.0    0  5.8 13 290   M    M   3        20 170
23  87  54  71   0   0   6 0.00  0.0    0  5.1 14 260   M    M   2 1      18 260
24  88  62  75   5   0  10 0.00  0.0    0  6.1 14 270   M    M   0 1      18 230
25  90  68  79   9   0  14 0.00  0.0    0  7.0 17 280   M    M   4 138    23 270
26  89  62  76   6   0  11 0.00  0.0    0  1.7 10 350   M    M   2 128    16  50
27  92  60  76   6   0  11 0.00  0.0    0  2.0 10 110   M    M   0 1      12 110
28  92  63  78   8   0  13 0.00  0.0    0  3.6 10 130   M    M   1 1      13 170
================================================================================
SM 2319 1661         8 184  2.78     0.0 166.8          M       69
================================================================================
AV 82.8 59.3                               6.0 FASTST   M    M   2    MAX(MPH)
                                 MISC ---->  # 44 320               # 55  310
================================================================================
NOTES:
# LAST OF SEVERAL OCCURRENCES

COLUMN 17 PEAK WIND IN M.P.H.

PRELIMINARY LOCAL CLIMATOLOGICAL DATA (WS FORM: F-6) , PAGE 2

                                          STATION:  FLINT MI
                                          MONTH:    JULY
                                          YEAR:     2015
                                          LATITUDE:   42 58 N
                                          LONGITUDE:  83 44 W

[TEMPERATURE DATA]      [PRECIPITATION DATA]       SYMBOLS USED IN COLUMN 16

AVERAGE MONTHLY: 71.1   TOTAL FOR MONTH:   2.78    1 = FOG OR MIST
DPTR FM NORMAL:   0.5   DPTR FM NORMAL:   -0.18    2 = FOG REDUCING VISIBILITY
HIGHEST:    92 ON 28,27 GRTST 24HR  1.52 ON  7- 7      TO 1/4 MILE OR LESS
LOWEST:     48 ON  3                               3 = THUNDER
                        SNOW, ICE PELLETS, HAIL    4 = ICE PELLETS
                        TOTAL MONTH:   0.0 INCH    5 = HAIL
                        GRTST 24HR     0.0         6 = FREEZING RAIN OR DRIZZLE
                        GRTST DEPTH:   0           7 = DUSTSTORM OR SANDSTORM:
                                                       VSBY 1/2 MILE OR LESS
                                                   8 = SMOKE OR HAZE
[NO. OF DAYS WITH]      [WEATHER - DAYS WITH]      9 = BLOWING SNOW
                                                   X = TORNADO
MAX 32 OR BELOW:   0    0.01 INCH OR MORE:   6
MAX 90 OR ABOVE:   3    0.10 INCH OR MORE:   3
MIN 32 OR BELOW:   0    0.50 INCH OR MORE:   3
MIN  0 OR BELOW:   0    1.00 INCH OR MORE:   1

[HDD (BASE 65) ]
TOTAL THIS MO.     8    CLEAR  (SCALE 0-3)  20
DPTR FM NORMAL    -2    PTCLDY (SCALE 4-7)   7
TOTAL FM JUL 1     8    CLOUDY (SCALE 8-10)  1
DPTR FM NORMAL    -2

[CDD (BASE 65) ]
TOTAL THIS MO.   184
DPTR FM NORMAL    16    [PRESSURE DATA]
TOTAL FM JAN 1   383    HIGHEST SLP M ON M
DPTR FM NORMAL    71    LOWEST  SLP 29.46 ON 14

[REMARKS]
