000
CXUS55 KFSD 240905
CF6FSD
PRELIMINARY LOCAL CLIMATOLOGICAL DATA (WS FORM: F-6)

                                          STATION:   SIOUX FALLS
                                          MONTH:     FEBRUARY
                                          YEAR:      2017
                                          LATITUDE:   43 34 N
                                          LONGITUDE:  96 44 W

  TEMPERATURE IN F:       :PCPN:    SNOW:  WIND      :SUNSHINE: SKY     :PK WND
================================================================================
1   2   3   4   5  6A  6B    7    8   9   10  11  12  13   14  15   16   17  18
                                     12Z  AVG MX 2MIN
DY MAX MIN AVG DEP HDD CDD  WTR  SNW DPTH SPD SPD DIR MIN PSBL S-S WX    SPD DR
================================================================================

 1  28  12  20   2  45   0    T    T    T 15.5 26 310   M    M   8        34 310
 2  21  11  16  -2  49   0    T    T    T 12.9 24 320   M    M   4        30 330
 3  24   4  14  -4  51   0 0.00  0.0    T  9.0 20 170   M    M   2        27 170
 4  37  18  28  10  37   0    T    T    T 18.0 32 180   M    M   7        40 180
 5  27  15  21   2  44   0 0.00  0.0    T  8.7 17 310   M    M   5        20 150
 6  40  21  31  12  34   0 0.00  0.0    T  7.1 16  40   M    M   7 1      21  30
 7  30  12  21   2  44   0    T    T    T 16.2 28 310   M    M   9 16     33 320
 8  17   6  12  -7  53   0 0.00  0.0    T 12.1 18 310   M    M   7        22 310
 9  23   5  14  -6  51   0 0.00  0.0    T 10.4 21 170   M    M   4        27 170
10  59  22  41  21  24   0 0.00  0.0    T  6.8 22 180   M    M   6        27 170
11  43  34  39  19  26   0 0.10  0.0    0  4.2 14 300   M    M   9 1      20 300
12  43  29  36  16  29   0 0.00  0.0    0 11.6 26 340   M    M   1        35 330
13  48  30  39  18  26   0 0.00  0.0    0  9.4 16 300   M    M   2        20 320
14  45  29  37  16  28   0 0.00  0.0    0 13.2 26 330   M    M   1        33 320
15  43  23  33  12  32   0 0.00  0.0    0  6.6 17 170   M    M   1        21 170
16  59  26  43  21  22   0 0.00  0.0    0  2.5  9 210   M    M   5        12 210
17  60  27  44  22  21   0 0.00  0.0    0  6.2 23 310   M    M   1        27 320
18  61  29  45  23  20   0 0.00  0.0    0  3.8 10 150   M    M   3        14 150
19  64  34  49  26  16   0 0.00  0.0    0 12.7 28 180   M    M   7        36 170
20  57  32  45  22  20   0 0.16  0.0    0 11.1 28 310   M    M   6 1      37 310
21  68  28  48  25  17   0 0.00  0.0    0  6.3 21 200   M    M   2 12     28 200
22  63  34  49  25  16   0    T  0.0    0 10.4 25 340   M    M   5        32 280
23  35  27  31   7  34   0 0.14  5.0    0 18.2 29  30   M    M  10 12     37  30
================================================================================
SM  995  508       739   0  0.40     5.0 232.9          M      112
================================================================================
AV 43.3 22.1                              10.1 FASTST   M    M   5    MAX(MPH)
                                 MISC ---->  # 32 180               # 40  180
================================================================================
NOTES:
# LAST OF SEVERAL OCCURRENCES

COLUMN 17 PEAK WIND IN M.P.H.

PRELIMINARY LOCAL CLIMATOLOGICAL DATA (WS FORM: F-6) , PAGE 2

                                          STATION:  SIOUX FALLS
                                          MONTH:    FEBRUARY
                                          YEAR:     2017
                                          LATITUDE:   43 34 N
                                          LONGITUDE:  96 44 W

[TEMPERATURE DATA]      [PRECIPITATION DATA]       SYMBOLS USED IN COLUMN 16

AVERAGE MONTHLY: 32.7   TOTAL FOR MONTH:   0.40    1 = FOG OR MIST
DPTR FM NORMAL:  12.1   DPTR FM NORMAL:   -0.06    2 = FOG REDUCING VISIBILITY
HIGHEST:    68 ON 21    GRTST 24HR  0.16 ON 20-20      TO 1/4 MILE OR LESS
LOWEST:      4 ON  3                               3 = THUNDER
                        SNOW, ICE PELLETS, HAIL    4 = ICE PELLETS
                        TOTAL MONTH:   5.0 INCHES  5 = HAIL
                        GRTST 24HR   5.0 ON 23-23  6 = FREEZING RAIN OR DRIZZLE
                        GRTST DEPTH:   0           7 = DUSTSTORM OR SANDSTORM:
                                                       VSBY 1/2 MILE OR LESS
                                                   8 = SMOKE OR HAZE
[NO. OF DAYS WITH]      [WEATHER - DAYS WITH]      9 = BLOWING SNOW
                                                   X = TORNADO
MAX 32 OR BELOW:   7    0.01 INCH OR MORE:   3
MAX 90 OR ABOVE:   0    0.10 INCH OR MORE:   3
MIN 32 OR BELOW:  20    0.50 INCH OR MORE:   0
MIN  0 OR BELOW:   0    1.00 INCH OR MORE:   0

[HDD (BASE 65) ]
TOTAL THIS MO.   739    CLEAR  (SCALE 0-3)   7
DPTR FM NORMAL  -282    PTCLDY (SCALE 4-7)  13
TOTAL FM JUL 1  4620    CLOUDY (SCALE 8-10)  3
DPTR FM NORMAL -1033

[CDD (BASE 65) ]
TOTAL THIS MO.     0
DPTR FM NORMAL     0    [PRESSURE DATA]
TOTAL FM JAN 1     0    HIGHEST SLP M ON M
DPTR FM NORMAL     0    LOWEST  SLP 29.45 ON 17

[REMARKS]
