000
CXUS55 KFSD 270905
CF6FSD
PRELIMINARY LOCAL CLIMATOLOGICAL DATA (WS FORM: F-6)

                                          STATION:   SIOUX FALLS
                                          MONTH:     SEPTEMBER
                                          YEAR:      2016
                                          LATITUDE:   43 34 N
                                          LONGITUDE:  96 44 W

  TEMPERATURE IN F:       :PCPN:    SNOW:  WIND      :SUNSHINE: SKY     :PK WND
================================================================================
1   2   3   4   5  6A  6B    7    8   9   10  11  12  13   14  15   16   17  18
                                     12Z  AVG MX 2MIN
DY MAX MIN AVG DEP HDD CDD  WTR  SNW DPTH SPD SPD DIR MIN PSBL S-S WX    SPD DR
================================================================================

 1  81  54  68   1   0   3 0.00  0.0    0  6.6 16 140   M    M   2 1      21 140
 2  77  58  68   1   0   3 0.00  0.0    0 14.7 25 170   M    M   6 18     35 160
 3  78  62  70   4   0   5 0.00  0.0    0 18.2 29 170   M    M   7        36 180
 4  77  65  71   5   0   6 0.53  0.0    0 16.4 29 280   M    M   8 13     39 290
 5  81  65  73   7   0   8 1.46  0.0    0  8.3 25 140   M    M   7 13     34 130
 6  77  67  72   7   0   7 0.07  0.0    0  8.5 25 330   M    M   7 13     33 340
 7  78  67  73   8   0   8 0.40  0.0    0  7.5 17 340   M    M   8 13     23 350
 8  77  55  66   1   0   1 0.00  0.0    0  5.5 15 170   M    M   3        19 160
 9  73  55  64   0   1   0 0.25  0.0    0  9.2 24 320   M    M   7 13     30 320
10  73  50  62  -2   3   0 0.00  0.0    0  8.1 15 300   M    M   2        21 280
11  80  56  68   5   0   3 0.00  0.0    0 15.6 26 190   M    M   1        33 190
12  69  60  65   2   0   0    T  0.0    0 10.6 24  20   M    M   6        31  30
13  61  47  54  -8  11   0 0.00  0.0    0  8.2 21 360   M    M   6        26  10
14  70  42  56  -6   9   0 0.00  0.0    0  7.4 16 150   M    M   4 1      23 150
15  67  61  64   2   1   0 3.61  0.0    0  6.9 21 110   M    M  10 13     27 110
16  73  57  65   4   0   0    T  0.0    0  9.6 20 200   M    M   5        25 290
17  76  57  67   6   0   2 0.00  0.0    0  8.1 16 310   M    M   5        20 320
18  83  58  71  11   0   6 0.00  0.0    0  9.2 23 190   M    M   3        30 190
19  83  54  69   9   0   4 0.00  0.0    0  3.3 14  10   M    M   2 1      18  10
20  86  54  70  11   0   5 0.00  0.0    0  8.1 22 190   M    M   4 3      28 170
21  88  63  76  17   0  11 0.00  0.0    0  7.6 20 190   M    M   6 1      26 200
22  78  62  70  12   0   5 0.19  0.0    0 11.3 24 130   M    M  10 13     30 130
23  86  66  76  18   0  11 0.70  0.0    0 13.7 23 170   M    M   6 138    29 170
24  81  67  74  16   0   9 0.34  0.0    0 12.7 22 150   M    M   7 13     41 210
25  69  48  59   2   6   0 0.00  0.0    0 12.0 29 310   M    M   5        36 310
26  72  43  58   2   7   0 0.00  0.0    0 10.6 25 310   M    M   1        36 290
================================================================================
SM 1994 1493        38  97  7.55     0.0 257.9          M      138
================================================================================
AV 76.7 57.4                               9.9 FASTST   M    M   5    MAX(MPH)
                                 MISC ---->  # 29 170               # 41  210
================================================================================
NOTES:
# LAST OF SEVERAL OCCURRENCES

COLUMN 17 PEAK WIND IN M.P.H.

PRELIMINARY LOCAL CLIMATOLOGICAL DATA (WS FORM: F-6) , PAGE 2

                                          STATION:  SIOUX FALLS
                                          MONTH:    SEPTEMBER
                                          YEAR:     2016
                                          LATITUDE:   43 34 N
                                          LONGITUDE:  96 44 W

[TEMPERATURE DATA]      [PRECIPITATION DATA]       SYMBOLS USED IN COLUMN 16

AVERAGE MONTHLY: 67.1   TOTAL FOR MONTH:   7.55    1 = FOG OR MIST
DPTR FM NORMAL:   5.0   DPTR FM NORMAL:    5.11    2 = FOG REDUCING VISIBILITY
HIGHEST:    88 ON 21    GRTST 24HR  3.61 ON 14-15      TO 1/4 MILE OR LESS
LOWEST:     42 ON 14                               3 = THUNDER
                        SNOW, ICE PELLETS, HAIL    4 = ICE PELLETS
                        TOTAL MONTH:   0.0 INCH    5 = HAIL
                        GRTST 24HR     0.0         6 = FREEZING RAIN OR DRIZZLE
                        GRTST DEPTH:   0           7 = DUSTSTORM OR SANDSTORM:
                                                       VSBY 1/2 MILE OR LESS
                                                   8 = SMOKE OR HAZE
[NO. OF DAYS WITH]      [WEATHER - DAYS WITH]      9 = BLOWING SNOW
                                                   X = TORNADO
MAX 32 OR BELOW:   0    0.01 INCH OR MORE:   9
MAX 90 OR ABOVE:   0    0.10 INCH OR MORE:   8
MIN 32 OR BELOW:   0    0.50 INCH OR MORE:   4
MIN  0 OR BELOW:   0    1.00 INCH OR MORE:   2

[HDD (BASE 65) ]
TOTAL THIS MO.    38    CLEAR  (SCALE 0-3)   6
DPTR FM NORMAL   -94    PTCLDY (SCALE 4-7)  16
TOTAL FM JUL 1    46    CLOUDY (SCALE 8-10)  4
DPTR FM NORMAL  -117

[CDD (BASE 65) ]
TOTAL THIS MO.    97
DPTR FM NORMAL    38    [PRESSURE DATA]
TOTAL FM JAN 1   877    HIGHEST SLP M ON M
DPTR FM NORMAL   193    LOWEST  SLP 29.67 ON  4

[REMARKS]
