000
CXUS54 KTSA 180840
CF6FSM
PRELIMINARY LOCAL CLIMATOLOGICAL DATA (WS FORM: F-6)

                                          STATION:   FORT SMITH ARKANSAS
                                          MONTH:     SEPTEMBER
                                          YEAR:      2014
                                          LATITUDE:   35 19 N
                                          LONGITUDE:  94 22 W

  TEMPERATURE IN F:       :PCPN:    SNOW:  WIND      :SUNSHINE: SKY     :PK WND
================================================================================
1   2   3   4   5  6A  6B    7    8   9   10  11  12  13   14  15   16   17  18
                                     12Z  AVG MX 2MIN
DY MAX MIN AVG DEP HDD CDD  WTR  SNW DPTH SPD SPD DIR MIN PSBL S-S WX    SPD DR
================================================================================

 1  94  75  85   6   0  20 0.00  0.0    0  7.7 17 190   M    M   2        26 120
 2  79  69  74  -5   0   9 1.21  0.0    0  5.8 30  20   M    M   4 1      35  20
 3  92  69  81   2   0  16 0.00  0.0    0  5.9 12 170   M    M   2        17 120
 4  95  75  85   7   0  20 0.00  0.0    0  5.5 14 230   M    M   1 1      17 230
 5  96  72  84   6   0  19 0.00  0.0    0  3.8 12 250   M    M   1 1      15 310
 6  84  71  78   0   0  13 0.91  0.0    0  6.3 16 360   M    M   5 138    19  10
 7  84  68  76  -1   0  11 0.00  0.0    0  5.4 12  90   M    M   6        14  80
 8  88  72  80   3   0  15 0.00  0.0    0  4.0 10 200   M    M   6        13 200
 9  93  72  83   6   0  18 0.00  0.0    0  6.3 15 160   M    M   3        22 190
10  97  71  84   8   0  19 1.17  0.0    0  8.6 41 290   M    M   2 138    56 300
11  75  69  72  -4   0   7 1.68  0.0    0  6.3 18 290   M    M   8 13     26 310
12  69  58  64 -11   1   0 0.18  0.0    0 10.3 18  30   M    M  10 18     23  30
13  66  57  62 -13   3   0 0.00  0.0    0  6.4 16  30   M    M   7        20  30
14  78  55  67  -8   0   2    T  0.0    0  3.3 10  70   M    M   1        12  60
15  79  65  72  -2   0   7 0.03  0.0    0  3.0  9  70   M    M   5 12     11  60
16  86  66  76   2   0  11    T  0.0    0  4.0 13  80   M    M   4 12     16  80
17  86  68  77   4   0  12 1.70  0.0    0  8.4 29  20   M    M   5 138    35  80
================================================================================
SM 1441 1152         4 199  6.88     0.0 101.0          M       72
================================================================================
AV 84.8 67.8                               5.9 FASTST   M    M   4    MAX(MPH)
                                 MISC ---->  # 41 290               # 56  300
================================================================================
NOTES:
# LAST OF SEVERAL OCCURRENCES

COLUMN 17 PEAK WIND IN M.P.H.

PRELIMINARY LOCAL CLIMATOLOGICAL DATA (WS FORM: F-6) , PAGE 2

                                          STATION:  FORT SMITH ARKANSAS
                                          MONTH:    SEPTEMBER
                                          YEAR:     2014
                                          LATITUDE:   35 19 N
                                          LONGITUDE:  94 22 W

[TEMPERATURE DATA]      [PRECIPITATION DATA]       SYMBOLS USED IN COLUMN 16

AVERAGE MONTHLY: 76.3   TOTAL FOR MONTH:   6.88    1 = FOG OR MIST
DPTR FM NORMAL:  -0.2   DPTR FM NORMAL:    4.67    2 = FOG REDUCING VISIBILITY
HIGHEST:    97 ON 10    GRTST 24HR  2.85 ON 10-11      TO 1/4 MILE OR LESS
LOWEST:     55 ON 14                               3 = THUNDER
                        SNOW, ICE PELLETS, HAIL    4 = ICE PELLETS
                        TOTAL MONTH:   0.0 INCH    5 = HAIL
                        GRTST 24HR     0.0         6 = FREEZING RAIN OR DRIZZLE
                        GRTST DEPTH:   0           7 = DUSTSTORM OR SANDSTORM:
                                                       VSBY 1/2 MILE OR LESS
                                                   8 = SMOKE OR HAZE
[NO. OF DAYS WITH]      [WEATHER - DAYS WITH]      9 = BLOWING SNOW
                                                   X = TORNADO
MAX 32 OR BELOW:   0    0.01 INCH OR MORE:   7
MAX 90 OR ABOVE:   6    0.10 INCH OR MORE:   6
MIN 32 OR BELOW:   0    0.50 INCH OR MORE:   5
MIN  0 OR BELOW:   0    1.00 INCH OR MORE:   4

[HDD (BASE 65) ]
TOTAL THIS MO.     4    CLEAR  (SCALE 0-3)   7
DPTR FM NORMAL     4    PTCLDY (SCALE 4-7)   8
TOTAL FM JUL 1     4    CLOUDY (SCALE 8-10)  2
DPTR FM NORMAL     4

[CDD (BASE 65) ]
TOTAL THIS MO.   199
DPTR FM NORMAL     3    [PRESSURE DATA]
TOTAL FM JAN 1  1862    HIGHEST SLP M ON M
DPTR FM NORMAL   -29    LOWEST  SLP 29.69 ON 10

[REMARKS]
