000
CXUS53 KIWX 310800
CF6FWA
PRELIMINARY LOCAL CLIMATOLOGICAL DATA (WS FORM: F-6)

                                          STATION:   FORT WAYNE
                                          MONTH:     OCTOBER
                                          YEAR:      2014
                                          LATITUDE:   41  0 N
                                          LONGITUDE:  85 12 W

  TEMPERATURE IN F:       :PCPN:    SNOW:  WIND      :SUNSHINE: SKY     :PK WND
================================================================================
1   2   3   4   5  6A  6B    7    8   9   10  11  12  13   14  15   16   17  18
                                     12Z  AVG MX 2MIN
DY MAX MIN AVG DEP HDD CDD  WTR  SNW DPTH SPD SPD DIR MIN PSBL S-S WX    SPD DR
================================================================================

 1  67  45  56  -2   9   0 0.00  0.0    0  5.1 12  80   M    M   5 1      17  70
 2  82  51  67   9   0   2 0.08  0.0    0  6.8 18 210   M    M   8 1      23 180
 3  70  45  58   1   7   0 0.65  0.0    0 14.2 28 180   M    M  10 1      36 170
 4  46  40  43 -14  22   0 0.01  0.0    0 14.5 26 260   M    M   9        34 260
 5  57  38  48  -8  17   0 0.02  0.0    0 13.1 26 240   M    M   9        34 240
 6  60  42  51  -5  14   0 0.38    T    0  9.6 20 210   M    M   6 1358   26 200
 7  62  43  53  -3  12   0 0.41  0.0    0  8.7 21 280   M    M   7 138    30 290
 8  63  42  53  -2  12   0 0.00  0.0    0 10.5 25 280   M    M   2        33 280
 9  62  41  52  -3  13   0 0.00  0.0    0  6.2 12 280   M    M   7        15 280
10  56  40  48  -6  17   0 0.00  0.0    0  5.8 13  60   M    M   9        16  40
11  58  36  47  -7  18   0 0.00  0.0    0  6.5 13  40   M    M   5        17  40
12  63  34  49  -5  16   0    T  0.0    0  7.1 16 100   M    M   5        19 100
13  76  56  66  13   0   1 0.20  0.0    0 11.9 30 180   M    M   8 13     39 160
14  67  54  61   8   4   0 0.51  0.0    0 10.5 25 150   M    M   9 1      34 150
15  60  51  56   3   9   0 0.03  0.0    0  4.8 13 200   M    M   9 1      15 200
16  66  50  58   6   7   0    T  0.0    0  7.9 17 240   M    M   9 18     22 240
17  68  51  60   8   5   0    T  0.0    0 15.2 26 260   M    M   7 1      32 250
18  52  42  47  -5  18   0 0.16  0.0    0 10.2 20 330   M    M   9 18     26 340
19  54  32  43  -9  22   0    T  0.0    0  5.8 10 220   M    M   7         M  M
20  62  45  54   3  11   0 0.03  0.0    0  8.7 18 220   M    M   8 13     23 220
21  53  42  48  -3  17   0 0.00  0.0    0  9.9 17 350   M    M   9        22 350
22  53  34  44  -7  21   0 0.00  0.0    0  5.6 12  60   M    M   4 1      17  50
23  60  30  45  -5  20   0 0.00  0.0    0  1.4  9 210   M    M   7 128    14 260
24  64  36  50   0  15   0 0.00  0.0    0  4.8 12 210   M    M   6 1      14 220
25  71  48  60  10   5   0    T  0.0    0 10.2 22 280   M    M   4 18     30 280
26  65  38  52   3  13   0 0.00  0.0    0  6.7 17 280   M    M   1        22 270
27  76  42  59  10   6   0 0.01  0.0    0 11.5 24 210   M    M   8 3      30 210
28  67  46  57   8   8   0 0.16  0.0    0 13.9 25 230   M    M   8 13     32 230
29  48  39  44  -4  21   0 0.00  0.0    0  9.6 18 280   M    M   8        25 260
30  50  43  47  -1  18   0 0.00  0.0    0  3.8  8 210   M    M  10        11 200
================================================================================
SM 1858 1276       377   3  2.65    T    260.5          M      213
================================================================================
AV 61.9 42.5                               8.7 FASTST   M    M   7    MAX(MPH)
                                 MISC ---->  # 30 180               # 39  160
================================================================================
NOTES:
# LAST OF SEVERAL OCCURRENCES

COLUMN 17 PEAK WIND IN M.P.H.

PRELIMINARY LOCAL CLIMATOLOGICAL DATA (WS FORM: F-6) , PAGE 2

                                          STATION:  FORT WAYNE
                                          MONTH:    OCTOBER
                                          YEAR:     2014
                                          LATITUDE:   41  0 N
                                          LONGITUDE:  85 12 W

[TEMPERATURE DATA]      [PRECIPITATION DATA]       SYMBOLS USED IN COLUMN 16

AVERAGE MONTHLY: 52.2   TOTAL FOR MONTH:   2.65    1 = FOG OR MIST
DPTR FM NORMAL:  -0.5   DPTR FM NORMAL:   -0.10    2 = FOG REDUCING VISIBILITY
HIGHEST:    82 ON  2    GRTST 24HR  0.67 ON  2- 3      TO 1/4 MILE OR LESS
LOWEST:     30 ON 23                               3 = THUNDER
                        SNOW, ICE PELLETS, HAIL    4 = ICE PELLETS
                        TOTAL MONTH:    T          5 = HAIL
                        GRTST 24HR    T  ON  6- 6  6 = FREEZING RAIN OR DRIZZLE
                        GRTST DEPTH:   0           7 = DUSTSTORM OR SANDSTORM:
                                                       VSBY 1/2 MILE OR LESS
                                                   8 = SMOKE OR HAZE
[NO. OF DAYS WITH]      [WEATHER - DAYS WITH]      9 = BLOWING SNOW
                                                   X = TORNADO
MAX 32 OR BELOW:   0    0.01 INCH OR MORE:  13
MAX 90 OR ABOVE:   0    0.10 INCH OR MORE:   7
MIN 32 OR BELOW:   2    0.50 INCH OR MORE:   2
MIN  0 OR BELOW:   0    1.00 INCH OR MORE:   0

[HDD (BASE 65) ]
TOTAL THIS MO.   377    CLEAR  (SCALE 0-3)   2
DPTR FM NORMAL     1    PTCLDY (SCALE 4-7)  15
TOTAL FM JUL 1   521    CLOUDY (SCALE 8-10) 13
DPTR FM NORMAL    29

[CDD (BASE 65) ]
TOTAL THIS MO.     3
DPTR FM NORMAL    -5    [PRESSURE DATA]
TOTAL FM JAN 1   731    HIGHEST SLP M ON M
DPTR FM NORMAL   -77    LOWEST  SLP 29.53 ON 14

[REMARKS]
