000
CXUS53 KIWX 290800
CF6FWA
PRELIMINARY LOCAL CLIMATOLOGICAL DATA (WS FORM: F-6)

                                          STATION:   FORT WAYNE
                                          MONTH:     MAY
                                          YEAR:      2015
                                          LATITUDE:   41  0 N
                                          LONGITUDE:  85 12 W

  TEMPERATURE IN F:       :PCPN:    SNOW:  WIND      :SUNSHINE: SKY     :PK WND
================================================================================
1   2   3   4   5  6A  6B    7    8   9   10  11  12  13   14  15   16   17  18
                                     12Z  AVG MX 2MIN
DY MAX MIN AVG DEP HDD CDD  WTR  SNW DPTH SPD SPD DIR MIN PSBL S-S WX    SPD DR
================================================================================

 1  73  40  57   1   8   0 0.00  0.0    0  6.6 14 360   M    M   3        20  10
 2  75  45  60   4   5   0 0.00  0.0    0  5.8 15 250   M    M   5        22 230
 3  78  48  63   7   2   0 0.00  0.0    0  9.9 22 200   M    M   5        28 210
 4  68  59  64   7   1   0 0.08  0.0    0  8.7 21 220   M    M   9 1      26 220
 5  80  54  67  10   0   2 0.27  0.0    0  7.2 23  10   M    M   9 18     27  30
 6  83  52  68  11   0   3 0.00  0.0    0  6.1 15  80   M    M   6 128    17  80
 7  86  55  71  13   0   6 0.00  0.0    0  6.9 17 220   M    M   4 18     22 210
 8  86  57  72  14   0   7 0.00  0.0    0  8.8 22 190   M    M   7        34 190
 9  83  62  73  15   0   8 0.95  0.0    0  8.1 33 210   M    M   8 13     45 200
10  77  63  70  12   0   5 0.34  0.0    0  6.7 32 170   M    M   8 13     39 170
11  76  60  68   9   0   3 0.08  0.0    0 10.7 29 240   M    M   7 13     34 250
12  60  50  55  -4  10   0 0.00  0.0    0 15.5 27 280   M    M   8        37 280
13  63  43  53  -7  12   0 0.00  0.0    0  8.6 16 360   M    M   5        19 340
14  65  41  53  -7  12   0    T  0.0    0  9.3 18 120   M    M   8        24 120
15  80  54  67   7   0   2 0.69  0.0    0 10.2 20 220   M    M   8 18     23 250
16  75  65  70  10   0   5 0.03  0.0    0  8.1 16 210   M    M   9 18     19 240
17  83  63  73  12   0   8    T  0.0    0 10.5 23 200   M    M   8 1      29 180
18  81  61  71  10   0   6 0.15  0.0    0 11.2 37 250   M    M   6 38     44 250
19  61  41  51 -10  14   0 0.00  0.0    0 10.9 20 280   M    M   6        24 320
20  54  36  45 -17  20   0 0.03  0.0    0  7.0 16  60   M    M   8        19  50
21  63  47  55  -7  10   0 0.00  0.0    0  8.7 20 270   M    M   6        23 270
22  72  45  59  -3   6   0 0.00  0.0    0  6.9 15 340   M    M   3        19 340
23  80  43  62  -1   3   0 0.00  0.0    0  3.9 14 240   M    M   5        18 250
24  83  53  68   5   0   3 0.00  0.0    0  9.2 23 160   M    M   7        27 160
25  81  67  74  11   0   9 0.01  0.0    0 18.4 32 210   M    M   8        41 210
26  84  62  73   9   0   8 0.22  0.0    0 15.0 38 210   M    M   7 1      48 210
27  79  60  70   6   0   5 0.31  0.0    0 11.1 28 190   M    M   6 13     36 190
28  82  53  68   4   0   3 0.00  0.0    0  7.3 20  90   M    M   4 1      23 100
================================================================================
SM 2111 1479       103  83  3.16     0.0 257.3          M      183
================================================================================
AV 75.4 52.8                               9.2 FASTST   M    M   7    MAX(MPH)
                                 MISC ---->  # 38 210               # 48  210
================================================================================
NOTES:
# LAST OF SEVERAL OCCURRENCES

COLUMN 17 PEAK WIND IN M.P.H.

PRELIMINARY LOCAL CLIMATOLOGICAL DATA (WS FORM: F-6) , PAGE 2

                                          STATION:  FORT WAYNE
                                          MONTH:    MAY
                                          YEAR:     2015
                                          LATITUDE:   41  0 N
                                          LONGITUDE:  85 12 W

[TEMPERATURE DATA]      [PRECIPITATION DATA]       SYMBOLS USED IN COLUMN 16

AVERAGE MONTHLY: 64.1   TOTAL FOR MONTH:   3.16    1 = FOG OR MIST
DPTR FM NORMAL:   4.1   DPTR FM NORMAL:   -0.60    2 = FOG REDUCING VISIBILITY
HIGHEST:    86 ON  8, 7 GRTST 24HR  1.13 ON  9-10      TO 1/4 MILE OR LESS
LOWEST:     36 ON 20                               3 = THUNDER
                        SNOW, ICE PELLETS, HAIL    4 = ICE PELLETS
                        TOTAL MONTH:   0.0 INCH    5 = HAIL
                        GRTST 24HR     0.0         6 = FREEZING RAIN OR DRIZZLE
                        GRTST DEPTH:   0           7 = DUSTSTORM OR SANDSTORM:
                                                       VSBY 1/2 MILE OR LESS
                                                   8 = SMOKE OR HAZE
[NO. OF DAYS WITH]      [WEATHER - DAYS WITH]      9 = BLOWING SNOW
                                                   X = TORNADO
MAX 32 OR BELOW:   0    0.01 INCH OR MORE:  12
MAX 90 OR ABOVE:   0    0.10 INCH OR MORE:   7
MIN 32 OR BELOW:   0    0.50 INCH OR MORE:   2
MIN  0 OR BELOW:   0    1.00 INCH OR MORE:   0

[HDD (BASE 65) ]
TOTAL THIS MO.   103    CLEAR  (SCALE 0-3)   1
DPTR FM NORMAL   -79    PTCLDY (SCALE 4-7)  22
TOTAL FM JUL 1  6641    CLOUDY (SCALE 8-10)  5
DPTR FM NORMAL   577

[CDD (BASE 65) ]
TOTAL THIS MO.    83
DPTR FM NORMAL    43    [PRESSURE DATA]
TOTAL FM JAN 1    83    HIGHEST SLP M ON M
DPTR FM NORMAL    35    LOWEST  SLP 29.80 ON 11

[REMARKS]
