000
CXUS52 KMFL 281000
CF6FXE
PRELIMINARY LOCAL CLIMATOLOGICAL DATA (WS FORM: F-6)

                                          STATION:   FORT LAUDERDALE EXEC ARPT
                                          MONTH:     APRIL
                                          YEAR:      2017
                                          LATITUDE:   26 12 N
                                          LONGITUDE:  80 11 W

  TEMPERATURE IN F:       :PCPN:    SNOW:  WIND      :SUNSHINE: SKY     :PK WND
================================================================================
1   2   3   4   5  6A  6B    7    8   9   10  11  12  13   14  15   16   17  18
                                     12Z  AVG MX 2MIN
DY MAX MIN AVG DEP HDD CDD  WTR  SNW DPTH SPD SPD DIR MIN PSBL S-S WX    SPD DR
================================================================================

 1  87  72  80   7   0  15 0.00  0.0    0  6.2 16 110   M    M   2        19 100
 2  88  74  81   8   0  16 0.00  0.0    0  8.6 18 110   M    M   4 8      25 110
 3  88  78  83  10   0  18    T  0.0    0 12.3 22 140   M    M   3        27 140
 4  89  77  83   9   0  18 0.00  0.0    0 10.5 20 140   M    M   2        25 130
 5  90  73  82   8   0  17 0.00  0.0    0  8.0 18 140   M    M   2        23 140
 6  92  68  80   6   0  15 0.00  0.0    0 12.0 25 270   M    M   4        33 270
 7  78  61  70  -4   0   5 0.00  0.0    0  9.2 18 330   M    M   0        27 290
 8  80  59  70  -4   0   5 0.00  0.0    0  4.9 12  80   M    M   3        16  90
 9  83  64  74   0   0   9    T  0.0    0  8.8 20  80   M    M   2        26  90
10  84  70  77   3   0  12 0.06  0.0    0 12.7 23  80   M    M   5        29  90
11  84  71  78   4   0  13    T  0.0    0 12.0 22  90   M    M   3        30  80
12  84  72  78   4   0  13 0.22  0.0    0 13.7 23  80   M    M   6 8      30  80
13  83  74  79   5   0  14 0.00  0.0    0 12.2 20  80   M    M   4        26  80
14  85  73  79   4   0  14    T  0.0    0 12.0 21  70   M    M   4        27  80
15  85  75  80   5   0  15    T  0.0    0 18.0 25  90   M    M   4        31  80
16  84  75  80   5   0  15 0.05  0.0    0 14.9 23  90   M    M   6        28  90
17  85  75  80   5   0  15 0.00  0.0    0 12.6 17 130   M    M   6        24 100
18  85  75  80   5   0  15    T  0.0    0 12.7 20  90   M    M   3        26 100
19  85  76  81   6   0  16 0.03  0.0    0 14.9 23  90   M    M   6        29 120
20  84  75  80   5   0  15    T  0.0    0 13.8 24  90   M    M   5        29 100
21  84  74  79   4   0  14 0.00  0.0    0 15.0 24  90   M    M   3        29  90
22  86  77  82   6   0  17    T  0.0    0 13.6 21 120   M    M   6        26 120
23  80  72  76   0   0  11 2.32  0.0    0  6.3 20 120   M    M   6 18     26 120
24  91  69  80   4   0  15 0.00  0.0    0 10.3 23 260   M    M   4 128    30 270
25  87  64  76   0   0  11 0.00  0.0    0  9.5 18 230   M    M   3        24 270
26  86  64  75  -1   0  10 0.00  0.0    0  7.0 16 110   M    M   2        20 110
27  91  79  85   9   0  20 0.00  0.0    0  9.7 20 140   M    M   3        24 150
================================================================================
SM 2308 1936         0 373  2.68     0.0 301.4          M      101
================================================================================
AV 85.5 71.7                              11.2 FASTST   M    M   4    MAX(MPH)
                                 MISC ---->  # 25 270               # 33  270
================================================================================
NOTES:
# LAST OF SEVERAL OCCURRENCES

COLUMN 17 PEAK WIND IN M.P.H.

PRELIMINARY LOCAL CLIMATOLOGICAL DATA (WS FORM: F-6) , PAGE 2

                                          STATION:  FORT LAUDERDALE EXEC ARPT
                                          MONTH:    APRIL
                                          YEAR:     2017
                                          LATITUDE:   26 12 N
                                          LONGITUDE:  80 11 W

[TEMPERATURE DATA]      [PRECIPITATION DATA]       SYMBOLS USED IN COLUMN 16

AVERAGE MONTHLY: 78.6   TOTAL FOR MONTH:   2.68    1 = FOG OR MIST
DPTR FM NORMAL:   4.0   DPTR FM NORMAL:   -0.24    2 = FOG REDUCING VISIBILITY
HIGHEST:    92 ON  6    GRTST 24HR  2.32 ON 23-23      TO 1/4 MILE OR LESS
LOWEST:     59 ON  8                               3 = THUNDER
                        SNOW, ICE PELLETS, HAIL    4 = ICE PELLETS
                        TOTAL MONTH:   0.0 INCH    5 = HAIL
                        GRTST 24HR     0.0         6 = FREEZING RAIN OR DRIZZLE
                        GRTST DEPTH:   0           7 = DUSTSTORM OR SANDSTORM:
                                                       VSBY 1/2 MILE OR LESS
                                                   8 = SMOKE OR HAZE
[NO. OF DAYS WITH]      [WEATHER - DAYS WITH]      9 = BLOWING SNOW
                                                   X = TORNADO
MAX 32 OR BELOW:   0    0.01 INCH OR MORE:   5
MAX 90 OR ABOVE:   4    0.10 INCH OR MORE:   2
MIN 32 OR BELOW:   0    0.50 INCH OR MORE:   1
MIN  0 OR BELOW:   0    1.00 INCH OR MORE:   1

[HDD (BASE 65) ]
TOTAL THIS MO.     0    CLEAR  (SCALE 0-3)  11
DPTR FM NORMAL     0    PTCLDY (SCALE 4-7)  16
TOTAL FM JUL 1    35    CLOUDY (SCALE 8-10)  0
DPTR FM NORMAL  -133

[CDD (BASE 65) ]
TOTAL THIS MO.   373
DPTR FM NORMAL   112    [PRESSURE DATA]
TOTAL FM JAN 1  1109    HIGHEST SLP M ON M
DPTR FM NORMAL   375    LOWEST  SLP 29.73 ON 24

[REMARKS]
