000
CXUS52 KMFL 231000
CF6FXE
PRELIMINARY LOCAL CLIMATOLOGICAL DATA (WS FORM: F-6)

                                          STATION:   FORT LAUDERDALE EXEC ARPT
                                          MONTH:     JUNE
                                          YEAR:      2017
                                          LATITUDE:   26 12 N
                                          LONGITUDE:  80 11 W

  TEMPERATURE IN F:       :PCPN:    SNOW:  WIND      :SUNSHINE: SKY     :PK WND
================================================================================
1   2   3   4   5  6A  6B    7    8   9   10  11  12  13   14  15   16   17  18
                                     12Z  AVG MX 2MIN
DY MAX MIN AVG DEP HDD CDD  WTR  SNW DPTH SPD SPD DIR MIN PSBL S-S WX    SPD DR
================================================================================

 1  95  81  88   7   0  23 0.00  0.0    0  6.9 17 110   M    M   2 3      22 110
 2  90  78  84   3   0  19 0.31  0.0    0  6.4 15 100   M    M   4        17 100
 3  88  75  82   1   0  17 1.39  0.0    0  2.2 20 120   M    M   6 3      26 140
 4  85  76  81   0   0  16 0.06  0.0    0  5.0 18 140   M    M   5        22 150
 5  82  73  78  -3   0  13 2.35  0.0    0  4.5 18 320   M    M   6 13     28 310
 6  77  70  74  -7   0   9 5.27  0.0    0  5.5 26 340   M    M   8 123    33 350
 7  84  71  78  -3   0  13 2.52  0.0    0  9.4 23 190   M    M   6 13     28 190
 8  91  74  83   1   0  18    T  0.0    0 10.9 23 250   M    M   3 3      30 240
 9  91  75  83   1   0  18 0.04  0.0    0  7.4 16 140   M    M   3 3      20 140
10  86  76  81  -1   0  16    T  0.0    0  6.3 16  80   M    M   3 3      19  90
11  90  79  85   3   0  20 0.00  0.0    0  9.7 17  90   M    M   3        21 100
12  88  80  84   2   0  19 0.00  0.0    0 11.5 18  90   M    M   3        23  90
13  89  76  83   1   0  18    T  0.0    0  9.7 18 120   M    M   3 3      27 140
14  87  73  80  -2   0  15    T  0.0    0  5.0 20 270   M    M   4 138    25 110
15  89  74  82   0   0  17    M  0.0    0  5.6 16 340   M    M   3 13     21 120
16  86  71  79  -3   0  14 0.15  0.0    0  4.3 24 170   M    M   4 138    31 170
17  87  74  81  -1   0  16    T  0.0    0  7.6 18 130   M    M   3        24 130
18  90  74  82   0   0  17    T  0.0    0  9.6 16 100   M    M   3        23 140
19  86  76  81  -1   0  16    M  0.0    0 11.2 25 130   M    M   4 18     33 120
20  88  79  84   2   0  19    T  0.0    0 14.5 24 110   M    M   4        29 120
21  89  81  85   3   0  20    T  0.0    0 13.3 22 120   M    M   4        29 120
22  89  80  85   3   0  20 0.00  0.0    0 12.3 18 100   M    M   2        24 100
================================================================================
SM 1927 1666         0 373 12.09     0.0 178.8          M       86
================================================================================
AV 87.6 75.7                               8.1 FASTST   M    M   4    MAX(MPH)
                                 MISC ---->  # 26 340               # 33  350
================================================================================
NOTES:
# LAST OF SEVERAL OCCURRENCES

COLUMN 17 PEAK WIND IN M.P.H.

PRELIMINARY LOCAL CLIMATOLOGICAL DATA (WS FORM: F-6) , PAGE 2

                                          STATION:  FORT LAUDERDALE EXEC ARPT
                                          MONTH:    JUNE
                                          YEAR:     2017
                                          LATITUDE:   26 12 N
                                          LONGITUDE:  80 11 W

[TEMPERATURE DATA]      [PRECIPITATION DATA]       SYMBOLS USED IN COLUMN 16

AVERAGE MONTHLY: 81.7   TOTAL FOR MONTH:  12.09    1 = FOG OR MIST
DPTR FM NORMAL:  -0.0   DPTR FM NORMAL:    6.31    2 = FOG REDUCING VISIBILITY
HIGHEST:    95 ON  1    GRTST 24HR  5.27 ON  6- 6      TO 1/4 MILE OR LESS
LOWEST:     70 ON  6                               3 = THUNDER
                        SNOW, ICE PELLETS, HAIL    4 = ICE PELLETS
                        TOTAL MONTH:   0.0 INCH    5 = HAIL
                        GRTST 24HR     0.0         6 = FREEZING RAIN OR DRIZZLE
                        GRTST DEPTH:   0           7 = DUSTSTORM OR SANDSTORM:
                                                       VSBY 1/2 MILE OR LESS
                                                   8 = SMOKE OR HAZE
[NO. OF DAYS WITH]      [WEATHER - DAYS WITH]      9 = BLOWING SNOW
                                                   X = TORNADO
MAX 32 OR BELOW:   0    0.01 INCH OR MORE:   8
MAX 90 OR ABOVE:   6    0.10 INCH OR MORE:   6
MIN 32 OR BELOW:   0    0.50 INCH OR MORE:   4
MIN  0 OR BELOW:   0    1.00 INCH OR MORE:   4

[HDD (BASE 65) ]
TOTAL THIS MO.     0    CLEAR  (SCALE 0-3)   8
DPTR FM NORMAL     0    PTCLDY (SCALE 4-7)  14
TOTAL FM JUL 1    35    CLOUDY (SCALE 8-10)  0
DPTR FM NORMAL  -135

[CDD (BASE 65) ]
TOTAL THIS MO.   373
DPTR FM NORMAL     7    [PRESSURE DATA]
TOTAL FM JAN 1  2106    HIGHEST SLP M ON M
DPTR FM NORMAL   551    LOWEST  SLP 29.79 ON M

[REMARKS]
