000
CXUS54 KOUN 270700
CF6GAG
PRELIMINARY LOCAL CLIMATOLOGICAL DATA (WS FORM: F-6)

                                          STATION:   GAGE
                                          MONTH:     APRIL
                                          YEAR:      2017
                                          LATITUDE:   36 17 N
                                          LONGITUDE:  99 46 W

  TEMPERATURE IN F:       :PCPN:    SNOW:  WIND      :SUNSHINE: SKY     :PK WND
================================================================================
1   2   3   4   5  6A  6B    7    8   9   10  11  12  13   14  15   16   17  18
                                     12Z  AVG MX 2MIN
DY MAX MIN AVG DEP HDD CDD  WTR  SNW DPTH SPD SPD DIR MIN PSBL S-S WX    SPD DR
================================================================================

 1  47  43  45  -7  20   0 0.19  0.0    0 14.1 24  60   M    M  10 18     31  60
 2  55  44  50  -2  15   0 0.00  0.0    0  7.8 13 330   M    M   9 18     16 310
 3  76  35  56   3   9   0 0.25    M    0  8.2 20 330   M    M   2 123    26 330
 4  51  39  45  -8  20   0 0.38    M    0 17.8 28  50   M    M  10 1      35 340
 5  64  38  51  -2  14   0 0.00  0.0    0 16.3 31 330   M    M   1        37 330
 6  73  32  53  -1  12   0 0.00  0.0    0  4.9 13 110   M    M   0        17 110
 7  80  43  62   8   3   0 0.00  0.0    0 18.7 31 200   M    M   0        38 190
 8  93  54  74  20   0   9 0.00  0.0    0 15.1 29 180   M    M   0        37 180
 9  90  57  74  19   0   9 0.00  0.0    0 17.2 31 250   M    M   0        39 260
10  73  47  60   5   5   0 0.00  0.0    0  9.6 24  10   M    M   0        27 360
11  77  37  57   2   8   0 0.00  0.0    0  7.2 17 150   M    M   0        22 130
12  75  45  60   4   5   0 0.02    M    0 15.5 30 170   M    M   2 1      36 170
13  70  57  64   8   1   0 0.23  0.0    0 12.0 21 150   M    M   6 1      26 150
14  82  58  70  14   0   5 0.00  0.0    0 25.3 39 170   M    M   5        49 160
15  85  62  74  18   0   9 0.00  0.0    0 23.7 36 190   M    M   2        49 190
16  81  60  71  14   0   6 0.00  0.0    0 12.2 25  60   M    M   5 38     31  50
17  77  58  68  11   0   3 0.00  0.0    0 10.7 18 140   M    M   6 13     24 140
18  84  56  70  12   0   5 0.00  0.0    0 19.2 31 180   M    M   1        40 180
19  88  61  75  17   0  10 0.00  0.0    0 24.1 35 180   M    M   0        42 190
20  77  61  69  11   0   4 0.00  0.0    0 14.9 29  40   M    M   6        38 170
21  61  43  52  -6  13   0 1.02  0.0    0 15.9 40  60   M    M  10 13     55 350
22  62  39  51  -8  14   0 0.00  0.0    0 13.5 25  10   M    M   3        32  20
23  72  34  53  -6  12   0 0.00  0.0    0 11.0 22 160   M    M   0        28 160
24  83  51  67   7   0   2 0.00  0.0    0 24.8 33 170   M    M   0        42 180
25  79  50  65   5   0   0    T  0.0    0 13.9 30 170   M    M   3        37 170
26  63  41  52  -8  13   0 0.09    M    0 15.6 28 340   M    M   5 1      38 350
================================================================================
SM 1918 1245       164  62  2.18     0.0 389.2          M       86
================================================================================
AV 73.8 47.9                              15.0 FASTST   M    M   3    MAX(MPH)
                                 MISC ---->  # 40  60               # 55  350
================================================================================
NOTES:
# LAST OF SEVERAL OCCURRENCES

COLUMN 17 PEAK WIND IN M.P.H.

PRELIMINARY LOCAL CLIMATOLOGICAL DATA (WS FORM: F-6) , PAGE 2

                                          STATION:  GAGE
                                          MONTH:    APRIL
                                          YEAR:     2017
                                          LATITUDE:   36 17 N
                                          LONGITUDE:  99 46 W

[TEMPERATURE DATA]      [PRECIPITATION DATA]       SYMBOLS USED IN COLUMN 16

AVERAGE MONTHLY: 60.8   TOTAL FOR MONTH:   2.18    1 = FOG OR MIST
DPTR FM NORMAL:   4.8   DPTR FM NORMAL:    0.72    2 = FOG REDUCING VISIBILITY
HIGHEST:    93 ON  8    GRTST 24HR  1.02 ON 21-21      TO 1/4 MILE OR LESS
LOWEST:     32 ON  6                               3 = THUNDER
                        SNOW, ICE PELLETS, HAIL    4 = ICE PELLETS
                        TOTAL MONTH:   0.0 INCH    5 = HAIL
                        GRTST 24HR     0.0         6 = FREEZING RAIN OR DRIZZLE
                        GRTST DEPTH:   0           7 = DUSTSTORM OR SANDSTORM:
                                                       VSBY 1/2 MILE OR LESS
                                                   8 = SMOKE OR HAZE
[NO. OF DAYS WITH]      [WEATHER - DAYS WITH]      9 = BLOWING SNOW
                                                   X = TORNADO
MAX 32 OR BELOW:   0    0.01 INCH OR MORE:   7
MAX 90 OR ABOVE:   2    0.10 INCH OR MORE:   5
MIN 32 OR BELOW:   1    0.50 INCH OR MORE:   1
MIN  0 OR BELOW:   0    1.00 INCH OR MORE:   1

[HDD (BASE 65) ]
TOTAL THIS MO.   164    CLEAR  (SCALE 0-3)  15
DPTR FM NORMAL   -91    PTCLDY (SCALE 4-7)   7
TOTAL FM JUL 1  3084    CLOUDY (SCALE 8-10)  4
DPTR FM NORMAL -1196

[CDD (BASE 65) ]
TOTAL THIS MO.    62
DPTR FM NORMAL    38    [PRESSURE DATA]
TOTAL FM JAN 1   102    HIGHEST SLP M ON M
DPTR FM NORMAL    73    LOWEST  SLP 29.31 ON 25

[REMARKS]
