000
CXUS54 KOUN 290700
CF6GAG
PRELIMINARY LOCAL CLIMATOLOGICAL DATA (WS FORM: F-6)

                                          STATION:   GAGE
                                          MONTH:     JUNE
                                          YEAR:      2017
                                          LATITUDE:   36 17 N
                                          LONGITUDE:  99 46 W

  TEMPERATURE IN F:       :PCPN:    SNOW:  WIND      :SUNSHINE: SKY     :PK WND
================================================================================
1   2   3   4   5  6A  6B    7    8   9   10  11  12  13   14  15   16   17  18
                                     12Z  AVG MX 2MIN
DY MAX MIN AVG DEP HDD CDD  WTR  SNW DPTH SPD SPD DIR MIN PSBL S-S WX    SPD DR
================================================================================

 1  88  62  75   4   0  10    T  0.0    0 10.8 23 150   M    M   0        31 150
 2  77  58  68  -3   0   3 0.00  0.0    0  8.1 17 140   M    M   4 18     22 140
 3  73  64  69  -3   0   4 0.35  0.0    0  5.2 17  80   M    M   6 13     21  90
 4  84  62  73   1   0   8 0.12  0.0    0  5.8 23  10   M    M   5 18     28  20
 5  86  60  73   1   0   8 0.00  0.0    0  6.0 14  50   M    M   2 1      19  60
 6  92  56  74   2   0   9 0.07  0.0    0  6.2 37  30   M    M   1 3      45  20
 7  85  63  74   1   0   9 0.04  0.0    0  6.8 14 110   M    M   5        19 120
 8  83  60  72  -1   0   7    T  0.0    0 10.4 21 150   M    M   4        29 160
 9  88  64  76   3   0  11 0.02  0.0    0 14.9 29 170   M    M   1 1      35 170
10  94  71  83   9   0  18 0.00  0.0    0 25.1 37 170   M    M   3 1      46 160
11  94  71  83   9   0  18 0.00  0.0    0 26.7 38 170   M    M   0        47 170
12  95  71  83   9   0  18 0.00  0.0    0 25.7 37 180   M    M   0        45 170
13  95  73  84  10   0  19 0.04  0.0    0 26.4 43 170   M    M   0 3      51 170
14  95  66  81   6   0  16 0.00  0.0    0  9.9 25 180   M    M   0        33 190
15  99  69  84   9   0  19 0.09  0.0    0 12.7 23 180   M    M   0 3      38 160
16  98  68  83   8   0  18 0.00  0.0    0 13.3 22 200   M    M   0 1      30 210
17 101  69  85   9   0  20 0.00  0.0    0 12.0 26  40   M    M   0        32  40
18  85  61  73  -3   0   8 0.00  0.0    0 15.0 29  30   M    M   3        38  30
19  91  58  75  -1   0  10 0.00  0.0    0  7.2 15 140   M    M   0        22 140
20  96  64  80   4   0  15 0.06  0.0    0 11.7 39 190   M    M   0 3      48 200
21  97  70  84   7   0  19 0.02  0.0    0 17.3 36 190   M    M   1        45 300
22  98  63  81   4   0  16 0.01  0.0    0  9.3 30 200   M    M   0 8      38 200
23  87  63  75  -2   0  10    T  0.0    0 14.9 31  40   M    M   3        40  50
24  85  63  74  -4   0   9    T  0.0    0  6.1 18 110   M    M   6        24 120
25  82  65  74  -4   0   9 0.02  0.0    0  9.2 18 160   M    M   7 3      23 200
26  91  60  76  -2   0  11 0.00  0.0    0  6.4 17 180   M    M   4        21 180
27  96  69  83   5   0  18 0.00  0.0    0 19.1 31 170   M    M   0        47 190
28  98  73  86   8   0  21 0.00  0.0    0 24.8 33 190   M    M   0        44 180
================================================================================
SM 2533 1816         0 361  0.84     0.0 367.0          M       55
================================================================================
AV 90.5 64.9                              13.1 FASTST   M    M   2    MAX(MPH)
                                 MISC ---->  # 43 170               # 51  170
================================================================================
NOTES:
# LAST OF SEVERAL OCCURRENCES

COLUMN 17 PEAK WIND IN M.P.H.

PRELIMINARY LOCAL CLIMATOLOGICAL DATA (WS FORM: F-6) , PAGE 2

                                          STATION:  GAGE
                                          MONTH:    JUNE
                                          YEAR:     2017
                                          LATITUDE:   36 17 N
                                          LONGITUDE:  99 46 W

[TEMPERATURE DATA]      [PRECIPITATION DATA]       SYMBOLS USED IN COLUMN 16

AVERAGE MONTHLY: 77.7   TOTAL FOR MONTH:   0.84    1 = FOG OR MIST
DPTR FM NORMAL:   2.8   DPTR FM NORMAL:   -2.50    2 = FOG REDUCING VISIBILITY
HIGHEST:   101 ON 17    GRTST 24HR  0.35 ON  3- 3      TO 1/4 MILE OR LESS
LOWEST:     56 ON  6                               3 = THUNDER
                        SNOW, ICE PELLETS, HAIL    4 = ICE PELLETS
                        TOTAL MONTH:   0.0 INCH    5 = HAIL
                        GRTST 24HR     0.0         6 = FREEZING RAIN OR DRIZZLE
                        GRTST DEPTH:   0           7 = DUSTSTORM OR SANDSTORM:
                                                       VSBY 1/2 MILE OR LESS
                                                   8 = SMOKE OR HAZE
[NO. OF DAYS WITH]      [WEATHER - DAYS WITH]      9 = BLOWING SNOW
                                                   X = TORNADO
MAX 32 OR BELOW:   0    0.01 INCH OR MORE:  11
MAX 90 OR ABOVE:  16    0.10 INCH OR MORE:   2
MIN 32 OR BELOW:   0    0.50 INCH OR MORE:   0
MIN  0 OR BELOW:   0    1.00 INCH OR MORE:   0

[HDD (BASE 65) ]
TOTAL THIS MO.     0    CLEAR  (SCALE 0-3)  20
DPTR FM NORMAL    -5    PTCLDY (SCALE 4-7)   8
TOTAL FM JUL 1  3225    CLOUDY (SCALE 8-10)  0
DPTR FM NORMAL -1165

[CDD (BASE 65) ]
TOTAL THIS MO.   361
DPTR FM NORMAL    77    [PRESSURE DATA]
TOTAL FM JAN 1   573    HIGHEST SLP M ON M
DPTR FM NORMAL   131    LOWEST  SLP 29.56 ON 17

[REMARKS]
