000
CXUS56 KFGZ 260900
CF6GCN
PRELIMINARY LOCAL CLIMATOLOGICAL DATA (WS FORM: F-6)

                                          STATION:   GRAND CANYON AZ AIRPORT
                                          MONTH:     JULY
                                          YEAR:      2016
                                          LATITUDE:   35 57 N
                                          LONGITUDE: 112  9 W

  TEMPERATURE IN F:       :PCPN:    SNOW:  WIND      :SUNSHINE: SKY     :PK WND
================================================================================
1   2   3   4   5  6A  6B    7    8   9   10  11  12  13   14  15   16   17  18
                                     12Z  AVG MX 2MIN
DY MAX MIN AVG DEP HDD CDD  WTR  SNW DPTH SPD SPD DIR MIN PSBL S-S WX    SPD DR
================================================================================

 1  78  52  65   2   0   0    T    M    M  4.2 16 360   M    M   5 3      23  10
 2  79  50  65   2   0   0 0.11    M    M  5.1 18 180   M    M   4 13     28 290
 3  85  49  67   3   0   2 0.00    M    M  5.9 21 230   M    M   2        34 220
 4  88  50  69   5   0   4 0.00    M    M  7.1 24 220   M    M   2 8      34 230
 5  88  47  68   4   0   3 0.00    M    M  8.2 24 230   M    M   0        32 220
 6  88  47  68   4   0   3 0.00    M    M 11.7 30 220   M    M   0        43 210
 7  88  49  69   4   0   4 0.00    M    M  8.9 24 220   M    M   0 8      43 230
 8  90  48  69   4   0   4 0.00    M    M  8.2 23 220   M    M   0 8      31 220
 9  91  45  68   3   0   3 0.00    M    M  9.3 28 220   M    M   0 8      34 210
10  89  47  68   3   0   3 0.00    M    M 12.9 33 240   M    M   0 8      48 210
11  90  42  66   1   0   1 0.00    M    M  7.7 28 230   M    M   0 8      37 230
12  90  38  64  -1   1   0 0.00    M    M  7.3 26 220   M    M   0 8      33 240
13  90  40  65  -1   0   0 0.00    M    M  6.6 23 220   M    M   0 8      30 210
14  92  44  68   2   0   3 0.00    M    M  7.9 21 230   M    M   0        28 230
15  94  45  70   4   0   5 0.00    M    M  6.5 24 230   M    M   0        34 270
16  90  43  67   1   0   2 0.00    M    M  9.1 30 230   M    M   0        40 220
17  89  48  69   3   0   4    T    M    M  9.8 30 210   M    M   2        44 210
18  84  61  73   7   0   8 0.26    M    M  2.9 18 280   M    M   6 138    32 300
19  81  55  68   2   0   3    T    M    M  2.1 16 140   M    M   5 3      22 140
20  86  54  70   4   0   5 0.02    M    M  2.6 15 170   M    M   4 3      21 150
21  88  51  70   4   0   5 0.00    M    M  3.8 14 180   M    M   1        19 120
22  93  54  74   8   0   9 0.03    M    M  3.8 20  90   M    M   3 38     26 280
23  95  52  74   8   0   9 0.01    M    M  5.0 17 180   M    M   2 3      23 330
24  94  53  74   7   0   9 0.02    M    M  7.0 22  60   M    M   1 3      30 230
25  91  50  71   4   0   6 0.00  0.0    0  4.4 18 220   M    M   1 3      25 230
================================================================================
SM 2211 1214         1  95  0.45     0.0 168.0          M       38
================================================================================
AV 88.4 48.6                               6.7 FASTST   M    M   2    MAX(MPH)
                                 MISC ---->  # 33 240               # 48  210
================================================================================
NOTES:
# LAST OF SEVERAL OCCURRENCES

COLUMN 17 PEAK WIND IN M.P.H.

PRELIMINARY LOCAL CLIMATOLOGICAL DATA (WS FORM: F-6) , PAGE 2

                                          STATION:  GRAND CANYON AZ AIRPORT
                                          MONTH:    JULY
                                          YEAR:     2016
                                          LATITUDE:   35 57 N
                                          LONGITUDE: 112  9 W

[TEMPERATURE DATA]      [PRECIPITATION DATA]       SYMBOLS USED IN COLUMN 16

AVERAGE MONTHLY: 68.5   TOTAL FOR MONTH:   0.45    1 = FOG OR MIST
DPTR FM NORMAL:   3.2   DPTR FM NORMAL:   -0.84    2 = FOG REDUCING VISIBILITY
HIGHEST:    95 ON 23    GRTST 24HR  0.26 ON 18-18      TO 1/4 MILE OR LESS
LOWEST:     38 ON 12                               3 = THUNDER
                        SNOW, ICE PELLETS, HAIL    4 = ICE PELLETS
                        TOTAL MONTH:   0.0 INCH    5 = HAIL
                        GRTST 24HR     0.0         6 = FREEZING RAIN OR DRIZZLE
                        GRTST DEPTH:   0           7 = DUSTSTORM OR SANDSTORM:
                                                       VSBY 1/2 MILE OR LESS
                                                   8 = SMOKE OR HAZE
[NO. OF DAYS WITH]      [WEATHER - DAYS WITH]      9 = BLOWING SNOW
                                                   X = TORNADO
MAX 32 OR BELOW:   0    0.01 INCH OR MORE:   6
MAX 90 OR ABOVE:  12    0.10 INCH OR MORE:   2
MIN 32 OR BELOW:   0    0.50 INCH OR MORE:   0
MIN  0 OR BELOW:   0    1.00 INCH OR MORE:   0

[HDD (BASE 65) ]
TOTAL THIS MO.     1    CLEAR  (SCALE 0-3)  20
DPTR FM NORMAL   -34    PTCLDY (SCALE 4-7)   5
TOTAL FM JUL 1     1    CLOUDY (SCALE 8-10)  0
DPTR FM NORMAL   -34

[CDD (BASE 65) ]
TOTAL THIS MO.    95
DPTR FM NORMAL    55    [PRESSURE DATA]
TOTAL FM JAN 1   181    HIGHEST SLP M ON M
DPTR FM NORMAL   139    LOWEST  SLP 29.75 ON M

[REMARKS]
