000
CXUS54 KFWD 010730
CF6GDJ
PRELIMINARY LOCAL CLIMATOLOGICAL DATA (WS FORM: F-6)

                                          STATION:   GRANBURY
                                          MONTH:     JULY
                                          YEAR:      2015
                                          LATITUDE:   32 26 N
                                          LONGITUDE:  97 48 W

  TEMPERATURE IN F:       :PCPN:    SNOW:  WIND      :SUNSHINE: SKY     :PK WND
================================================================================
1   2   3   4   5  6A  6B    7    8   9   10  11  12  13   14  15   16   17  18
                                     12Z  AVG MX 2MIN
DY MAX MIN AVG DEP HDD CDD  WTR  SNW DPTH SPD SPD DIR MIN PSBL S-S WX    SPD DR
================================================================================

 1  95  73  84   1   0  19 0.00  0.0    0  8.4 15 160   M    M   6        21 170
 2  94  73  84   1   0  19 0.00  0.0    0 10.7 16 180   M    M  10        23 170
 3  91  77  84   1   0  19 0.00  0.0    0  6.1 14 180   M    M   9        20 170
 4  95  77  86   3   0  21 0.00  0.0    0  7.4 13 140   M    M   5        16 190
 5  94  78  86   3   0  21 0.00  0.0    0 10.2 18 170   M    M   9        25 150
 6  95  79  87   4   0  22 0.00  0.0    0 14.1 18 170   M    M   9        28 160
 7  88  80  84   1   0  19 0.00  0.0    0 10.3 18 170   M    M  10        24 170
 8  87  74  81  -2   0  16 0.52  0.0    0  8.0 15 160   M    M  10        23 160
 9  95  77  86   3   0  21 0.00  0.0    0 11.4 16 150   M    M   9        23 180
10  96  70  83   0   0  18 0.00  0.0    0  8.8 16 160   M    M  10        22 180
11  96  76  86   3   0  21 0.00  0.0    0  7.9 15 120   M    M   8        21 120
12  98  74  86   2   0  21 0.00  0.0    0  6.7 12 130   M    M   8        16 190
13 100  77  89   5   0  24 0.00  0.0    0  6.4 10 190   M    M   8         M  M
14 101  76  89   5   0  24 0.00  0.0    0  6.6 13 130   M    M   3        18 130
15   M  75   M   M   M   M 0.00  0.0    0  5.8 10 120   M    M   0        16 130
16 100  75  88   4   0  23 0.00  0.0    0  8.1 13 170   M    M   0        17 170
17 100  77  89   5   0  24 0.00  0.0    0  9.4 14 140   M    M   0        24 170
18 101  78  90   6   0  25 0.00  0.0    0  9.2 14 170   M    M   1        22 170
19 101  77  89   5   0  24 0.00  0.0    0  7.6 12 150   M    M   0        18 180
20 101  79  90   6   0  25 0.00  0.0    0  6.1 15 130   M    M   1        18 130
21 100  79  90   6   0  25 0.00  0.0    0  5.7 13 130   M    M   1        17 130
22 101  79  90   6   0  25 0.00  0.0    0  7.5 12 150   M    M   1        18 190
23 101  80  91   7   0  26 0.00  0.0    0  8.4 13 190   M    M   0        18 190
24 102  78  90   6   0  25 0.00  0.0    0  7.1 12 130   M    M   0         M  M
25 102  79  91   7   0  26 0.00  0.0    0  5.7 14 110   M    M   0        17 130
26 101  73  87   3   0  22 0.00  0.0    0  5.8 10 140   M    M   0        17 110
27 102  73  88   4   0  23 0.00  0.0    0  7.3 15 130   M    M   0        21 120
28 101  79  90   6   0  25 0.00  0.0    0  8.6 16 130   M    M   0        22 130
29 101  77  89   5   0  24 0.00  0.0    0  5.2  9 130   M    M   0         M  M
30 102  74  88   4   0  23 0.00  0.0    0  1.7  7 130   M    M   1         M  M
31 101  76  89   5   0  24 0.03  0.0    0  5.2 20 300   M    M   2 3      27 300
================================================================================
SM 2942 2369         0 674  0.55     0.0 237.4          M      121
================================================================================
AV 98.1 76.4                               7.7 FASTST   M    M   4    MAX(MPH)
                                 MISC ---->    20   M                 28    M
================================================================================
NOTES:
# LAST OF SEVERAL OCCURRENCES

COLUMN 17 PEAK WIND IN M.P.H.

PRELIMINARY LOCAL CLIMATOLOGICAL DATA (WS FORM: F-6) , PAGE 2

                                          STATION:  GRANBURY
                                          MONTH:    JULY
                                          YEAR:     2015
                                          LATITUDE:   32 26 N
                                          LONGITUDE:  97 48 W

[TEMPERATURE DATA]      [PRECIPITATION DATA]       SYMBOLS USED IN COLUMN 16

AVERAGE MONTHLY: 87.2   TOTAL FOR MONTH:   0.55    1 = FOG OR MIST
DPTR FM NORMAL:   3.7   DPTR FM NORMAL:       M    2 = FOG REDUCING VISIBILITY
HIGHEST:   102 ON 30,27 GRTST 24HR  0.52 ON  8- 8      TO 1/4 MILE OR LESS
LOWEST:     70 ON 10                               3 = THUNDER
                        SNOW, ICE PELLETS, HAIL    4 = ICE PELLETS
                        TOTAL MONTH:   0.0 INCH    5 = HAIL
                        GRTST 24HR     0.0         6 = FREEZING RAIN OR DRIZZLE
                        GRTST DEPTH:   0           7 = DUSTSTORM OR SANDSTORM:
                                                       VSBY 1/2 MILE OR LESS
                                                   8 = SMOKE OR HAZE
[NO. OF DAYS WITH]      [WEATHER - DAYS WITH]      9 = BLOWING SNOW
                                                   X = TORNADO
MAX 32 OR BELOW:   0    0.01 INCH OR MORE:   2
MAX 90 OR ABOVE:  28    0.10 INCH OR MORE:   1
MIN 32 OR BELOW:   0    0.50 INCH OR MORE:   1
MIN  0 OR BELOW:   0    1.00 INCH OR MORE:   0

[HDD (BASE 65) ]
TOTAL THIS MO.     0    CLEAR  (SCALE 0-3)  18
DPTR FM NORMAL     0    PTCLDY (SCALE 4-7)   3
TOTAL FM JUL 1     0    CLOUDY (SCALE 8-10) 10
DPTR FM NORMAL     0

[CDD (BASE 65) ]
TOTAL THIS MO.   674
DPTR FM NORMAL   101    [PRESSURE DATA]
TOTAL FM JAN 1  1634    HIGHEST SLP M ON M
DPTR FM NORMAL   285    LOWEST  SLP M ON M

[REMARKS]
#FINAL-07-15#
