000
CXUS54 KMAF 291100
CF6GDP
PRELIMINARY LOCAL CLIMATOLOGICAL DATA (WS FORM: F-6)

                                          STATION:   Guadalupe Pass
                                          MONTH:     JUNE
                                          YEAR:      2017
                                          LATITUDE:   31 49 N
                                          LONGITUDE: 104 48 W

  TEMPERATURE IN F:       :PCPN:    SNOW:  WIND      :SUNSHINE: SKY     :PK WND
================================================================================
1   2   3   4   5  6A  6B    7    8   9   10  11  12  13   14  15   16   17  18
                                     12Z  AVG MX 2MIN
DY MAX MIN AVG DEP HDD CDD  WTR  SNW DPTH SPD SPD DIR MIN PSBL S-S WX    SPD DR
================================================================================

 1  81  55  68  -7   0   3 0.09  0.0    0 20.9 39  40   M    M   5 12     43  40
 2  84  56  70  -5   0   5 0.00  0.0    0 16.4 36  80   M    M   1        39  70
 3  75  57  66  -9   0   1 0.19  0.0    0 16.8 30  40   M    M   5        31  40
 4  87  58  73  -2   0   8    T  0.0    0 11.5 33  60   M    M   1        38  50
 5  87  60  74  -2   0   9    T  0.0    0 19.1 33  40   M    M   0        39  40
 6  87  62  75  -1   0  10 0.07  0.0    0 20.0 36  40   M    M   1        42  40
 7  87  58  73  -3   0   8 0.14  0.0    0 14.5 43  50   M    M   1        49  50
 8  85  55  70  -6   0   5 0.21  0.0    0 13.5 40 350   M    M   3 12     55 350
 9  94  63  79   3   0  14 0.00  0.0    0 18.1 39  40   M    M   0        43  40
10  97  72  85   8   0  20 0.00  0.0    0 15.0 31 240   M    M   0        40 240
11  93  71  82   5   0  17 0.00  0.0    0 19.9 39 240   M    M   0        47 250
12  93  69  81   4   0  16 0.00  0.0    M 17.6 38 240   M    M   0        45 240
13  95  70  83   6   0  18 0.00  0.0    0 18.3 37 250   M    M   0        46 240
14 100  71  86   9   0  21 0.00  0.0    0  9.3 22  50   M    M   0        27 240
15 102  73  88  11   0  23 0.00  0.0    M 13.2 22  40   M    M   0        29 260
16 102  77  90  13   0  25 0.00  0.0    0 14.6 24 250   M    M   0        33 250
17 102  70  86   9   0  21 0.00  0.0    0 15.0 24 250   M    M   0        35 230
18  89  69  79   2   0  14 0.00  0.0    0 19.2 33  80   M    M   0 8      44  70
19  86  64  75  -2   0  10 0.00  0.0    0 25.7 30  50   M    M   1        38  80
20  91  67  79   2   0  14 0.00  0.0    0 15.7 30  50   M    M   1        34  80
21 101  73  87  10   0  22    T  0.0    0 12.2 23  40   M    M   1        31 230
22 104  69  87  10   0  22 0.35  0.0    0 13.7 23  50   M    M   2        36 240
23  97  69  83   6   0  18 0.18  0.0    0 21.6 37  60   M    M   0        52  50
24  79  64  72  -5   0   7 0.00  0.0    0 31.4 46  60   M    M   0 8      53  60
25  86  65  76  -1   0  11 0.00  0.0    0 20.4 35  60   M    M   4 18     37  50
26   M   M   M   M   M   M 0.01    M    M 28.8 35  50   M    M   1 12     40  80
27   M   M   M   M   M   M 0.04    M    M  8.3 22  50   M    M   0 1      35  60
28  93  93  93  16   0  28 0.00  0.0    M 26.5 27 250   M    M   0        32 250
================================================================================
SM 2377 1730         0 370  1.28     0.0 497.2          M       27
================================================================================
AV 91.4 66.5                              17.8 FASTST   M    M   1    MAX(MPH)
                                 MISC ---->  # 46  60               # 55  350
================================================================================
NOTES:
# LAST OF SEVERAL OCCURRENCES

COLUMN 17 PEAK WIND IN M.P.H.

PRELIMINARY LOCAL CLIMATOLOGICAL DATA (WS FORM: F-6) , PAGE 2

                                          STATION:  Guadalupe Pass
                                          MONTH:    JUNE
                                          YEAR:     2017
                                          LATITUDE:   31 49 N
                                          LONGITUDE: 104 48 W

[TEMPERATURE DATA]      [PRECIPITATION DATA]       SYMBOLS USED IN COLUMN 16

AVERAGE MONTHLY: 79.0   TOTAL FOR MONTH:   1.28    1 = FOG OR MIST
DPTR FM NORMAL:   2.4   DPTR FM NORMAL:   -0.03    2 = FOG REDUCING VISIBILITY
HIGHEST:   104 ON 22    GRTST 24HR  0.35 ON 22-22      TO 1/4 MILE OR LESS
LOWEST:     55 ON  8, 1                            3 = THUNDER
                        SNOW, ICE PELLETS, HAIL    4 = ICE PELLETS
                        TOTAL MONTH:   0.0 INCH    5 = HAIL
                        GRTST 24HR     0.0         6 = FREEZING RAIN OR DRIZZLE
                        GRTST DEPTH:   0           7 = DUSTSTORM OR SANDSTORM:
                                                       VSBY 1/2 MILE OR LESS
                                                   8 = SMOKE OR HAZE
[NO. OF DAYS WITH]      [WEATHER - DAYS WITH]      9 = BLOWING SNOW
                                                   X = TORNADO
MAX 32 OR BELOW:   0    0.01 INCH OR MORE:   9
MAX 90 OR ABOVE:  14    0.10 INCH OR MORE:   5
MIN 32 OR BELOW:   0    0.50 INCH OR MORE:   0
MIN  0 OR BELOW:   0    1.00 INCH OR MORE:   0

[HDD (BASE 65) ]
TOTAL THIS MO.     0    CLEAR  (SCALE 0-3)  25
DPTR FM NORMAL     0    PTCLDY (SCALE 4-7)   3
TOTAL FM JUL 1  2289    CLOUDY (SCALE 8-10)  0
DPTR FM NORMAL  -995

[CDD (BASE 65) ]
TOTAL THIS MO.   370
DPTR FM NORMAL    47    [PRESSURE DATA]
TOTAL FM JAN 1   645    HIGHEST SLP M ON M
DPTR FM NORMAL    98    LOWEST  SLP 29.52 ON M

[REMARKS]
