000
CXUS51 KPHI 011252
CF6GED
PRELIMINARY LOCAL CLIMATOLOGICAL DATA (WS FORM: F-6)

                                          STATION:   GEORGETOWN DE
                                          MONTH:     AUGUST
                                          YEAR:      2014
                                          LATITUDE:   38 41 N
                                          LONGITUDE:  75 22 W

  TEMPERATURE IN F:       :PCPN:    SNOW:  WIND      :SUNSHINE: SKY     :PK WND
================================================================================
1   2   3   4   5  6A  6B    7    8   9   10  11  12  13   14  15   16   17  18
                                     12Z  AVG MX 2MIN
DY MAX MIN AVG DEP HDD CDD  WTR  SNW DPTH SPD SPD DIR MIN PSBL S-S WX    SPD DR
================================================================================

 1  79  64  72  -5   0   7 0.29    M    M  8.7 20 150   M    M   3 18     25  50
 2  75  63  69  -8   0   4 1.09    M    M 10.2 17  70   M    M  10 1      26  80
 3  79  69  74  -3   0   9 1.43    M    M 11.1 21  80   M    M   9 1      26  60
 4  84  68  76  -1   0  11 0.00    M    M  7.4 16 160   M    M   3 12     18  80
 5  86  66  76  -1   0  11 0.00    M    M  7.3 15  90   M    M   2 12     20  40
 6  85  68  77   0   0  12 0.00    M    M  5.8  9  80   M    M   0 1      16  30
 7  83  65  74  -3   0   9 0.00    M    M  6.9 14  50   M    M   0 18     22  30
 8  82  60  71  -6   0   6 0.00    M    M  6.7 14  70   M    M   0        20  70
 9  84  60  72  -4   0   7 0.00    M    M  8.0 15 160   M    M   0        16 170
10  85  62  74  -2   0   9 0.00    M    M  7.2 15 100   M    M   1 1      20  80
11  83  58  71  -5   0   6 0.00    M    M  8.3 16 160   M    M   1        23  80
12  80  72  76   0   0  11 1.12    M    M 12.0 25 160   M    M   8 13     34 160
13  84  69  77   1   0  12 0.01    M    M  7.1 14 270   M    M   5 1      23 240
14  80  61  71  -5   0   6 0.00    M    M  8.0 18 190   M    M   1        23 220
15  77  60  69  -7   0   4 0.00    M    M  5.7 14 200   M    M   0        18 220
16  83  63  73  -3   0   8    T    M    M  6.3 14 160   M    M   5        21 150
17  86  64  75  -1   0  10 0.00    M    M  7.8 13  80   M    M   3 1      20 230
18  81  64  73  -3   0   8 0.00    M    M  8.9 16 160   M    M   6 1      20  70
19  82  66  74  -2   0   9    T    M    M 10.5 20  90   M    M   5        29 110
20  83  62  73  -2   0   8 0.00    M    M  8.2 17 130   M    M   1        21 120
21  85  64  75   0   0  10 0.21    M    M  8.6 16  90   M    M   5 13     23 120
22  82  67  75   0   0  10 0.09    M    M 12.1 22  70   M    M   7 13     30 110
23  78  65  72  -3   0   7 0.07    M    M 12.3 22 110   M    M   5 1      27 110
24  78  59  69  -6   0   4 0.00    M    M 11.9 25  80   M    M   3        30  80
25  81  56  69  -6   0   4 0.00    M    M  9.5 22  60   M    M   1        28  30
26  84  59  72  -2   0   7 0.00    M    M  7.4 18  80   M    M   0        25  80
27  88  58  73  -1   0   8 0.00    M    M  6.5 15  80   M    M   3 12     19  30
28  84  61  73  -1   0   8 0.00    M    M  6.3 14  40   M    M   0        24  30
29  79  56  68  -6   0   3 0.00    M    M  8.4 17  60   M    M   1        28  60
30  85  58  72  -2   0   7 0.00    M    M  9.1 18 160   M    M   5        22 150
31  93  71  82   9   0  17 0.01    M    M 13.8 22 190   M    M   2 1      30 190
================================================================================
SM 2558 1958         0 252  4.32    M    268.0          M       95
================================================================================
AV 82.5 63.2                               8.6 FASTST   M    M   3    MAX(MPH)
                                 MISC ---->  # 25 160               # 34  160
================================================================================
NOTES:
# LAST OF SEVERAL OCCURRENCES

COLUMN 17 PEAK WIND IN M.P.H.

PRELIMINARY LOCAL CLIMATOLOGICAL DATA (WS FORM: F-6) , PAGE 2

                                          STATION:  GEORGETOWN DE
                                          MONTH:    AUGUST
                                          YEAR:     2014
                                          LATITUDE:   38 41 N
                                          LONGITUDE:  75 22 W

[TEMPERATURE DATA]      [PRECIPITATION DATA]       SYMBOLS USED IN COLUMN 16

AVERAGE MONTHLY: 72.8   TOTAL FOR MONTH:   4.32    1 = FOG OR MIST
DPTR FM NORMAL:  -2.8   DPTR FM NORMAL:    0.79    2 = FOG REDUCING VISIBILITY
HIGHEST:    93 ON 31    GRTST 24HR  1.43 ON  3- 3      TO 1/4 MILE OR LESS
LOWEST:     56 ON 29,25                            3 = THUNDER
                        SNOW, ICE PELLETS, HAIL    4 = ICE PELLETS
                        TOTAL MONTH:    M          5 = HAIL
                        GRTST 24HR    M  ON   M    6 = FREEZING RAIN OR DRIZZLE
                        GRTST DEPTH:  M  ON   M    7 = DUSTSTORM OR SANDSTORM:
                                                       VSBY 1/2 MILE OR LESS
                                                   8 = SMOKE OR HAZE
[NO. OF DAYS WITH]      [WEATHER - DAYS WITH]      9 = BLOWING SNOW
                                                   X = TORNADO
MAX 32 OR BELOW:   0    0.01 INCH OR MORE:   9
MAX 90 OR ABOVE:   1    0.10 INCH OR MORE:   5
MIN 32 OR BELOW:   0    0.50 INCH OR MORE:   3
MIN  0 OR BELOW:   0    1.00 INCH OR MORE:   3

[HDD (BASE 65) ]
TOTAL THIS MO.     0    CLEAR  (SCALE 0-3)  20
DPTR FM NORMAL    -1    PTCLDY (SCALE 4-7)   9
TOTAL FM JUL 1     0    CLOUDY (SCALE 8-10)  2
DPTR FM NORMAL    -1

[CDD (BASE 65) ]
TOTAL THIS MO.   252
DPTR FM NORMAL   -77    [PRESSURE DATA]
TOTAL FM JAN 1   951    HIGHEST SLP 30.26 ON 30
DPTR FM NORMAL   -78    LOWEST  SLP 29.72 ON 13

[REMARKS]
#FINAL-08-14#
