000
CXUS55 KRIW 260945
CF6GEY
PRELIMINARY LOCAL CLIMATOLOGICAL DATA (WS FORM: F-6)

                                          STATION:   GREYBULL WY
                                          MONTH:     FEBRUARY
                                          YEAR:      2017
                                          LATITUDE:   44 30 N
                                          LONGITUDE: 108  4 W

  TEMPERATURE IN F:       :PCPN:    SNOW:  WIND      :SUNSHINE: SKY     :PK WND
================================================================================
1   2   3   4   5  6A  6B    7    8   9   10  11  12  13   14  15   16   17  18
                                     12Z  AVG MX 2MIN
DY MAX MIN AVG DEP HDD CDD  WTR  SNW DPTH SPD SPD DIR MIN PSBL S-S WX    SPD DR
================================================================================

 1  18   8  13  -6  52   0 0.04    M    M 10.4 21 300   M    M  10 1      24 300
 2  12 -15  -1 -20  66   0 0.01    M    M  5.7 18 310   M    M   9 18     21 310
 3   7 -21  -7 -26  72   0 0.00    M    M  2.8 10 270   M    M   3 128    12 260
 4  27   0  14  -5  51   0 0.00    M    M  4.4 10 340   M    M   1         M  M
 5  33   1  17  -3  48   0 0.00    M    M  2.2 12 350   M    M   0 1      12 350
 6  44  18  31  11  34   0 0.00    M    M  6.9 30 320   M    M   3        35 320
 7  26   7  17  -3  48   0 0.02    M    M 11.1 32 320   M    M   8 18     37 320
 8  18   3  11 -10  54   0 0.02    M    M  4.1 16 310   M    M   6 1       M  M
 9  28   9  19  -2  46   0 0.00    M    M  3.2 13 280   M    M   1 8      15 280
10  42  21  32  11  33   0 0.00    M    M  3.5 14 290   M    M   1        18 300
11  40  16  28   6  37   0    T    M    M  6.9 31 340   M    M   2 12     37 350
12  33   0  17  -5  48   0 0.00  0.0    M  2.7 10 320   M    M   0        11 320
13  35   5  20  -3  45   0 0.00  0.0    M  2.9  8 320   M    M   0 1       9 330
14  33   6  20  -3  45   0 0.00  0.0    M  2.6  8 320   M    M   4 12      9 320
15  36   5  21  -3  44   0 0.00  0.0    M  3.4  9 330   M    M   2 12     10 120
16  43  10  27   3  38   0 0.00  0.0    M  4.3 12 310   M    M   2 128    13 120
17  49  30  40  16  25   0 0.00  0.0    M  6.6 32 280   M    M   1 18     40 290
18  52  34  43  18  22   0 0.00  0.0    M  4.4 15 140   M    M   4        20 120
19  52  35  44  19  21   0 0.00  0.0    M  6.0 25 300   M    M   3        32 290
20  54  28  41  15  24   0 0.00  0.0    M  7.3 20 130   M    M   0        24 140
21  56  33  45  19  20   0 0.00  0.0    M  6.3 20 140   M    M   3        24 140
22  46  31  39  12  26   0 0.00  0.0    M  8.7 23 320   M    M   1        28 320
23  32  26  29   2  36   0    T    M    M 13.9 23 330   M    M   6 1      28 330
24  30  21  26  -2  39   0 0.01    M    M  3.5 10 290   M    M  10 18     12 290
25  34  21  28   0  37   0 0.00    M    M  8.1 18 280   M    M   5        24 280
================================================================================
SM  880  332      1011   0  0.10     0.0 141.9          M       85
================================================================================
AV 35.2 13.3                               5.7 FASTST   M    M   3    MAX(MPH)
                                 MISC ---->  # 32 320               # 40  290
================================================================================
NOTES:
# LAST OF SEVERAL OCCURRENCES

COLUMN 17 PEAK WIND IN M.P.H.

PRELIMINARY LOCAL CLIMATOLOGICAL DATA (WS FORM: F-6) , PAGE 2

                                          STATION:  GREYBULL WY
                                          MONTH:    FEBRUARY
                                          YEAR:     2017
                                          LATITUDE:   44 30 N
                                          LONGITUDE: 108  4 W

[TEMPERATURE DATA]      [PRECIPITATION DATA]       SYMBOLS USED IN COLUMN 16

AVERAGE MONTHLY: 24.2   TOTAL FOR MONTH:   0.10    1 = FOG OR MIST
DPTR FM NORMAL:   1.3   DPTR FM NORMAL:   -0.06    2 = FOG REDUCING VISIBILITY
HIGHEST:    56 ON 21    GRTST 24HR  0.04 ON  1- 1      TO 1/4 MILE OR LESS
LOWEST:    -21 ON  3                               3 = THUNDER
                        SNOW, ICE PELLETS, HAIL    4 = ICE PELLETS
                        TOTAL MONTH:   0.0 INCH    5 = HAIL
                        GRTST 24HR     0.0         6 = FREEZING RAIN OR DRIZZLE
                        GRTST DEPTH:  M  ON   M    7 = DUSTSTORM OR SANDSTORM:
                                                       VSBY 1/2 MILE OR LESS
                                                   8 = SMOKE OR HAZE
[NO. OF DAYS WITH]      [WEATHER - DAYS WITH]      9 = BLOWING SNOW
                                                   X = TORNADO
MAX 32 OR BELOW:   9    0.01 INCH OR MORE:   5
MAX 90 OR ABOVE:   0    0.10 INCH OR MORE:   0
MIN 32 OR BELOW:  22    0.50 INCH OR MORE:   0
MIN  0 OR BELOW:   4    1.00 INCH OR MORE:   0

[HDD (BASE 65) ]
TOTAL THIS MO.  1011    CLEAR  (SCALE 0-3)  15
DPTR FM NORMAL   -42    PTCLDY (SCALE 4-7)   6
TOTAL FM JUL 1  5929    CLOUDY (SCALE 8-10)  4
DPTR FM NORMAL    62

[CDD (BASE 65) ]
TOTAL THIS MO.     0
DPTR FM NORMAL     0    [PRESSURE DATA]
TOTAL FM JAN 1     0    HIGHEST SLP M ON M
DPTR FM NORMAL     0    LOWEST  SLP 29.47 ON 19

[REMARKS]
