000
CXUS55 KRIW 270901
CF6GEY
PRELIMINARY LOCAL CLIMATOLOGICAL DATA (WS FORM: F-6)

                                          STATION:   GREYBULL WY
                                          MONTH:     JANUARY
                                          YEAR:      2015
                                          LATITUDE:   44 30 N
                                          LONGITUDE: 108  4 W

  TEMPERATURE IN F:       :PCPN:    SNOW:  WIND      :SUNSHINE: SKY     :PK WND
================================================================================
1   2   3   4   5  6A  6B    7    8   9   10  11  12  13   14  15   16   17  18
                                     12Z  AVG MX 2MIN
DY MAX MIN AVG DEP HDD CDD  WTR  SNW DPTH SPD SPD DIR MIN PSBL S-S WX    SPD DR
================================================================================

 1  13 -14   0 -16  65   0 0.00  0.0    M  1.4  7 340   M    M   6         7 330
 2  20   0  10  -6  55   0 0.00  0.0    M  1.6 10 330   M    M   4        12 330
 3  22   0  11  -5  54   0    T    M    M 10.3 39 340   M    M   6 189    46 350
 4  11   0   6 -10  59   0    T    M    M  3.7 10 300   M    M   8 18     12 300
 5  22   5  14  -2  51   0    T    M    M  3.6 20  90   M    M   9 1      23  90
 6  28   8  18   2  47   0 0.00  0.0    M  9.7 35 310   M    M   7        40 310
 7  18   9  14  -2  51   0 0.00  0.0    M  4.9 17 300   M    M   5        21 300
 8  27   5  16   0  49   0 0.00  0.0    M 11.7 37 310   M    M   5        45 310
 9  16  -7   5 -11  60   0 0.00  0.0    M  2.6  8 170   M    M   0 1      10 120
10  22   5  14  -2  51   0 0.00  0.0    M  1.2  7 330   M    M   1         7 300
11  28  13  21   5  44   0 0.01    M    M  4.3 13 300   M    M   9 18     16 310
12  25   5  15  -1  50   0    T    M    M  2.2  8 130   M    M   6 12     10 100
13  19   3  11  -5  54   0 0.00  0.0    M  1.8  8 300   M    M   8 12      9 300
14  16  -2   7 -10  58   0    T    M    M  2.4  9 310   M    M   5 12     10 320
15  19  -5   7 -10  58   0 0.00  0.0    M  2.4  8 180   M    M   1         9 350
16  31   5  18   1  47   0 0.00  0.0    M  3.7 15 200   M    M   2        17 180
17  32   2  17   0  48   0 0.00  0.0    M  3.1 12 290   M    M   1 1      16 240
18  37  17  27  10  38   0 0.00  0.0    M  4.3 13 200   M    M   3        15 160
19  38  11  25   8  40   0 0.00  0.0    M  4.0 10 170   M    M   3        17 250
20  35  15  25   8  40   0    T    M    M  4.2 10 240   M    M   7 8      13 230
21  27   7  17   0  48   0 0.00  0.0    M  3.2  8 130   M    M   3        11 110
22  28  -3  13  -4  52   0 0.00  0.0    M  1.7  8 100   M    M   0         9 100
23  31   7  19   2  46   0 0.00  0.0    M  2.0  8 300   M    M   3         9 290
24  34  10  22   5  43   0    T    M    M  3.2 10  90   M    M   4 1      12 100
25  38  13  26   9  39   0 0.00  0.0    M  2.4  9 250   M    M   2 1       9 250
26  41  13  27   9  38   0 0.00  0.0    M  3.0  8 320   M    M   0         8 330
================================================================================
SM  678  122      1285   0  0.01     0.0  98.6          M      108
================================================================================
AV 26.1  4.7                               3.8 FASTST   M    M   4    MAX(MPH)
                                 MISC ---->  # 39 340               # 46  350
================================================================================
NOTES:
# LAST OF SEVERAL OCCURRENCES

COLUMN 17 PEAK WIND IN M.P.H.

PRELIMINARY LOCAL CLIMATOLOGICAL DATA (WS FORM: F-6) , PAGE 2

                                          STATION:  GREYBULL WY
                                          MONTH:    JANUARY
                                          YEAR:     2015
                                          LATITUDE:   44 30 N
                                          LONGITUDE: 108  4 W

[TEMPERATURE DATA]      [PRECIPITATION DATA]       SYMBOLS USED IN COLUMN 16

AVERAGE MONTHLY: 15.4   TOTAL FOR MONTH:   0.01    1 = FOG OR MIST
DPTR FM NORMAL:  -1.2   DPTR FM NORMAL:   -0.18    2 = FOG REDUCING VISIBILITY
HIGHEST:    41 ON 26    GRTST 24HR  0.01 ON 11-11      TO 1/4 MILE OR LESS
LOWEST:    -14 ON  1                               3 = THUNDER
                        SNOW, ICE PELLETS, HAIL    4 = ICE PELLETS
                        TOTAL MONTH:   0.0 INCH    5 = HAIL
                        GRTST 24HR     0.0         6 = FREEZING RAIN OR DRIZZLE
                        GRTST DEPTH:  M  ON   M    7 = DUSTSTORM OR SANDSTORM:
                                                       VSBY 1/2 MILE OR LESS
                                                   8 = SMOKE OR HAZE
[NO. OF DAYS WITH]      [WEATHER - DAYS WITH]      9 = BLOWING SNOW
                                                   X = TORNADO
MAX 32 OR BELOW:  20    0.01 INCH OR MORE:   1
MAX 90 OR ABOVE:   0    0.10 INCH OR MORE:   0
MIN 32 OR BELOW:  26    0.50 INCH OR MORE:   0
MIN  0 OR BELOW:   8    1.00 INCH OR MORE:   0

[HDD (BASE 65) ]
TOTAL THIS MO.  1285    CLEAR  (SCALE 0-3)  12
DPTR FM NORMAL    27    PTCLDY (SCALE 4-7)  11
TOTAL FM JUL 1  4560    CLOUDY (SCALE 8-10)  3
DPTR FM NORMAL   -21

[CDD (BASE 65) ]
TOTAL THIS MO.     0
DPTR FM NORMAL     0    [PRESSURE DATA]
TOTAL FM JAN 1     0    HIGHEST SLP M ON M
DPTR FM NORMAL     0    LOWEST  SLP 29.91 ON  3

[REMARKS]
