000
CXUS53 KIND 010730
CF6GEZ
PRELIMINARY LOCAL CLIMATOLOGICAL DATA (WS FORM: F-6)

                                          STATION:   SHELBYVILLE IN
                                          MONTH:     FEBRUARY
                                          YEAR:      2015
                                          LATITUDE:   39 35 N
                                          LONGITUDE:  85 48 W

  TEMPERATURE IN F:       :PCPN:    SNOW:  WIND      :SUNSHINE: SKY     :PK WND
================================================================================
1   2   3   4   5  6A  6B    7    8   9   10  11  12  13   14  15   16   17  18
                                     12Z  AVG MX 2MIN
DY MAX MIN AVG DEP HDD CDD  WTR  SNW DPTH SPD SPD DIR MIN PSBL S-S WX    SPD DR
================================================================================

 1  42  33  38   9  27   0 0.39    M    M  9.2 17 270   M    M  10 16     22 270
 2  36  18  27  -2  38   0    T    M    M 13.8 24 340   M    M   7 18     29 320
 3  37  19  28  -1  37   0 0.00    M    M 10.8 18 190   M    M   3        26 200
 4  45  19  32   2  33   0 0.02    M    M 13.2 24 340   M    M   6 168    29 330
 5  23   6  15 -15  50   0 0.00    M    M  6.3 18 340   M    M   0        23 330
 6  35  12  24  -6  41   0 0.00    M    M  8.6 13 170   M    M   4        16 210
 7  55  29  42  12  23   0 0.00    M    M 11.8 20 190   M    M   0        24 180
 8  58  41  50  20  15   0 0.01    M    M 11.5 22 210   M    M   5 18     27 210
 9  41  28  35   5  30   0 0.00    M    M 12.2 18 360   M    M  10 128    23 360
10  37  21  29  -1  36   0 0.00    M    M  7.3 16 350   M    M   4 8      19 360
11  41  24  33   3  32   0    T    M    M 10.7 22 290   M    M   8 18     28 280
12  30  17  24  -7  41   0    T    M    M 15.8 28 330   M    M  10        32 330
13  32  11  22  -9  43   0 0.00    M    M  8.4 20 230   M    M   3        22 230
14  32   9  21 -10  44   0    T    M    M 20.5 39 300   M    M   8        47 300
15  21   5  13 -18  52   0 0.00    M    M  9.4 18 310   M    M   2        24 360
16  16   3  10 -22  55   0 0.05    M    M  8.6 14  60   M    M   8 8      17 100
17  27  -4  12 -20  53   0 0.01    M    M  8.1 18 220   M    M   6 18     21 220
18  20   2  11 -21  54   0 0.04    M    M 14.7 28 290   M    M   6 18     33 290
19   9  -5   2 -30  63   0 0.00    M    M  9.5 21 270   M    M   2        24 310
20  21 -13   4 -29  61   0    T    M    M 10.7 21 160   M    M   6        25 150
21  34  16  25  -8  40   0 0.46    M    M  5.0 16 340   M    M   7 18     18 340
22  33  13  23 -10  42   0 0.00    M    M  7.2 17 310   M    M   8 128    19 320
23  17  -6   6 -28  59   0 0.00    M    M  4.6 14 350   M    M   0        17 350
24  27 -15   6 -28  59   0 0.00    M    M 10.5 21 250   M    M   2        24 250
25  34  10  22 -12  43   0 0.00    M    M  6.4 15  50   M    M   2 18     19  50
26  25   7  16 -19  49   0    T    M    M  9.6 17 340   M    M   9 8      20 360
27  21  -7   7 -28  58   0 0.00    M    M  3.4 13 250   M    M   1 18     15 270
28  27   0  14 -21  51   0 0.12    M    M  6.9 13 120   M    M   6 1      15 110
================================================================================
SM  876  293      1229   0  1.10    M    274.7          M      143
================================================================================
AV 31.3 10.5                               9.8 FASTST   M    M   5    MAX(MPH)
                                 MISC ---->  # 39 300               # 47  300
================================================================================
NOTES:
# LAST OF SEVERAL OCCURRENCES

COLUMN 17 PEAK WIND IN M.P.H.

PRELIMINARY LOCAL CLIMATOLOGICAL DATA (WS FORM: F-6) , PAGE 2

                                          STATION:  SHELBYVILLE IN
                                          MONTH:    FEBRUARY
                                          YEAR:     2015
                                          LATITUDE:   39 35 N
                                          LONGITUDE:  85 48 W

[TEMPERATURE DATA]      [PRECIPITATION DATA]       SYMBOLS USED IN COLUMN 16

AVERAGE MONTHLY: 20.9   TOTAL FOR MONTH:   1.10    1 = FOG OR MIST
DPTR FM NORMAL: -10.8   DPTR FM NORMAL:   -1.26    2 = FOG REDUCING VISIBILITY
HIGHEST:    58 ON  8    GRTST 24HR  0.46 ON 20-21      TO 1/4 MILE OR LESS
LOWEST:    -15 ON 24                               3 = THUNDER
                        SNOW, ICE PELLETS, HAIL    4 = ICE PELLETS
                        TOTAL MONTH:    M          5 = HAIL
                        GRTST 24HR    M  ON   M    6 = FREEZING RAIN OR DRIZZLE
                        GRTST DEPTH:  M  ON   M    7 = DUSTSTORM OR SANDSTORM:
                                                       VSBY 1/2 MILE OR LESS
                                                   8 = SMOKE OR HAZE
[NO. OF DAYS WITH]      [WEATHER - DAYS WITH]      9 = BLOWING SNOW
                                                   X = TORNADO
MAX 32 OR BELOW:  15    0.01 INCH OR MORE:   8
MAX 90 OR ABOVE:   0    0.10 INCH OR MORE:   3
MIN 32 OR BELOW:  26    0.50 INCH OR MORE:   0
MIN  0 OR BELOW:   7    1.00 INCH OR MORE:   0

[HDD (BASE 65) ]
TOTAL THIS MO.  1229    CLEAR  (SCALE 0-3)   9
DPTR FM NORMAL   295    PTCLDY (SCALE 4-7)  14
TOTAL FM JUL 1  4441    CLOUDY (SCALE 8-10)  5
DPTR FM NORMAL   278

[CDD (BASE 65) ]
TOTAL THIS MO.     0
DPTR FM NORMAL     0    [PRESSURE DATA]
TOTAL FM JAN 1     0    HIGHEST SLP 30.77 ON 28
DPTR FM NORMAL     0    LOWEST  SLP 29.56 ON  1

[REMARKS]
#FINAL-02-15#
