000
CXUS53 KFGF 280915
CF6GFK
PRELIMINARY LOCAL CLIMATOLOGICAL DATA (WS FORM: F-6)

                                          STATION:   GRAND FORKS INTL AP ND
                                          MONTH:     MARCH
                                          YEAR:      2015
                                          LATITUDE:   47 57 N
                                          LONGITUDE:  97 11 W

  TEMPERATURE IN F:       :PCPN:    SNOW:  WIND      :SUNSHINE: SKY     :PK WND
================================================================================
1   2   3   4   5  6A  6B    7    8   9   10  11  12  13   14  15   16   17  18
                                     12Z  AVG MX 2MIN
DY MAX MIN AVG DEP HDD CDD  WTR  SNW DPTH SPD SPD DIR MIN PSBL S-S WX    SPD DR
================================================================================

 1  22  -3  10  -8  55   0    T    T    3  9.4 17 340   M    M   4        23 310
 2  30  -6  12  -6  53   0 0.00  0.0    3 13.6 30 180   M    M   3        39 180
 3  25  -2  12  -6  53   0    T    T    2 18.7 30 320   M    M   7 8      37 300
 4   4 -14  -5 -24  70   0 0.00  0.0    2 11.2 23 320   M    M   3        30 320
 5  25 -15   5 -14  60   0 0.00  0.0    2 13.6 26 180   M    M   1        31 190
 6  39   7  23   3  42   0    T    T    2  8.7 15 310   M    M   5        20 240
 7  39  24  32  12  33   0 0.00  0.0    1  9.2 24 360   M    M   6        29 360
 8  48  24  36  15  29   0 0.00  0.0    T  9.9 20 270   M    M   4        25 270
 9  58  22  40  19  25   0 0.00  0.0    0  9.5 26 230   M    M   2        33 230
10  53  27  40  18  25   0 0.00  0.0    0 11.7 24 310   M    M   2        30 300
11  56  29  43  21  22   0 0.00  0.0    0  8.7 21 150   M    M   6        25 150
12  59  33  46  23  19   0 0.00  0.0    0  5.8 14 180   M    M   6        16 180
13  50  32  41  18  24   0 0.00  0.0    0 12.6 25 330   M    M   2 1      30 320
14  65  24  45  21  20   0 0.00  0.0    0 10.6 20 160   M    M   4        29 150
15  70  45  58  34   7   0    T  0.0    0 12.9 26 290   M    M   7        32 310
16  47  19  33   8  32   0 0.01    T    0 13.7 29  20   M    M   7 1      36 350
17  47  18  33   7  32   0 0.00  0.0    0  9.1 22 300   M    M   2        30 290
18  47  22  35   9  30   0 0.00  0.0    0  5.3 15 220   M    M   7        21 200
19  48  31  40  13  25   0 0.04  0.8    1  7.6 12 250   M    M   8 1      15 250
20  34  19  27   0  38   0 0.08  1.1    0 11.2 17  10   M    M   7 12      M  M
21  22   7  15 -13  50   0 0.00  0.0    1  6.7 13  40   M    M   9        15  30
22  35  22  29   1  36   0 0.00  0.0    1  6.7 16  90   M    M   9        20  90
23  36  31  34   5  31   0    T    T    T 12.0 20 190   M    M  10 1      24 190
24  42  32  37   8  28   0    T  0.0    0 20.4 31 150   M    M  10 1      40 160
25  41  22  32   2  33   0 0.05  0.2    T 21.9 37 320   M    M   9 1      47 330
26  33  15  24  -6  41   0    T    T    0 10.4 24 350   M    M   4 1      29 350
27  35  12  24  -7  41   0    T    T    0  9.0 20 140   M    M   7        22 150
================================================================================
SM 1110  477       954   0  0.18     2.1 300.1          M      151
================================================================================
AV 41.1 17.7                              11.1 FASTST   M    M   6    MAX(MPH)
                                 MISC ---->  # 37 320               # 47  330
================================================================================
NOTES:
# LAST OF SEVERAL OCCURRENCES

COLUMN 17 PEAK WIND IN M.P.H.

PRELIMINARY LOCAL CLIMATOLOGICAL DATA (WS FORM: F-6) , PAGE 2

                                          STATION:  GRAND FORKS INTL AP ND
                                          MONTH:    MARCH
                                          YEAR:     2015
                                          LATITUDE:   47 57 N
                                          LONGITUDE:  97 11 W

[TEMPERATURE DATA]      [PRECIPITATION DATA]       SYMBOLS USED IN COLUMN 16

AVERAGE MONTHLY: 29.4   TOTAL FOR MONTH:   0.18    1 = FOG OR MIST
DPTR FM NORMAL:   5.4   DPTR FM NORMAL:   -0.65    2 = FOG REDUCING VISIBILITY
HIGHEST:    70 ON 15    GRTST 24HR  0.08 ON 20-20      TO 1/4 MILE OR LESS
LOWEST:    -15 ON  5                               3 = THUNDER
                        SNOW, ICE PELLETS, HAIL    4 = ICE PELLETS
                        TOTAL MONTH:   2.1 INCHES  5 = HAIL
                        GRTST 24HR   1.1 ON   M    6 = FREEZING RAIN OR DRIZZLE
                        GRTST DEPTH:   3 ON  2, 1  7 = DUSTSTORM OR SANDSTORM:
                                                       VSBY 1/2 MILE OR LESS
                                                   8 = SMOKE OR HAZE
[NO. OF DAYS WITH]      [WEATHER - DAYS WITH]      9 = BLOWING SNOW
                                                   X = TORNADO
MAX 32 OR BELOW:   6    0.01 INCH OR MORE:   4
MAX 90 OR ABOVE:   0    0.10 INCH OR MORE:   0
MIN 32 OR BELOW:  25    0.50 INCH OR MORE:   0
MIN  0 OR BELOW:   5    1.00 INCH OR MORE:   0

[HDD (BASE 65) ]
TOTAL THIS MO.   954    CLEAR  (SCALE 0-3)   7
DPTR FM NORMAL  -153    PTCLDY (SCALE 4-7)  15
TOTAL FM JUL 1  7871    CLOUDY (SCALE 8-10)  5
DPTR FM NORMAL  -386

[CDD (BASE 65) ]
TOTAL THIS MO.     0
DPTR FM NORMAL     0    [PRESSURE DATA]
TOTAL FM JAN 1     0    HIGHEST SLP M ON M
DPTR FM NORMAL     0    LOWEST  SLP 29.57 ON 25

[REMARKS]
