000
CXUS55 KALY 310710
CF6GFL
PRELIMINARY LOCAL CLIMATOLOGICAL DATA (WS FORM: F-6)

                                          STATION:   GLENS FALLS NY
                                          MONTH:     AUGUST
                                          YEAR:      2015
                                          LATITUDE:   43 20 N
                                          LONGITUDE:  73 37 W

  TEMPERATURE IN F:       :PCPN:    SNOW:  WIND      :SUNSHINE: SKY     :PK WND
================================================================================
1   2   3   4   5  6A  6B    7    8   9   10  11  12  13   14  15   16   17  18
                                     12Z  AVG MX 2MIN
DY MAX MIN AVG DEP HDD CDD  WTR  SNW DPTH SPD SPD DIR MIN PSBL S-S WX    SPD DR
================================================================================

 1  82  58  70   1   0   5    T    M    M  6.1 17 250   M    M   2        24 220
 2  83  54  69   0   0   4 0.00    M    M  5.6 17 200   M    M   1        23 210
 3  86  60  73   4   0   8 0.09    M    M  6.2 18 170   M    M   2 1      26 180
 4  84  63  74   5   0   9 0.00    M    M  5.6 17 300   M    M   4 1      23 300
 5  80  59  70   2   0   5 0.00    M    M  7.1 18 300   M    M   3        24 290
 6  78  52  65  -3   0   0 0.00    M    M  2.2 14 150   M    M   5        17 150
 7  77  51  64  -4   1   0 0.00    M    M  3.6 12  20   M    M   2        14  20
 8  79  56  68   0   0   3 0.00    M    M  4.6 14  50   M    M   3        17  50
 9  83  55  69   1   0   4 0.00    M    M  2.2  9  20   M    M   1        12  40
10  83  56  70   2   0   5    T    M    M  7.5 21 180   M    M   4 1      29 190
11  77  64  71   3   0   6 0.79    M    M  4.6 13 160   M    M   9 1      17 190
12  79  60  70   2   0   5 0.14    M    M  3.7 18 340   M    M   5 12     23 350
13  75  55  65  -3   0   0 0.04    M    M  2.5 13 360   M    M   5 1      15 180
14  84  55  70   2   0   5 0.00    M    M  6.3 17 210   M    M   4 12     24 170
15  86  64  75   8   0  10 0.37    M    M  5.4 30  30   M    M   6 13     39  30
16  84  65  75   8   0  10 0.00    M    M  2.0  9 160   M    M   5 128    11 160
17  89  62  76   9   0  11 0.00    M    M  3.5 12 210   M    M   3 12      M  M
18  89  64  77  10   0  12 0.00    M    M  3.1 12 160   M    M   1 1      15 130
19  86  67  77  10   0  12 0.00    M    M  5.5 15 200   M    M   4 1      22 210
20  89  70  80  13   0  15 0.03    M    M  9.1 22 160   M    M   7 1      29 160
21  81  60  71   5   0   6 0.31    M    M  3.6 17 290   M    M   5 1      20 300
22  81  60  71   5   0   6 0.00    M    M  3.7 12 340   M    M   4        14 360
23  83  55  69   3   0   4 0.00  0.0    0  2.6 12  50   M    M   3 1      15  50
24  83  65  74   8   0   9 0.00  0.0    0  4.7 14 150   M    M   4        18 150
25  82  68  75   9   0  10 0.00  0.0    0  5.9 14 140   M    M   3 3      17 310
26  77  59  68   3   0   3 0.00  0.0    0  3.6 14 310   M    M   7        16 310
27  75  55  65   0   0   0    T    M    M  3.4 12 290   M    M   7        17 280
28  77  50  64  -1   1   0 0.00    M    M  3.0 12 170   M    M   1        15 160
29  81  49  65   0   0   0 0.00    M    M  4.0 15 200   M    M   1 1      20 210
30  80  60  70   6   0   5 0.00    M    M  2.3 10 170   M    M   6 1      16 190
================================================================================
SM 2453 1771         2 172  1.77     0.0 133.2          M      117
================================================================================
AV 81.8 59.0                               4.4 FASTST   M    M   4    MAX(MPH)
                                 MISC ---->  # 30  30               # 39   30
================================================================================
NOTES:
# LAST OF SEVERAL OCCURRENCES

COLUMN 17 PEAK WIND IN M.P.H.

PRELIMINARY LOCAL CLIMATOLOGICAL DATA (WS FORM: F-6) , PAGE 2

                                          STATION:  GLENS FALLS NY
                                          MONTH:    AUGUST
                                          YEAR:     2015
                                          LATITUDE:   43 20 N
                                          LONGITUDE:  73 37 W

[TEMPERATURE DATA]      [PRECIPITATION DATA]       SYMBOLS USED IN COLUMN 16

AVERAGE MONTHLY: 70.4   TOTAL FOR MONTH:   1.77    1 = FOG OR MIST
DPTR FM NORMAL:   3.3   DPTR FM NORMAL:   -1.81    2 = FOG REDUCING VISIBILITY
HIGHEST:    89 ON 20,18 GRTST 24HR  0.79 ON 11-11      TO 1/4 MILE OR LESS
LOWEST:     49 ON 29                               3 = THUNDER
                        SNOW, ICE PELLETS, HAIL    4 = ICE PELLETS
                        TOTAL MONTH:   0.0 INCH    5 = HAIL
                        GRTST 24HR     0.0         6 = FREEZING RAIN OR DRIZZLE
                        GRTST DEPTH:   0           7 = DUSTSTORM OR SANDSTORM:
                                                       VSBY 1/2 MILE OR LESS
                                                   8 = SMOKE OR HAZE
[NO. OF DAYS WITH]      [WEATHER - DAYS WITH]      9 = BLOWING SNOW
                                                   X = TORNADO
MAX 32 OR BELOW:   0    0.01 INCH OR MORE:   7
MAX 90 OR ABOVE:   0    0.10 INCH OR MORE:   4
MIN 32 OR BELOW:   0    0.50 INCH OR MORE:   1
MIN  0 OR BELOW:   0    1.00 INCH OR MORE:   0

[HDD (BASE 65) ]
TOTAL THIS MO.     2    CLEAR  (SCALE 0-3)  10
DPTR FM NORMAL   -40    PTCLDY (SCALE 4-7)  19
TOTAL FM JUL 1    13    CLOUDY (SCALE 8-10)  1
DPTR FM NORMAL   -50

[CDD (BASE 65) ]
TOTAL THIS MO.   172
DPTR FM NORMAL    70    [PRESSURE DATA]
TOTAL FM JAN 1   491    HIGHEST SLP M ON M
DPTR FM NORMAL   169    LOWEST  SLP 29.69 ON  3

[REMARKS]
