000
CXUS54 KSHV 251300
CF6GGG
PRELIMINARY LOCAL CLIMATOLOGICAL DATA (WS FORM: F-6)

                                          STATION:   LONGVIEW
                                          MONTH:     OCTOBER
                                          YEAR:      2014
                                          LATITUDE:   32 22 N
                                          LONGITUDE:  94 43 W

  TEMPERATURE IN F:       :PCPN:    SNOW:  WIND      :SUNSHINE: SKY     :PK WND
================================================================================
1   2   3   4   5  6A  6B    7    8   9   10  11  12  13   14  15   16   17  18
                                     12Z  AVG MX 2MIN
DY MAX MIN AVG DEP HDD CDD  WTR  SNW DPTH SPD SPD DIR MIN PSBL S-S WX    SPD DR
================================================================================

 1  92  71  82  11   0  17 0.00  0.0    0  7.8 15 160   M    M   4 1      23 150
 2  95  69  82  12   0  17 1.59  0.0    0 10.6 33 320   M    M   5 13     42 330
 3  81  58  70   0   0   5    T  0.0    0  9.7 18 340   M    M   0        27 320
 4  77  46  62  -8   3   0 0.00  0.0    0  3.6 10 320   M    M   0        12 350
 5  83  55  69   0   0   4 0.00  0.0    0  9.4 21 210   M    M   1        26 200
 6  83  62  73   4   0   8 0.49  0.0    0  5.8 36 320   M    M   3 13     47 310
 7  89  64  77   8   0  12 0.00  0.0    0  8.3 15 180   M    M   3 12     19 210
 8  87  72  80  12   0  15 0.00  0.0    0  7.0 14 180   M    M   4        18 210
 9  89  68  79  11   0  14 0.00  0.0    0  6.4 14 210   M    M   3 1      18 190
10  89  71  80  12   0  15    T  0.0    0  9.2 17 200   M    M   5 1      20 200
11  77  62  70   3   0   5 0.83  0.0    0  8.4 21 340   M    M   7 13     26 350
12  72  60  66  -1   0   1 0.90  0.0    0  4.7 17 310   M    M   9 13     21 310
13  77  57  67   0   0   2 1.45  0.0    0 12.8 26 180   M    M   9 13     35 180
14  74  50  62  -4   3   0 0.00  0.0    0 10.4 25 300   M    M   0        33 300
15  80  48  64  -2   1   0 0.00  0.0    0  3.5 13 310   M    M   0        16 310
16  86  50  68   2   0   3 0.00  0.0    0  6.7 16 190   M    M   0 1      21 180
17  85  58  72   6   0   7 0.00  0.0    0  6.9 17 220   M    M   0        22 220
18  80  58  69   4   0   4 0.00  0.0    0  5.8 15  70   M    M   2 1      18  70
19  75  53  64  -1   1   0 0.00  0.0    0  2.9 13 110   M    M   0        18  90
20  80  50  65   0   0   0 0.00  0.0    0  1.5  8 350   M    M   0        10 340
21  81  54  68   3   0   3 0.00  0.0    0  1.3  8  80   M    M   0 1      11  70
22  79  57  68   4   0   3 0.00  0.0    0  5.0 14  90   M    M   0 18     19 110
23  75  54  65   1   0   0 0.00  0.0    0  2.7  8  70   M    M   1        11  30
24  80  50  65   1   0   0 0.00  0.0    0  2.1  6 170   M    M   0         8 100
================================================================================
SM 1966 1397         8 135  5.26     0.0 152.5          M       56
================================================================================
AV 81.9 58.2                               6.4 FASTST   M    M   2    MAX(MPH)
                                 MISC ---->  # 36 320               # 47  310
================================================================================
NOTES:
# LAST OF SEVERAL OCCURRENCES

COLUMN 17 PEAK WIND IN M.P.H.

PRELIMINARY LOCAL CLIMATOLOGICAL DATA (WS FORM: F-6) , PAGE 2

                                          STATION:  LONGVIEW
                                          MONTH:    OCTOBER
                                          YEAR:     2014
                                          LATITUDE:   32 22 N
                                          LONGITUDE:  94 43 W

[TEMPERATURE DATA]      [PRECIPITATION DATA]       SYMBOLS USED IN COLUMN 16

AVERAGE MONTHLY: 70.1   TOTAL FOR MONTH:   5.26    1 = FOG OR MIST
DPTR FM NORMAL:   3.0   DPTR FM NORMAL:    1.60    2 = FOG REDUCING VISIBILITY
HIGHEST:    95 ON  2    GRTST 24HR  2.34 ON 12-13      TO 1/4 MILE OR LESS
LOWEST:     46 ON  4                               3 = THUNDER
                        SNOW, ICE PELLETS, HAIL    4 = ICE PELLETS
                        TOTAL MONTH:   0.0 INCH    5 = HAIL
                        GRTST 24HR     0.0         6 = FREEZING RAIN OR DRIZZLE
                        GRTST DEPTH:   0           7 = DUSTSTORM OR SANDSTORM:
                                                       VSBY 1/2 MILE OR LESS
                                                   8 = SMOKE OR HAZE
[NO. OF DAYS WITH]      [WEATHER - DAYS WITH]      9 = BLOWING SNOW
                                                   X = TORNADO
MAX 32 OR BELOW:   0    0.01 INCH OR MORE:   5
MAX 90 OR ABOVE:   2    0.10 INCH OR MORE:   5
MIN 32 OR BELOW:   0    0.50 INCH OR MORE:   4
MIN  0 OR BELOW:   0    1.00 INCH OR MORE:   2

[HDD (BASE 65) ]
TOTAL THIS MO.     8    CLEAR  (SCALE 0-3)  17
DPTR FM NORMAL   -42    PTCLDY (SCALE 4-7)   5
TOTAL FM JUL 1     8    CLOUDY (SCALE 8-10)  2
DPTR FM NORMAL   -48

[CDD (BASE 65) ]
TOTAL THIS MO.   135
DPTR FM NORMAL    36    [PRESSURE DATA]
TOTAL FM JAN 1  2415    HIGHEST SLP M ON M
DPTR FM NORMAL    37    LOWEST  SLP 29.65 ON 13

[REMARKS]
