000
CXUS54 KSHV 201300
CF6GGG
PRELIMINARY LOCAL CLIMATOLOGICAL DATA (WS FORM: F-6)

                                          STATION:   LONGVIEW
                                          MONTH:     FEBRUARY
                                          YEAR:      2017
                                          LATITUDE:   32 22 N
                                          LONGITUDE:  94 43 W

  TEMPERATURE IN F:       :PCPN:    SNOW:  WIND      :SUNSHINE: SKY     :PK WND
================================================================================
1   2   3   4   5  6A  6B    7    8   9   10  11  12  13   14  15   16   17  18
                                     12Z  AVG MX 2MIN
DY MAX MIN AVG DEP HDD CDD  WTR  SNW DPTH SPD SPD DIR MIN PSBL S-S WX    SPD DR
================================================================================

 1  76  56  66  19   0   1 0.00  0.0    0 10.8 22 200   M    M   4        31 220
 2  65  44  55   7  10   0    T  0.0    0  7.9 15 330   M    M   9 1      19 290
 3  56  40  48   0  17   0 0.00  0.0    0  8.3 16 350   M    M   4        21  50
 4  52  40  46  -2  19   0    T  0.0    0  7.7 14 140   M    M  10        19 100
 5  60  49  55   7  10   0 0.08    M    0  3.2  8 130   M    M  10 12     14 110
 6  76  59  68  20   0   3    T  0.0    0 12.5 24 190   M    M  10 1      33 190
 7  82  52  67  19   0   2 0.00  0.0    0 13.2 23 190   M    M   3        32 270
 8  81  47  64  15   1   0 0.00  0.0    0 11.9 24 310   M    M   0 1      30 320
 9  62  36  49   0  16   0 0.00  0.0    0  6.2 15  60   M    M   0        21  40
10  73  39  56   7   9   0 0.00  0.0    0 10.8 23 200   M    M   5        29 200
11  85  68  77  28   0  12 0.00  0.0    0 13.8 23 220   M    M   6 8      33 220
12  78  65  72  22   0   7 0.00  0.0    0  9.2 20  50   M    M   8 8      27  50
13  65  52  59   9   6   0    T  0.0    0  9.6 17  80   M    M   8        23  80
14  57  46  52   2  13   0 1.06  0.0    0  9.7 23  70   M    M  10 13     28 290
15  63  41  52   2  13   0 0.00  0.0    0  9.2 18 330   M    M   4        22 300
16  66  31  49  -1  16   0 0.00  0.0    0  3.9 10 180   M    M   0        14 220
17  70  42  56   5   9   0    T  0.0    0  7.1 15 150   M    M   3        18 150
18  79  52  66  15   0   1 0.00  0.0    0  7.1 14 170   M    M   6 1      17 160
19  80  58  69  18   0   4 0.00  0.0    0  9.7 17 150   M    M   5 18     21 150
================================================================================
SM 1326  917       139  30  1.14     0.0 171.8          M      105
================================================================================
AV 69.8 48.3                               9.0 FASTST   M    M   6    MAX(MPH)
                                 MISC ---->  # 24 190               # 33  190
================================================================================
NOTES:
# LAST OF SEVERAL OCCURRENCES

COLUMN 17 PEAK WIND IN M.P.H.

PRELIMINARY LOCAL CLIMATOLOGICAL DATA (WS FORM: F-6) , PAGE 2

                                          STATION:  LONGVIEW
                                          MONTH:    FEBRUARY
                                          YEAR:     2017
                                          LATITUDE:   32 22 N
                                          LONGITUDE:  94 43 W

[TEMPERATURE DATA]      [PRECIPITATION DATA]       SYMBOLS USED IN COLUMN 16

AVERAGE MONTHLY: 59.0   TOTAL FOR MONTH:   1.14    1 = FOG OR MIST
DPTR FM NORMAL:   9.9   DPTR FM NORMAL:   -1.54    2 = FOG REDUCING VISIBILITY
HIGHEST:    85 ON 11    GRTST 24HR  1.06 ON 14-14      TO 1/4 MILE OR LESS
LOWEST:     31 ON 16                               3 = THUNDER
                        SNOW, ICE PELLETS, HAIL    4 = ICE PELLETS
                        TOTAL MONTH:   0.0 INCH    5 = HAIL
                        GRTST 24HR     0.0         6 = FREEZING RAIN OR DRIZZLE
                        GRTST DEPTH:   0           7 = DUSTSTORM OR SANDSTORM:
                                                       VSBY 1/2 MILE OR LESS
                                                   8 = SMOKE OR HAZE
[NO. OF DAYS WITH]      [WEATHER - DAYS WITH]      9 = BLOWING SNOW
                                                   X = TORNADO
MAX 32 OR BELOW:   0    0.01 INCH OR MORE:   2
MAX 90 OR ABOVE:   0    0.10 INCH OR MORE:   1
MIN 32 OR BELOW:   1    0.50 INCH OR MORE:   1
MIN  0 OR BELOW:   0    1.00 INCH OR MORE:   1

[HDD (BASE 65) ]
TOTAL THIS MO.   139    CLEAR  (SCALE 0-3)   5
DPTR FM NORMAL  -167    PTCLDY (SCALE 4-7)   9
TOTAL FM JUL 1  1065    CLOUDY (SCALE 8-10)  5
DPTR FM NORMAL  -724

[CDD (BASE 65) ]
TOTAL THIS MO.    30
DPTR FM NORMAL    30    [PRESSURE DATA]
TOTAL FM JAN 1    49    HIGHEST SLP M ON M
DPTR FM NORMAL    45    LOWEST  SLP 29.66 ON M

[REMARKS]
