000
CXUS55 KGGW 180800
CF6GGW
PRELIMINARY LOCAL CLIMATOLOGICAL DATA (WS FORM: F-6)

                                          STATION:   GLASGOW MT
                                          MONTH:     AUGUST
                                          YEAR:      2017
                                          LATITUDE:   48 13 N
                                          LONGITUDE: 106 37 W

  TEMPERATURE IN F:       :PCPN:    SNOW:  WIND      :SUNSHINE: SKY     :PK WND
================================================================================
1   2   3   4   5  6A  6B    7    8   9   10  11  12  13   14  15   16   17  18
                                     12Z  AVG MX 2MIN
DY MAX MIN AVG DEP HDD CDD  WTR  SNW DPTH SPD SPD DIR MIN PSBL S-S WX    SPD DR
================================================================================

 1  88  63  76   3   0  11 0.00  0.0    0 14.9 29  70   M    M   1        35  70
 2  76  54  65  -8   0   0 0.21  0.0    0 13.0 31  20   M    M   6 1      42  30
 3  78  50  64  -9   1   0 0.00  0.0    0  7.8 14 210   M    M   0        18 200
 4  82  53  68  -5   0   3    T  0.0    0 14.3 23  90   M    M   1        28  90
 5  73  53  63 -10   2   0 0.00  0.0    0 12.0 25  60   M    M   5        32  60
 6  76  52  64  -9   1   0 0.00  0.0    0  6.7 18 140   M    M   4        24 160
 7  83  51  67  -5   0   2 0.00  0.0    0  8.4 17 140   M    M   0        23 140
 8  80  55  68  -4   0   3 0.00  0.0    0  9.4 23 310   M    M   2        27 310
 9  78  50  64  -8   1   0 0.00  0.0    0  9.9 20  10   M    M   3        26 230
10  79  49  64  -8   1   0 0.00  0.0    0  6.2 14  90   M    M   0        17 210
11  80  53  67  -5   0   2    T  0.0    0 11.9 25  40   M    M   2        29  40
12  82  53  68  -4   0   3 0.00  0.0    0 10.8 21  70   M    M   2        25  60
13  83  53  68  -4   0   3 0.00  0.0    0 15.3 23 110   M    M   3 12     28 110
14  76  57  67  -4   0   2 0.05  0.0    0 12.4 20 110   M    M   3        24 110
15  83  51  67  -4   0   2 0.00  0.0    0  9.8 16 340   M    M   1 12     20 340
16  89  52  71   0   0   6 0.00  0.0    0  8.1 18 290   M    M   1        29 290
17  87  51  69  -1   0   4    T  0.0    0 11.0 24  10   M    M   1        41 350
================================================================================
SM 1373  900         6  41  0.26     0.0 181.9          M       35
================================================================================
AV 80.8 52.9                              10.7 FASTST   M    M   2    MAX(MPH)
                                 MISC ---->  # 31  20               # 42   30
================================================================================
NOTES:
# LAST OF SEVERAL OCCURRENCES

COLUMN 17 PEAK WIND IN M.P.H.

PRELIMINARY LOCAL CLIMATOLOGICAL DATA (WS FORM: F-6) , PAGE 2

                                          STATION:  GLASGOW MT
                                          MONTH:    AUGUST
                                          YEAR:     2017
                                          LATITUDE:   48 13 N
                                          LONGITUDE: 106 37 W

[TEMPERATURE DATA]      [PRECIPITATION DATA]       SYMBOLS USED IN COLUMN 16

AVERAGE MONTHLY: 66.9   TOTAL FOR MONTH:   0.26    1 = FOG OR MIST
DPTR FM NORMAL:  -5.2   DPTR FM NORMAL:   -0.48    2 = FOG REDUCING VISIBILITY
HIGHEST:    89 ON 16    GRTST 24HR  0.21 ON  2- 2      TO 1/4 MILE OR LESS
LOWEST:     49 ON 10                               3 = THUNDER
                        SNOW, ICE PELLETS, HAIL    4 = ICE PELLETS
                        TOTAL MONTH:   0.0 INCH    5 = HAIL
                        GRTST 24HR     0.0         6 = FREEZING RAIN OR DRIZZLE
                        GRTST DEPTH:   0           7 = DUSTSTORM OR SANDSTORM:
                                                       VSBY 1/2 MILE OR LESS
                                                   8 = SMOKE OR HAZE
[NO. OF DAYS WITH]      [WEATHER - DAYS WITH]      9 = BLOWING SNOW
                                                   X = TORNADO
MAX 32 OR BELOW:   0    0.01 INCH OR MORE:   2
MAX 90 OR ABOVE:   0    0.10 INCH OR MORE:   1
MIN 32 OR BELOW:   0    0.50 INCH OR MORE:   0
MIN  0 OR BELOW:   0    1.00 INCH OR MORE:   0

[HDD (BASE 65) ]
TOTAL THIS MO.     6    CLEAR  (SCALE 0-3)  11
DPTR FM NORMAL    -3    PTCLDY (SCALE 4-7)   6
TOTAL FM JUL 1     6    CLOUDY (SCALE 8-10)  0
DPTR FM NORMAL   -21

[CDD (BASE 65) ]
TOTAL THIS MO.    41
DPTR FM NORMAL   -88    [PRESSURE DATA]
TOTAL FM JAN 1   519    HIGHEST SLP M ON M
DPTR FM NORMAL    91    LOWEST  SLP 29.72 ON 14

[REMARKS]
