000
CXUS54 KFWD 230730
CF6GKY
PRELIMINARY LOCAL CLIMATOLOGICAL DATA (WS FORM: F-6)

                                          STATION:   ARLINGTON
                                          MONTH:     MAY
                                          YEAR:      2015
                                          LATITUDE:   32 39 N
                                          LONGITUDE:  97  6 W

  TEMPERATURE IN F:       :PCPN:    SNOW:  WIND      :SUNSHINE: SKY     :PK WND
================================================================================
1   2   3   4   5  6A  6B    7    8   9   10  11  12  13   14  15   16   17  18
                                     12Z  AVG MX 2MIN
DY MAX MIN AVG DEP HDD CDD  WTR  SNW DPTH SPD SPD DIR MIN PSBL S-S WX    SPD DR
================================================================================

 1  82  51  67  -2   0   2 0.00  0.0    0  3.5 14 140   M    M   1        17 130
 2  82  54  68  -2   0   3 0.00  0.0    0  6.1 17 140   M    M   1 1      23 130
 3  82  59  71   1   0   6 0.00  0.0    0  9.7 20 150   M    M   1        26 150
 4  84  66  75   5   0  10 0.00  0.0    0 12.2 21 120   M    M   2        27 110
 5  83  63  73   3   0   8 0.06  0.0    0 16.0 25 140   M    M   6 3      35 140
 6  84  70  77   6   0  12 0.37  0.0    0 14.3 22 130   M    M   8 13     27 140
 7  84  67  76   5   0  11 1.14  0.0    0 12.4 21 130   M    M   8 13     28 130
 8  86  72  79   8   0  14    T  0.0    0 11.4 26 140   M    M   8 3      37 140
 9  86  72  79   7   0  14 0.01  0.0    0 13.5 24 160   M    M   6 138    34 150
10  84  66  75   3   0  10 1.93  0.0    0  9.2 29 150   M    M   6 13     40 130
11  74  63  69  -3   0   4 0.00  0.0    0 10.7 21 360   M    M   4 1      25 350
12  73  60  67  -5   0   2 0.13  0.0    0  8.5 16  40   M    M   8 13     21  30
13  72  64  68  -5   0   3 0.41  0.0    0  9.7 17 130   M    M   9 13     22  90
14  85  66  76   3   0  11 0.00  0.0    0  9.4 20 150   M    M   7        26 130
15  79  69  74   1   0   9 0.01  0.0    0 11.8 22 160   M    M   6 3      30 160
16  88  71  80   6   0  15 0.00  0.0    0 14.6 25 150   M    M   6        34 160
17  81  67  74   0   0   9 3.86  0.0    0  8.0 18 200   M    M   3 13     25 210
18  90  66  78   4   0  13 0.00  0.0    0  6.5 21 130   M    M   1 1      27 130
19  81  73  77   3   0  12 0.13  0.0    0 11.6 22 130   M    M   8 3      28 130
20  88  66  77   2   0  12    T  0.0    0 11.4 21  10   M    M   7        26  10
21  66  58  62 -13   3   0 1.18  0.0    0 12.7 26 350   M    M  10 13     33 360
22  73  61  67  -8   0   2 0.03  0.0    0  8.0 17 100   M    M  10 1      20  90
================================================================================
SM 1787 1424         3 182  9.26     0.0 231.2          M      126
================================================================================
AV 81.2 64.7                              10.5 FASTST   M    M   6    MAX(MPH)
                                 MISC ---->  # 29 150               # 40  130
================================================================================
NOTES:
# LAST OF SEVERAL OCCURRENCES

COLUMN 17 PEAK WIND IN M.P.H.

PRELIMINARY LOCAL CLIMATOLOGICAL DATA (WS FORM: F-6) , PAGE 2

                                          STATION:  ARLINGTON
                                          MONTH:    MAY
                                          YEAR:     2015
                                          LATITUDE:   32 39 N
                                          LONGITUDE:  97  6 W

[TEMPERATURE DATA]      [PRECIPITATION DATA]       SYMBOLS USED IN COLUMN 16

AVERAGE MONTHLY: 73.0   TOTAL FOR MONTH:   9.26    1 = FOG OR MIST
DPTR FM NORMAL:   0.7   DPTR FM NORMAL:    6.02    2 = FOG REDUCING VISIBILITY
HIGHEST:    90 ON 18    GRTST 24HR  3.86 ON 17-17      TO 1/4 MILE OR LESS
LOWEST:     51 ON  1                               3 = THUNDER
                        SNOW, ICE PELLETS, HAIL    4 = ICE PELLETS
                        TOTAL MONTH:   0.0 INCH    5 = HAIL
                        GRTST 24HR     0.0         6 = FREEZING RAIN OR DRIZZLE
                        GRTST DEPTH:   0           7 = DUSTSTORM OR SANDSTORM:
                                                       VSBY 1/2 MILE OR LESS
                                                   8 = SMOKE OR HAZE
[NO. OF DAYS WITH]      [WEATHER - DAYS WITH]      9 = BLOWING SNOW
                                                   X = TORNADO
MAX 32 OR BELOW:   0    0.01 INCH OR MORE:  12
MAX 90 OR ABOVE:   1    0.10 INCH OR MORE:   8
MIN 32 OR BELOW:   0    0.50 INCH OR MORE:   4
MIN  0 OR BELOW:   0    1.00 INCH OR MORE:   4

[HDD (BASE 65) ]
TOTAL THIS MO.     3    CLEAR  (SCALE 0-3)   6
DPTR FM NORMAL    -2    PTCLDY (SCALE 4-7)  12
TOTAL FM JUL 1  2155    CLOUDY (SCALE 8-10)  4
DPTR FM NORMAL   -74

[CDD (BASE 65) ]
TOTAL THIS MO.   182
DPTR FM NORMAL    16    [PRESSURE DATA]
TOTAL FM JAN 1   336    HIGHEST SLP M ON M
DPTR FM NORMAL    32    LOWEST  SLP 29.68 ON 16

[REMARKS]
