000
CXUS54 KFWD 280730
CF6GKY
PRELIMINARY LOCAL CLIMATOLOGICAL DATA (WS FORM: F-6)

                                          STATION:   ARLINGTON
                                          MONTH:     JUNE
                                          YEAR:      2017
                                          LATITUDE:   32 39 N
                                          LONGITUDE:  97  6 W

  TEMPERATURE IN F:       :PCPN:    SNOW:  WIND      :SUNSHINE: SKY     :PK WND
================================================================================
1   2   3   4   5  6A  6B    7    8   9   10  11  12  13   14  15   16   17  18
                                     12Z  AVG MX 2MIN
DY MAX MIN AVG DEP HDD CDD  WTR  SNW DPTH SPD SPD DIR MIN PSBL S-S WX    SPD DR
================================================================================

 1  88  70  79   1   0  14    T  0.0    0  6.7 24 360   M    M   4 3      28 350
 2  84  67  76  -2   0  11 1.11  0.0    0  8.2 25 330   M    M   7 13     33 320
 3  79  68  74  -4   0   9 1.28  0.0    0  3.5 13 250   M    M   6 138    18 250
 4  87  67  77  -2   0  12 1.20  0.0    0  3.4 20 300   M    M   3 13     29 250
 5  85  68  77  -2   0  12 0.26  0.0    0  5.1 22  10   M    M   4 1238   26 360
 6  93  70  82   3   0  17 0.00  0.0    0 10.3 20  20   M    M   1        31 360
 7  89  69  79   0   0  14 0.00  0.0    0  7.8 16 340   M    M   1        20 360
 8  87  67  77  -3   0  12 0.00  0.0    0  6.2 14 130   M    M   2        17 140
 9  81  65  73  -7   0   8 0.73  0.0    0 11.8 23 150   M    M   5 13     28 330
10  88  71  80   0   0  15 0.00  0.0    0 13.1 22 130   M    M   1        27 150
11  89  72  81   1   0  16 0.00  0.0    0 13.2 21 140   M    M   2        28 150
12  91  74  83   3   0  18 0.00  0.0    0 13.3 21 130   M    M   2        26 130
13  92  76  84   4   0  19    T  0.0    0 12.7 21 150   M    M   4        30 140
14  91  77  84   3   0  19 0.00  0.0    0 12.7 21 160   M    M   4        27 170
15  93  76  85   4   0  20 0.00  0.0    0  9.8 17 150   M    M   1        24 150
16  98  76  87   6   0  22 0.00  0.0    0 11.5 21 140   M    M   0        26 150
17  93  76  85   4   0  20 0.00  0.0    0 14.4 23 140   M    M   1        30 140
18  94  78  86   5   0  21 0.00  0.0    0 12.2 20 150   M    M   3        26 150
19  91  74  83   1   0  18 0.12  0.0    0  6.6 16  90   M    M   7 13     21  90
20  93  73  83   1   0  18 0.00  0.0    0  6.7 13 100   M    M   2        17  90
21  91  67  79  -3   0  14 0.00  0.0    0  6.9 17  80   M    M   0        23  90
22  90  75  83   1   0  18 0.00  0.0    0  6.4 14 360   M    M   5        18  40
23  99  75  87   5   0  22 0.00  0.0    0  7.4 14 140   M    M   1 3      17 170
24  86  70  78  -4   0  13 1.80  0.0    0  7.1 26  50   M    M   5 13     35  70
25  86  69  78  -4   0  13 0.00  0.0    0  7.5 15 110   M    M   6        19 110
26  86  72  79  -3   0  14    T  0.0    0  6.1 12  90   M    M   5        15 120
27  91  72  82   0   0  17    T  0.0    0  7.5 22  40   M    M   3 3      27  30
================================================================================
SM 2415 1934         0 426  6.50     0.0 238.1          M       85
================================================================================
AV 89.4 71.6                               8.8 FASTST   M    M   3    MAX(MPH)
                                 MISC ---->  # 26  50               # 35   70
================================================================================
NOTES:
# LAST OF SEVERAL OCCURRENCES

COLUMN 17 PEAK WIND IN M.P.H.

PRELIMINARY LOCAL CLIMATOLOGICAL DATA (WS FORM: F-6) , PAGE 2

                                          STATION:  ARLINGTON
                                          MONTH:    JUNE
                                          YEAR:     2017
                                          LATITUDE:   32 39 N
                                          LONGITUDE:  97  6 W

[TEMPERATURE DATA]      [PRECIPITATION DATA]       SYMBOLS USED IN COLUMN 16

AVERAGE MONTHLY: 80.5   TOTAL FOR MONTH:   6.50    1 = FOG OR MIST
DPTR FM NORMAL:   0.1   DPTR FM NORMAL:    2.58    2 = FOG REDUCING VISIBILITY
HIGHEST:    99 ON 23    GRTST 24HR  2.37 ON  2- 3      TO 1/4 MILE OR LESS
LOWEST:     65 ON  9                               3 = THUNDER
                        SNOW, ICE PELLETS, HAIL    4 = ICE PELLETS
                        TOTAL MONTH:   0.0 INCH    5 = HAIL
                        GRTST 24HR     0.0         6 = FREEZING RAIN OR DRIZZLE
                        GRTST DEPTH:   0           7 = DUSTSTORM OR SANDSTORM:
                                                       VSBY 1/2 MILE OR LESS
                                                   8 = SMOKE OR HAZE
[NO. OF DAYS WITH]      [WEATHER - DAYS WITH]      9 = BLOWING SNOW
                                                   X = TORNADO
MAX 32 OR BELOW:   0    0.01 INCH OR MORE:   7
MAX 90 OR ABOVE:  14    0.10 INCH OR MORE:   7
MIN 32 OR BELOW:   0    0.50 INCH OR MORE:   5
MIN  0 OR BELOW:   0    1.00 INCH OR MORE:   4

[HDD (BASE 65) ]
TOTAL THIS MO.     0    CLEAR  (SCALE 0-3)  13
DPTR FM NORMAL     0    PTCLDY (SCALE 4-7)  14
TOTAL FM JUL 1  1502    CLOUDY (SCALE 8-10)  0
DPTR FM NORMAL  -729

[CDD (BASE 65) ]
TOTAL THIS MO.   426
DPTR FM NORMAL     8    [PRESSURE DATA]
TOTAL FM JAN 1   925    HIGHEST SLP M ON M
DPTR FM NORMAL    97    LOWEST  SLP 29.59 ON 22

[REMARKS]
