000
CXUS54 KFWD 230730
CF6GKY
PRELIMINARY LOCAL CLIMATOLOGICAL DATA (WS FORM: F-6)

                                          STATION:   ARLINGTON
                                          MONTH:     FEBRUARY
                                          YEAR:      2017
                                          LATITUDE:   32 39 N
                                          LONGITUDE:  97  6 W

  TEMPERATURE IN F:       :PCPN:    SNOW:  WIND      :SUNSHINE: SKY     :PK WND
================================================================================
1   2   3   4   5  6A  6B    7    8   9   10  11  12  13   14  15   16   17  18
                                     12Z  AVG MX 2MIN
DY MAX MIN AVG DEP HDD CDD  WTR  SNW DPTH SPD SPD DIR MIN PSBL S-S WX    SPD DR
================================================================================

 1  80  52  66  18   0   1 0.00  0.0    0 10.2 23 310   M    M   0        28 300
 2  55  41  48   0  17   0 0.00  0.0    0 13.6 20 350   M    M   7        25 340
 3  53  41  47  -1  18   0 0.00  0.0    0 10.2 17  10   M    M   7        23 350
 4  52  45  49   1  16   0 0.00  0.0    0 10.2 16 160   M    M  10 1      21 160
 5  75  49  62  14   3   0 0.00  0.0    0  9.2 18 160   M    M   5 1      25 200
 6  80  64  72  23   0   7 0.00  0.0    0 13.8 23 160   M    M   6        32 170
 7  79  51  65  16   0   0 0.00  0.0    0  7.5 16 270   M    M   0        23 270
 8  70  46  58   9   7   0 0.00  0.0    0 12.9 29 310   M    M   0        36 300
 9  60  34  47  -2  18   0 0.00  0.0    0  8.8 18 360   M    M   0        24  10
10  75  45  60  11   5   0 0.00  0.0    0 12.3 24 150   M    M   1        33 180
11  86  62  74  24   0   9 0.00  0.0    0 12.4 21 160   M    M   3        29 190
12  72  60  66  16   0   1 0.00  0.0    0 15.2 29 340   M    M   5 1      34  10
13  67  48  58   8   7   0 0.26  0.0    0 10.1 17 330   M    M  10 13     22  90
14  48  42  45  -5  20   0 1.20  0.0    0 15.6 24 320   M    M  10 13     32 300
15  59  38  49  -1  16   0 0.00  0.0    0  9.0 21 330   M    M   1        26 330
16  66  30  48  -2  17   0 0.00  0.0    0  5.0 14 140   M    M   0        18 120
17  70  46  58   7   7   0 0.00  0.0    0 12.1 23 150   M    M   1        28 150
18  80  56  68  17   0   3 0.00  0.0    0  8.0 22 160   M    M   4        27 170
19  76  54  65  14   0   0 0.00  0.0    0 11.5 22 110   M    M   6 18     27 120
20  69  50  60   8   5   0 0.60  0.0    0  7.5 32 290   M    M   6 13     42 280
21  76  48  62  10   3   0 0.00  0.0    0  8.8 21 320   M    M   1 12     27 330
22  82  41  62  10   3   0 0.00  0.0    0  5.8 16 160   M    M   0        23 140
================================================================================
SM 1530 1043       162  21  2.06     0.0 229.7          M       83
================================================================================
AV 69.6 47.4                              10.4 FASTST   M    M   4    MAX(MPH)
                                 MISC ---->  # 32 290               # 42  280
================================================================================
NOTES:
# LAST OF SEVERAL OCCURRENCES

COLUMN 17 PEAK WIND IN M.P.H.

PRELIMINARY LOCAL CLIMATOLOGICAL DATA (WS FORM: F-6) , PAGE 2

                                          STATION:  ARLINGTON
                                          MONTH:    FEBRUARY
                                          YEAR:     2017
                                          LATITUDE:   32 39 N
                                          LONGITUDE:  97  6 W

[TEMPERATURE DATA]      [PRECIPITATION DATA]       SYMBOLS USED IN COLUMN 16

AVERAGE MONTHLY: 58.5   TOTAL FOR MONTH:   2.06    1 = FOG OR MIST
DPTR FM NORMAL:   8.8   DPTR FM NORMAL:   -0.04    2 = FOG REDUCING VISIBILITY
HIGHEST:    86 ON 11    GRTST 24HR  1.46 ON 13-14      TO 1/4 MILE OR LESS
LOWEST:     30 ON 16                               3 = THUNDER
                        SNOW, ICE PELLETS, HAIL    4 = ICE PELLETS
                        TOTAL MONTH:   0.0 INCH    5 = HAIL
                        GRTST 24HR     0.0         6 = FREEZING RAIN OR DRIZZLE
                        GRTST DEPTH:   0           7 = DUSTSTORM OR SANDSTORM:
                                                       VSBY 1/2 MILE OR LESS
                                                   8 = SMOKE OR HAZE
[NO. OF DAYS WITH]      [WEATHER - DAYS WITH]      9 = BLOWING SNOW
                                                   X = TORNADO
MAX 32 OR BELOW:   0    0.01 INCH OR MORE:   3
MAX 90 OR ABOVE:   0    0.10 INCH OR MORE:   3
MIN 32 OR BELOW:   1    0.50 INCH OR MORE:   2
MIN  0 OR BELOW:   0    1.00 INCH OR MORE:   1

[HDD (BASE 65) ]
TOTAL THIS MO.   162    CLEAR  (SCALE 0-3)  11
DPTR FM NORMAL  -177    PTCLDY (SCALE 4-7)   8
TOTAL FM JUL 1  1263    CLOUDY (SCALE 8-10)  3
DPTR FM NORMAL  -554

[CDD (BASE 65) ]
TOTAL THIS MO.    21
DPTR FM NORMAL    21    [PRESSURE DATA]
TOTAL FM JAN 1    26    HIGHEST SLP M ON M
DPTR FM NORMAL    24    LOWEST  SLP 29.58 ON  8

[REMARKS]
