000
CXUS53 KGLD 220800
CF6GLD
PRELIMINARY LOCAL CLIMATOLOGICAL DATA (WS FORM: F-6)

                                          STATION:   GOODLAND KS
                                          MONTH:     OCTOBER
                                          YEAR:      2017
                                          LATITUDE:   39 22 N
                                          LONGITUDE: 101 42 W

  TEMPERATURE IN F:       :PCPN:    SNOW:  WIND      :SUNSHINE: SKY     :PK WND
================================================================================
1   2   3   4   5  6A  6B    7    8   9   10  11  12  13   14  15   16   17  18
                                     12Z  AVG MX 2MIN
DY MAX MIN AVG DEP HDD CDD  WTR  SNW DPTH SPD SPD DIR MIN PSBL S-S WX    SPD DR
================================================================================

 1  80  48  64   6   1   0 0.00  0.0    0 11.7 32 350   M    M   1 3      40 350
 2  64  44  54  -3  11   0 0.00  0.0    0 10.8 35 330   M    M   8        41 330
 3  68  48  58   1   7   0 0.00  0.0    0  9.5 21 350   M    M   8        28 360
 4  57  52  55  -1  10   0 0.31  0.0    0 11.6 20 110   M    M  10 123    25 110
 5  68  57  63   7   2   0 0.00  0.0    0  7.8 15 360   M    M  10 12     18 360
 6  66  45  56   0   9   0 0.08  0.0    0 10.4 39 330   M    M   8 123    52 330
 7  78  43  61   6   4   0 0.00  0.0    0 13.1 20 300   M    M   0        25 290
 8  69  40  55   0  10   0 0.00  0.0    0 12.6 29  30   M    M   0        40  30
 9  49  33  41 -13  24   0 0.05    T    0 18.1 32 360   M    M  10 1      39 350
10  60  31  46  -8  19   0 0.00  0.0    0  7.5 14 190   M    M   2 8      18 180
11  69  34  52  -2  13   0 0.00  0.0    0 15.3 26 180   M    M   0        36 170
12  84  38  61   8   4   0 0.00  0.0    0  8.1 18  20   M    M   0        26 360
13  66  44  55   2  10   0 0.00  0.0    0  8.8 20 340   M    M   4 12     26 320
14  63  32  48  -4  17   0 0.00  0.0    0 13.9 39 350   M    M   5 12     52 360
15  66  29  48  -4  17   0 0.00  0.0    0  7.5 15 230   M    M   0        22 310
16  78  31  55   3  10   0 0.00  0.0    0 11.3 23 190   M    M   0 8      30 180
17  80  35  58   6   7   0 0.00  0.0    0  8.5 16 220   M    M   0        21 220
18  83  43  63  12   2   0 0.00  0.0    0 10.2 24 350   M    M   0 8      32 360
19  80  34  57   6   8   0 0.00  0.0    0 12.2 24 160   M    M   0 8      33 160
20  80  52  66  16   0   1 0.00  0.0    0 16.6 29 180   M    M   0        40 170
21  62  32  47  -3  18   0 0.00  0.0    0 17.4 41 320   M    M   1        55 340
================================================================================
SM 1470  845       203   1  0.44    T    242.9          M       67
================================================================================
AV 70.0 40.2                              11.6 FASTST   M    M   3    MAX(MPH)
                                 MISC ---->  # 41 320               # 55  340
================================================================================
NOTES:
# LAST OF SEVERAL OCCURRENCES

COLUMN 17 PEAK WIND IN M.P.H.

PRELIMINARY LOCAL CLIMATOLOGICAL DATA (WS FORM: F-6) , PAGE 2

                                          STATION:  GOODLAND KS
                                          MONTH:    OCTOBER
                                          YEAR:     2017
                                          LATITUDE:   39 22 N
                                          LONGITUDE: 101 42 W

[TEMPERATURE DATA]      [PRECIPITATION DATA]       SYMBOLS USED IN COLUMN 16

AVERAGE MONTHLY: 55.1   TOTAL FOR MONTH:   0.44    1 = FOG OR MIST
DPTR FM NORMAL:   1.4   DPTR FM NORMAL:   -0.55    2 = FOG REDUCING VISIBILITY
HIGHEST:    84 ON 12    GRTST 24HR  0.31 ON  4- 4      TO 1/4 MILE OR LESS
LOWEST:     29 ON 15                               3 = THUNDER
                        SNOW, ICE PELLETS, HAIL    4 = ICE PELLETS
                        TOTAL MONTH:    T          5 = HAIL
                        GRTST 24HR    T  ON  9- 9  6 = FREEZING RAIN OR DRIZZLE
                        GRTST DEPTH:   0           7 = DUSTSTORM OR SANDSTORM:
                                                       VSBY 1/2 MILE OR LESS
                                                   8 = SMOKE OR HAZE
[NO. OF DAYS WITH]      [WEATHER - DAYS WITH]      9 = BLOWING SNOW
                                                   X = TORNADO
MAX 32 OR BELOW:   0    0.01 INCH OR MORE:   3
MAX 90 OR ABOVE:   0    0.10 INCH OR MORE:   1
MIN 32 OR BELOW:   5    0.50 INCH OR MORE:   0
MIN  0 OR BELOW:   0    1.00 INCH OR MORE:   0

[HDD (BASE 65) ]
TOTAL THIS MO.   203    CLEAR  (SCALE 0-3)  13
DPTR FM NORMAL   -41    PTCLDY (SCALE 4-7)   5
TOTAL FM JUL 1   311    CLOUDY (SCALE 8-10)  3
DPTR FM NORMAL   -57

[CDD (BASE 65) ]
TOTAL THIS MO.     1
DPTR FM NORMAL    -4    [PRESSURE DATA]
TOTAL FM JAN 1   959    HIGHEST SLP M ON M
DPTR FM NORMAL    21    LOWEST  SLP 29.38 ON 21

[REMARKS]
