000
CXUS54 KMAF 241100
CF6GNC
PRELIMINARY LOCAL CLIMATOLOGICAL DATA (WS FORM: F-6)

                                          STATION:   Gaines County Airport
                                          MONTH:     JULY
                                          YEAR:      2017
                                          LATITUDE:   32 40 N
                                          LONGITUDE: 102 39 W

  TEMPERATURE IN F:       :PCPN:    SNOW:  WIND      :SUNSHINE: SKY     :PK WND
================================================================================
1   2   3   4   5  6A  6B    7    8   9   10  11  12  13   14  15   16   17  18
                                     12Z  AVG MX 2MIN
DY MAX MIN AVG DEP HDD CDD  WTR  SNW DPTH SPD SPD DIR MIN PSBL S-S WX    SPD DR
================================================================================

 1  92  65  79   M   0  14 0.00  0.0    0 12.0 18  50   M    M   2 8      29  40
 2  93  64  79   M   0  14 0.72  0.0    0  9.2 21 360   M    M   2 8      39 360
 3  98  71  85   M   0  20 0.00  0.0    0 10.2 23 200   M    M   0 8      32 160
 4  98  67  83   M   0  18 0.04  0.0    0  9.2 18 130   M    M   1 8      27  60
 5  89  66  78   M   0  13 0.07  0.0    0  8.4 13 200   M    M   1        21  70
 6  91  65  78   M   0  13 0.00  0.0    0  4.2 15 150   M    M   1        23 140
 7  93  65  79   M   0  14 0.00  0.0    0  3.9 14 140   M    M   1        18 140
 8  94  67  81   M   0  16 0.00  0.0    0  3.7  9 140   M    M   2         M  M
 9  94  66  80   M   0  15 0.00  0.0    0  6.0 16 150   M    M   1        16 170
10  97  65  81   M   0  16 0.00  0.0    0  8.4 14 140   M    M   0        23 160
11  94  66  80   M   0  15 0.00  0.0    0 10.4 17 170   M    M   0        24 170
12  96  65  81   M   0  16 0.00  0.0    0 10.1 20 150   M    M   1        24 150
13  92  66  79   M   0  14 0.00  0.0    0  9.7 17 140   M    M   2        24 150
14  89  67  78   M   0  13 0.00  0.0    0  7.0 16 160   M    M   3        22 160
15  94  69  82   M   0  17 0.24  0.0    0  6.7 15 260   M    M   2        20 140
16  96  65  81   M   0  16 0.18  0.0    0  3.5 14 100   M    M   2        23 100
17  95  67  81   M   0  16 0.00  0.0    0  4.0 12 150   M    M   1        18 150
18  95  67  81   M   0  16 0.00  0.0    0  6.1 13 140   M    M   1        18 170
19  94  69  82   M   0  17 0.00  0.0    0  7.9 13 170   M    M   1        22 170
20  96  67  82   M   0  17 0.00  0.0    0  7.3 15 200   M    M   1        21 190
21  97  68  83   M   0  18 0.61  0.0    0  8.7 22 200   M    M   3        38 200
22  93  72  83   M   0  18 0.00  0.0    0  6.8 20 160   M    M   1        25 160
23  90  68  79   M   0  14 0.00  0.0    0  5.6 13 240   M    M   1        22 270
================================================================================
SM 2160 1537         0 360  1.86     0.0 169.0          M       30
================================================================================
AV 93.9 66.8                               7.3 FASTST   M    M   1    MAX(MPH)
                                 MISC ---->  # 23 200               # 39  360
================================================================================
NOTES:
# LAST OF SEVERAL OCCURRENCES

COLUMN 17 PEAK WIND IN M.P.H.

PRELIMINARY LOCAL CLIMATOLOGICAL DATA (WS FORM: F-6) , PAGE 2

                                          STATION:  Gaines County Airport
                                          MONTH:    JULY
                                          YEAR:     2017
                                          LATITUDE:   32 40 N
                                          LONGITUDE: 102 39 W

[TEMPERATURE DATA]      [PRECIPITATION DATA]       SYMBOLS USED IN COLUMN 16

AVERAGE MONTHLY: 80.4   TOTAL FOR MONTH:   1.86    1 = FOG OR MIST
DPTR FM NORMAL:     M   DPTR FM NORMAL:       M    2 = FOG REDUCING VISIBILITY
HIGHEST:    98 ON  4, 3 GRTST 24HR  0.72 ON  2- 2      TO 1/4 MILE OR LESS
LOWEST:     64 ON  2                               3 = THUNDER
                        SNOW, ICE PELLETS, HAIL    4 = ICE PELLETS
                        TOTAL MONTH:   0.0 INCH    5 = HAIL
                        GRTST 24HR     0.0         6 = FREEZING RAIN OR DRIZZLE
                        GRTST DEPTH:   0           7 = DUSTSTORM OR SANDSTORM:
                                                       VSBY 1/2 MILE OR LESS
                                                   8 = SMOKE OR HAZE
[NO. OF DAYS WITH]      [WEATHER - DAYS WITH]      9 = BLOWING SNOW
                                                   X = TORNADO
MAX 32 OR BELOW:   0    0.01 INCH OR MORE:   6
MAX 90 OR ABOVE:  21    0.10 INCH OR MORE:   4
MIN 32 OR BELOW:   0    0.50 INCH OR MORE:   2
MIN  0 OR BELOW:   0    1.00 INCH OR MORE:   0

[HDD (BASE 65) ]
TOTAL THIS MO.     0    CLEAR  (SCALE 0-3)  22
DPTR FM NORMAL     M    PTCLDY (SCALE 4-7)   1
TOTAL FM JUL 1     0    CLOUDY (SCALE 8-10)  0
DPTR FM NORMAL     M

[CDD (BASE 65) ]
TOTAL THIS MO.   360
DPTR FM NORMAL     M    [PRESSURE DATA]
TOTAL FM JAN 1  1081    HIGHEST SLP M ON M
DPTR FM NORMAL     M    LOWEST  SLP M ON M

[REMARKS]
