000
CXUS54 KOUN 280800
CF6GOK
PRELIMINARY LOCAL CLIMATOLOGICAL DATA (WS FORM: F-6)

                                          STATION:   GUTHRIE MUNICIPAL
                                          MONTH:     MARCH
                                          YEAR:      2015
                                          LATITUDE:   35 50 N
                                          LONGITUDE:  97 25 W

  TEMPERATURE IN F:       :PCPN:    SNOW:  WIND      :SUNSHINE: SKY     :PK WND
================================================================================
1   2   3   4   5  6A  6B    7    8   9   10  11  12  13   14  15   16   17  18
                                     12Z  AVG MX 2MIN
DY MAX MIN AVG DEP HDD CDD  WTR  SNW DPTH SPD SPD DIR MIN PSBL S-S WX    SPD DR
================================================================================

 1  36  26  31 -16  34   0 0.00  0.0    0  3.3 10  10   M    M   9 18     16  40
 2  38  24  31 -16  34   0 0.00  0.0    0  5.9 21 190   M    M   6 18     26 190
 3  57  38  48   1  17   0 0.00  0.0    0 10.9 23 190   M    M   6 18     29 190
 4  43  23  33 -15  32   0 0.03    M    0 10.2 18  20   M    M   9 18     32 360
 5  44   7  26 -22  39   0 0.00  0.0    0  4.6 12 190   M    M   0 1      17 290
 6  58  27  43  -5  22   0 0.00  0.0    0 11.0 17 200   M    M   0        29 200
 7  69  34  52   3  13   0 0.00  0.0    0  8.4 15 240   M    M   0        19 230
 8  66  47  57   8   8   0 0.00  0.0    0  7.6 13 200   M    M   6        17 190
 9  50  45  48  -1  17   0 0.44  0.0    0  4.6  9 100   M    M   9 1      12 100
10  67  43  55   5  10   0 0.00  0.0    0  3.0  8 300   M    M   5 18     11 320
11  76  38  57   7   8   0 0.00  0.0    0  3.6  9 270   M    M   0 128    12 290
12  74  42  58   8   7   0 0.00  0.0    0  5.6 14  70   M    M   0        19  80
13  63  43  53   3  12   0 0.19  0.0    0  5.7 14  70   M    M   5 18     20 350
14  69  43  56   5   9   0 0.00  0.0    0  6.5 14  20   M    M   0 1      23 340
15  74  33  54   3  11   0 0.00  0.0    0  4.7 14 200   M    M   0 1      20 160
16  79  48  64  13   1   0 0.00  0.0    0 11.6 22 210   M    M   0 1      30 210
17  67  52  60   8   5   0    T  0.0    0  9.2 17  30   M    M   0 8      26  30
18  55  47  51  -1  14   0 0.04  0.0    0  3.9  9 350   M    M  10 18     20 220
19  51  46  49  -3  16   0 0.02  0.0    0  6.3 12  50   M    M  10 12     21  50
20  59  41  50  -3  15   0 0.01  0.0    0  2.4  9  40   M    M   4 128    14  50
21  66  41  54   1  11   0 0.00  0.0    0  3.1 12 120   M    M   1 18     19 150
22  75  50  63  10   2   0 0.00  0.0    0  4.6 12 160   M    M   5 1      16 250
23  80  47  64  10   1   0 0.00  0.0    0 10.6 22 180   M    M   0        27 190
24  78  53  66  12   0   1 0.00  0.0    0 13.0 28 190   M    M   0 8      36 200
25  86  46  66  12   0   1    M  0.0    0 11.0 24  50   M    M   3 38     35 300
26  60  40  50  -4  15   0    T  0.0    0  9.9 14 350   M    M   4        31 360
27  58  41  50  -5  15   0    T  0.0    M  6.5 16  40   M    M   2 8      22  50
================================================================================
SM 1698 1065       368   2  0.73     0.0 187.7          M       94
================================================================================
AV 62.9 39.4                               7.0 FASTST   M    M   3    MAX(MPH)
                                 MISC ---->  # 28 190               # 36  200
================================================================================
NOTES:
# LAST OF SEVERAL OCCURRENCES

COLUMN 17 PEAK WIND IN M.P.H.

PRELIMINARY LOCAL CLIMATOLOGICAL DATA (WS FORM: F-6) , PAGE 2

                                          STATION:  GUTHRIE MUNICIPAL
                                          MONTH:    MARCH
                                          YEAR:     2015
                                          LATITUDE:   35 50 N
                                          LONGITUDE:  97 25 W

[TEMPERATURE DATA]      [PRECIPITATION DATA]       SYMBOLS USED IN COLUMN 16

AVERAGE MONTHLY: 51.2   TOTAL FOR MONTH:   0.73    1 = FOG OR MIST
DPTR FM NORMAL:   0.4   DPTR FM NORMAL:   -1.70    2 = FOG REDUCING VISIBILITY
HIGHEST:    86 ON 25    GRTST 24HR  0.44 ON  9- 9      TO 1/4 MILE OR LESS
LOWEST:      7 ON  5                               3 = THUNDER
                        SNOW, ICE PELLETS, HAIL    4 = ICE PELLETS
                        TOTAL MONTH:   0.0 INCH    5 = HAIL
                        GRTST 24HR     0.0         6 = FREEZING RAIN OR DRIZZLE
                        GRTST DEPTH:   0           7 = DUSTSTORM OR SANDSTORM:
                                                       VSBY 1/2 MILE OR LESS
                                                   8 = SMOKE OR HAZE
[NO. OF DAYS WITH]      [WEATHER - DAYS WITH]      9 = BLOWING SNOW
                                                   X = TORNADO
MAX 32 OR BELOW:   0    0.01 INCH OR MORE:   6
MAX 90 OR ABOVE:   0    0.10 INCH OR MORE:   2
MIN 32 OR BELOW:   5    0.50 INCH OR MORE:   0
MIN  0 OR BELOW:   0    1.00 INCH OR MORE:   0

[HDD (BASE 65) ]
TOTAL THIS MO.   368    CLEAR  (SCALE 0-3)  14
DPTR FM NORMAL   -27    PTCLDY (SCALE 4-7)   8
TOTAL FM JUL 1  3388    CLOUDY (SCALE 8-10)  5
DPTR FM NORMAL    87

[CDD (BASE 65) ]
TOTAL THIS MO.     2
DPTR FM NORMAL    -6    [PRESSURE DATA]
TOTAL FM JAN 1     2    HIGHEST SLP M ON M
DPTR FM NORMAL    -7    LOWEST  SLP 29.58 ON 25

[REMARKS]
