000
CXUS54 KOUN 230700
CF6GOK
PRELIMINARY LOCAL CLIMATOLOGICAL DATA (WS FORM: F-6)

                                          STATION:   GUTHRIE MUNICIPAL
                                          MONTH:     FEBRUARY
                                          YEAR:      2017
                                          LATITUDE:   35 50 N
                                          LONGITUDE:  97 25 W

  TEMPERATURE IN F:       :PCPN:    SNOW:  WIND      :SUNSHINE: SKY     :PK WND
================================================================================
1   2   3   4   5  6A  6B    7    8   9   10  11  12  13   14  15   16   17  18
                                     12Z  AVG MX 2MIN
DY MAX MIN AVG DEP HDD CDD  WTR  SNW DPTH SPD SPD DIR MIN PSBL S-S WX    SPD DR
================================================================================

 1  57  36  47   8  18   0 0.00  0.0    0 10.5 17  20   M    M   0        27  40
 2  38  27  33  -7  32   0 0.00  0.0    0  8.8 17  50   M    M   6        29  20
 3  43  23  33  -7  32   0 0.00  0.0    0  6.6 16  70   M    M   2        20  60
 4  55  27  41   1  24   0 0.00  0.0    0 11.6 24 200   M    M   5        31 210
 5  55  37  46   6  19   0 0.00  0.0    0  5.9 12 180   M    M   5 12     16 160
 6  76  47  62  22   3   0    T  0.0    0 13.8 28 200   M    M   4 1      36 230
 7  74  38  56  15   9   0 0.00  0.0    0  5.0 15 220   M    M   0        23 220
 8  56  27  42   1  23   0 0.00  0.0    0  9.4 18 360   M    M   0        35 340
 9  56  22  39  -2  26   0 0.00  0.0    0  8.3 20 180   M    M   0        24 180
10  78  48  63  22   2   0 0.00  0.0    0 19.2 28 200   M    M   0        36 190
11  88  59  74  32   0   9 0.00  0.0    0 11.5 25 200   M    M   0        36 200
12  61  40  51   9  14   0 0.00  0.0    0 10.0 20  40   M    M   0        30  20
13  51  39  45   3  20   0 0.77  0.0    0  4.3  9  50   M    M   9 1      12  50
14  42  40  41  -1  24   0 0.31    M    0  6.5 15 360   M    M   9 1      22  30
15  48  31  40  -3  25   0 0.00  0.0    0  5.2  7 330   M    M   0         M  M
16  68  46  57  14   8   0 0.00  0.0    0 11.8 17 200   M    M   0        27 200
17  71  45  58  15   7   0 0.00  0.0    0 10.3 17 180   M    M   0        22 170
18  69  48  59  15   6   0 0.00  0.0    0  6.0 13 100   M    M   3 18     16  90
19  75  50  63  19   2   0 1.63  0.0    0 11.5 26 290   M    M   7 138    32 290
20  65  48  57  13   8   0 0.31  0.0    0  9.2 21 110   M    M   4 13     26 110
21  72  44  58  14   7   0 0.00  0.0    0  5.3 14 350   M    M   0        19 330
22  80  42  61  16   4   0 0.00  0.0    0  8.4 18 200   M    M   0        24 200
================================================================================
SM 1378  864       313   9  3.02     0.0 199.1          M       54
================================================================================
AV 62.6 39.3                               9.1 FASTST   M    M   2    MAX(MPH)
                                 MISC ---->  # 28 200               # 36  230
================================================================================
NOTES:
# LAST OF SEVERAL OCCURRENCES

COLUMN 17 PEAK WIND IN M.P.H.

PRELIMINARY LOCAL CLIMATOLOGICAL DATA (WS FORM: F-6) , PAGE 2

                                          STATION:  GUTHRIE MUNICIPAL
                                          MONTH:    FEBRUARY
                                          YEAR:     2017
                                          LATITUDE:   35 50 N
                                          LONGITUDE:  97 25 W

[TEMPERATURE DATA]      [PRECIPITATION DATA]       SYMBOLS USED IN COLUMN 16

AVERAGE MONTHLY: 51.0   TOTAL FOR MONTH:   3.02    1 = FOG OR MIST
DPTR FM NORMAL:   9.1   DPTR FM NORMAL:    1.37    2 = FOG REDUCING VISIBILITY
HIGHEST:    88 ON 11    GRTST 24HR  1.94 ON 19-20      TO 1/4 MILE OR LESS
LOWEST:     22 ON  9                               3 = THUNDER
                        SNOW, ICE PELLETS, HAIL    4 = ICE PELLETS
                        TOTAL MONTH:   0.0 INCH    5 = HAIL
                        GRTST 24HR     0.0         6 = FREEZING RAIN OR DRIZZLE
                        GRTST DEPTH:   0           7 = DUSTSTORM OR SANDSTORM:
                                                       VSBY 1/2 MILE OR LESS
                                                   8 = SMOKE OR HAZE
[NO. OF DAYS WITH]      [WEATHER - DAYS WITH]      9 = BLOWING SNOW
                                                   X = TORNADO
MAX 32 OR BELOW:   0    0.01 INCH OR MORE:   4
MAX 90 OR ABOVE:   0    0.10 INCH OR MORE:   4
MIN 32 OR BELOW:   6    0.50 INCH OR MORE:   2
MIN  0 OR BELOW:   0    1.00 INCH OR MORE:   1

[HDD (BASE 65) ]
TOTAL THIS MO.   313    CLEAR  (SCALE 0-3)  14
DPTR FM NORMAL  -196    PTCLDY (SCALE 4-7)   6
TOTAL FM JUL 1  2209    CLOUDY (SCALE 8-10)  2
DPTR FM NORMAL  -581

[CDD (BASE 65) ]
TOTAL THIS MO.     9
DPTR FM NORMAL     9    [PRESSURE DATA]
TOTAL FM JAN 1     9    HIGHEST SLP M ON M
DPTR FM NORMAL     9    LOWEST  SLP 29.51 ON  7

[REMARKS]
