000
CXUS55 KLIX 011000
CF6GPT
PRELIMINARY LOCAL CLIMATOLOGICAL DATA (WS FORM: F-6)

                                          STATION:   GULFPORT
                                          MONTH:     JULY
                                          YEAR:      2015
                                          LATITUDE:   30 23 N
                                          LONGITUDE:  89  4 W

  TEMPERATURE IN F:       :PCPN:    SNOW:  WIND      :SUNSHINE: SKY     :PK WND
================================================================================
1   2   3   4   5  6A  6B    7    8   9   10  11  12  13   14  15   16   17  18
                                     12Z  AVG MX 2MIN
DY MAX MIN AVG DEP HDD CDD  WTR  SNW DPTH SPD SPD DIR MIN PSBL S-S WX    SPD DR
================================================================================

 1  88  72  80  -2   0  15 0.86  0.0    0  3.9 23 240   M    M   1 1      32 240
 2  88  74  81  -1   0  16    T  0.0    0  5.5 13 180   M    M   3        20 180
 3  90  78  84   2   0  19 0.00  0.0    0  5.4 15 160   M    M   1        19 160
 4  89  76  83   1   0  18    T  0.0    0  5.1 16 330   M    M   2 18     22 190
 5  84  70  77  -5   0  12 1.54  0.0    0  6.2 25  30   M    M   5 13     35  20
 6  87  70  79  -3   0  14 0.00  0.0    0  4.2 12 150   M    M   0        14 150
 7  89  78  84   2   0  19 0.00  0.0    0  6.8 15 150   M    M   1        20 140
 8  90  76  83   1   0  18 0.00  0.0    0  5.6 16 150   M    M   0        20 150
 9  92  75  84   2   0  19 0.00  0.0    0  3.8 15 130   M    M   1        17 160
10  90  77  84   2   0  19 0.00  0.0    0  4.0 14 150   M    M   2        19 150
11  93  76  85   3   0  20 0.00  0.0    0  3.1 10 230   M    M   1        14 170
12  95  78  87   5   0  22    T  0.0    0  5.1 15 350   M    M   2        20 220
13  96  77  87   5   0  22 0.00  0.0    0  5.5 14 200   M    M   1        20 210
14  94  78  86   4   0  21 0.00  0.0    0  6.0 13 190   M    M   1        19 340
15 102  79  91   9   0  26 0.00  0.0    0  6.0 16 280   M    M   1        20 280
16  95  80  88   6   0  23 0.00  0.0    0  6.9 15 310   M    M   1        21 310
17  96  74  85   3   0  20 0.94  0.0    0  7.7 36  90   M    M   3 13     45  90
18  96  75  86   4   0  21    T  0.0    0  3.0 10 180   M    M   2        14 350
19  95  76  86   4   0  21 0.21  0.0    0  3.5 23 340   M    M   2 13     28 340
20  94  76  85   3   0  20 0.06  0.0    0  2.8 21 290   M    M   1 3      26 280
21  93  78  86   4   0  21 0.00  0.0    0  4.5 13 190   M    M   1 1      20 170
22  94  78  86   4   0  21    T  0.0    0  4.5 14 230   M    M   0 3      20 250
23  96  79  88   6   0  23 0.00  0.0    0  5.7 15 310   M    M   1        20 300
24  96  77  87   5   0  22 0.06  0.0    0  6.8 21  20   M    M   2 13     28  30
25  97  75  86   3   0  21 0.12  0.0    0  4.6 22  70   M    M   2 13     33  50
26  90  73  82  -1   0  17 0.02  0.0    0  5.8 17  40   M    M   1 3      25  80
27  94  73  84   1   0  19 0.00  0.0    0  3.3 12 160   M    M   1        18 170
28  96  76  86   3   0  21 0.00  0.0    0  3.4 13 160   M    M   1        16 170
29  99  75  87   4   0  22 0.88  0.0    0  5.5 31 360   M    M   3 13     38 350
30  96  76  86   3   0  21 1.09  0.0    0  5.5 26 350   M    M   1 13     47 350
31  95  76  86   3   0  21 0.00  0.0    0  7.6 14 360   M    M   1        18 360
================================================================================
SM 2889 2351         0 614  5.78     0.0 157.3          M       45
================================================================================
AV 93.2 75.8                               5.1 FASTST   M    M   1    MAX(MPH)
                                 MISC ---->  # 36  90               # 47  350
================================================================================
NOTES:
# LAST OF SEVERAL OCCURRENCES

COLUMN 17 PEAK WIND IN M.P.H.

PRELIMINARY LOCAL CLIMATOLOGICAL DATA (WS FORM: F-6) , PAGE 2

                                          STATION:  GULFPORT
                                          MONTH:    JULY
                                          YEAR:     2015
                                          LATITUDE:   30 23 N
                                          LONGITUDE:  89  4 W

[TEMPERATURE DATA]      [PRECIPITATION DATA]       SYMBOLS USED IN COLUMN 16

AVERAGE MONTHLY: 84.5   TOTAL FOR MONTH:   5.78    1 = FOG OR MIST
DPTR FM NORMAL:   2.1   DPTR FM NORMAL:   -1.43    2 = FOG REDUCING VISIBILITY
HIGHEST:   102 ON 15    GRTST 24HR  1.78 ON 29-30      TO 1/4 MILE OR LESS
LOWEST:     70 ON  6, 5                            3 = THUNDER
                        SNOW, ICE PELLETS, HAIL    4 = ICE PELLETS
                        TOTAL MONTH:   0.0 INCH    5 = HAIL
                        GRTST 24HR     0.0         6 = FREEZING RAIN OR DRIZZLE
                        GRTST DEPTH:   0           7 = DUSTSTORM OR SANDSTORM:
                                                       VSBY 1/2 MILE OR LESS
                                                   8 = SMOKE OR HAZE
[NO. OF DAYS WITH]      [WEATHER - DAYS WITH]      9 = BLOWING SNOW
                                                   X = TORNADO
MAX 32 OR BELOW:   0    0.01 INCH OR MORE:  10
MAX 90 OR ABOVE:  25    0.10 INCH OR MORE:   7
MIN 32 OR BELOW:   0    0.50 INCH OR MORE:   5
MIN  0 OR BELOW:   0    1.00 INCH OR MORE:   2

[HDD (BASE 65) ]
TOTAL THIS MO.     0    CLEAR  (SCALE 0-3)  30
DPTR FM NORMAL     0    PTCLDY (SCALE 4-7)   1
TOTAL FM JUL 1     0    CLOUDY (SCALE 8-10)  0
DPTR FM NORMAL     0

[CDD (BASE 65) ]
TOTAL THIS MO.   614
DPTR FM NORMAL    76    [PRESSURE DATA]
TOTAL FM JAN 1  1743    HIGHEST SLP 30.22 ON  5
DPTR FM NORMAL   309    LOWEST  SLP 29.82 ON 14

[REMARKS]
#FINAL-07-15#
