000
CXUS53 KGRB 270653
CF6GRB
PRELIMINARY LOCAL CLIMATOLOGICAL DATA (WS FORM: F-6)

                                          STATION:   GREEN BAY WI
                                          MONTH:     JUNE
                                          YEAR:      2017
                                          LATITUDE:   44 28 N
                                          LONGITUDE:  88  8 W

  TEMPERATURE IN F:       :PCPN:    SNOW:  WIND      :SUNSHINE: SKY     :PK WND
================================================================================
1   2   3   4   5  6A  6B    7    8   9   10  11  12  13   14  15   16   17  18
                                     12Z  AVG MX 2MIN
DY MAX MIN AVG DEP HDD CDD  WTR  SNW DPTH SPD SPD DIR MIN PSBL S-S WX    SPD DR
================================================================================

 1  79  44  62   2   3   0 0.00  0.0    0  5.4 17 300   M    M   1        22 290
 2  84  50  67   6   0   2 0.00  0.0    0  5.3 17 140   M    M   1        21 150
 3  82  58  70   9   0   5 0.49  0.0    0  8.3 33 280   M    M   1 138    40 280
 4  86  63  75  14   0  10 0.00  0.0    0  9.5 18 310   M    M   1 1      24 290
 5  74  53  64   2   1   0    T  0.0    0 11.5 22  60   M    M   4 1      30  40
 6  75  49  62   0   3   0 0.00  0.0    0  7.8 17  50   M    M   0        24  50
 7  79  50  65   3   0   0 0.00  0.0    0  3.9 13 160   M    M   1        15 160
 8  81  53  67   4   0   2 0.19  0.0    0  7.5 23 340   M    M   1 13     28 350
 9  76  58  67   4   0   2 0.00  0.0    0  8.4 16  20   M    M   3        20  30
10  88  60  74  11   0   9 0.00  0.0    0 14.2 28 200   M    M   1        44 200
11  84  71  78  14   0  13 0.00  0.0    0  8.0 18 350   M    M   3        25 350
12  85  67  76  12   0  11 0.60  0.0    0  9.5 30 270   M    M   7 13     38 270
13  76  62  69   5   0   4 0.03  0.0    0  8.1 29 100   M    M   4        36 110
14  83  62  73   9   0   8 0.46  0.0    0  9.0 40 210   M    M   2 138    53 210
15  87  62  75  10   0  10 0.00  0.0    0  6.3 24 270   M    M   2 12     32 240
16  85  61  73   8   0   8 0.08  0.0    0  6.8 29 320   M    M   2 13     38 310
17  85  65  75  10   0  10    T  0.0    0  4.7 14 250   M    M   4 3      18 260
18  74  60  67   1   0   2 0.43  0.0    0 12.4 28 290   M    M   7 1      36 270
19  74  57  66   0   0   1 0.22  0.0    0  9.0 24 310   M    M   6 13     30 320
20  72  54  63  -3   2   0 0.01  0.0    0  6.9 18 290   M    M   3        22 270
21  77  52  65  -1   0   0    T  0.0    0  5.5 14 180   M    M   1 13     17 210
22  77  61  69   2   0   4 0.56  0.0    0  7.6 20 290   M    M   5 13     28 280
23  78  60  69   2   0   4 0.01  0.0    0  9.4 24 260   M    M   2 13     30 280
24  71  54  63  -4   2   0    T  0.0    0 12.4 24 290   M    M   7        30 280
25  71  53  62  -5   3   0 0.03  0.0    0 11.0 24 270   M    M   6 1      30 290
26  63  50  57 -11   8   0 0.33  0.0    0  9.8 21 290   M    M   4 18     25 290
================================================================================
SM 2046 1489        22 105  3.44     0.0 218.2          M       79
================================================================================
AV 78.7 57.3                               8.4 FASTST   M    M   3    MAX(MPH)
                                 MISC ---->  # 40 210               # 53  210
================================================================================
NOTES:
# LAST OF SEVERAL OCCURRENCES

COLUMN 17 PEAK WIND IN M.P.H.

PRELIMINARY LOCAL CLIMATOLOGICAL DATA (WS FORM: F-6) , PAGE 2

                                          STATION:  GREEN BAY WI
                                          MONTH:    JUNE
                                          YEAR:     2017
                                          LATITUDE:   44 28 N
                                          LONGITUDE:  88  8 W

[TEMPERATURE DATA]      [PRECIPITATION DATA]       SYMBOLS USED IN COLUMN 16

AVERAGE MONTHLY: 68.0   TOTAL FOR MONTH:   3.44    1 = FOG OR MIST
DPTR FM NORMAL:   3.8   DPTR FM NORMAL:    0.06    2 = FOG REDUCING VISIBILITY
HIGHEST:    88 ON 10    GRTST 24HR  0.60 ON 12-12      TO 1/4 MILE OR LESS
LOWEST:     44 ON  1                               3 = THUNDER
                        SNOW, ICE PELLETS, HAIL    4 = ICE PELLETS
                        TOTAL MONTH:   0.0 INCH    5 = HAIL
                        GRTST 24HR     0.0         6 = FREEZING RAIN OR DRIZZLE
                        GRTST DEPTH:   0           7 = DUSTSTORM OR SANDSTORM:
                                                       VSBY 1/2 MILE OR LESS
                                                   8 = SMOKE OR HAZE
[NO. OF DAYS WITH]      [WEATHER - DAYS WITH]      9 = BLOWING SNOW
                                                   X = TORNADO
MAX 32 OR BELOW:   0    0.01 INCH OR MORE:  13
MAX 90 OR ABOVE:   0    0.10 INCH OR MORE:   8
MIN 32 OR BELOW:   0    0.50 INCH OR MORE:   2
MIN  0 OR BELOW:   0    1.00 INCH OR MORE:   0

[HDD (BASE 65) ]
TOTAL THIS MO.    22    CLEAR  (SCALE 0-3)  15
DPTR FM NORMAL   -65    PTCLDY (SCALE 4-7)  11
TOTAL FM JUL 1  6409    CLOUDY (SCALE 8-10)  0
DPTR FM NORMAL -1541

[CDD (BASE 65) ]
TOTAL THIS MO.   105
DPTR FM NORMAL    39    [PRESSURE DATA]
TOTAL FM JAN 1   113    HIGHEST SLP M ON M
DPTR FM NORMAL    29    LOWEST  SLP 29.44 ON 18

[REMARKS]
